--
-- Host: localhost    Database: d7_symfony_main
-- ------------------------------------------------------


--
-- Table structure for table `article`
--

CREATE TABLE `article` (
  `id` int(11) NOT NULL AUTO_INCREMENT,
  `title` varchar(255) NOT NULL,
  `content` longtext DEFAULT NULL,
  `published_at` datetime NOT NULL,
  `unpublished_at` datetime DEFAULT NULL,
  `article_category_id` int(11) DEFAULT NULL,
  `author_id` int(11) DEFAULT NULL,
  `last_author_id` int(11) DEFAULT NULL,
  `created_at` datetime NOT NULL,
  `updated_at` datetime NOT NULL,
  `active` tinyint(1) NOT NULL,
  `slug` varchar(255) NOT NULL,
  `cover` varchar(255) NOT NULL,
  `menu_link_id` int(11) DEFAULT NULL,
  `readmore_title1` varchar(255) DEFAULT NULL,
  `readmore_image1` varchar(255) DEFAULT NULL,
  `readmore_link1` varchar(255) DEFAULT NULL,
  `readmore_title2` varchar(255) DEFAULT NULL,
  `readmore_image2` varchar(255) DEFAULT NULL,
  `readmore_link2` varchar(255) DEFAULT NULL,
  `quote_category_id` int(11) DEFAULT NULL,
  `readmore_title3` varchar(255) DEFAULT NULL,
  `readmore_image3` varchar(255) DEFAULT NULL,
  `readmore_link3` varchar(255) DEFAULT NULL,
  `readmore_title4` varchar(255) DEFAULT NULL,
  `readmore_image4` varchar(255) DEFAULT NULL,
  `readmore_link4` varchar(255) DEFAULT NULL,
  PRIMARY KEY (`id`),
  KEY `IDX_23A0E6688C5F785` (`article_category_id`),
  KEY `IDX_23A0E66F675F31B` (`author_id`),
  KEY `IDX_23A0E66E1BA2C1D` (`last_author_id`),
  KEY `IDX_23A0E664E45A09C` (`quote_category_id`),
  CONSTRAINT `FK_23A0E664E45A09C` FOREIGN KEY (`quote_category_id`) REFERENCES `quote_category` (`id`),
  CONSTRAINT `FK_23A0E6688C5F785` FOREIGN KEY (`article_category_id`) REFERENCES `article_category` (`id`),
  CONSTRAINT `article_ibfk_1` FOREIGN KEY (`last_author_id`) REFERENCES `user` (`id`) ON DELETE SET NULL,
  CONSTRAINT `article_ibfk_2` FOREIGN KEY (`author_id`) REFERENCES `user` (`id`) ON DELETE SET NULL
) ENGINE=InnoDB AUTO_INCREMENT=45 DEFAULT CHARSET=utf8mb4 COLLATE=utf8mb4_unicode_ci;

--
-- Dumping data for table `article`
--

INSERT INTO `article` VALUES (7,'Conseil Aidant : penser à soi en tant qu\'aidant','<p><img alt=\"\" src=\"/uploads/images/PFR92/fiche%20POST%20CDA%20penser%20%C3%A0%20soi%20en%20tant%20qu\'aidant.jpg\" style=\"width: 849px; height: 1200px;\" /></p>','2024-01-15 12:00:00',NULL,2,28,11,'2024-01-15 14:28:53','2024-10-04 14:13:44',1,'conseil-aidant-','/uploads/images/Aidant3.jpg',NULL,NULL,NULL,NULL,NULL,NULL,NULL,NULL,NULL,NULL,NULL,NULL,NULL,NULL),(8,'Fête des familles','<p>Chaque ann&eacute;e, nous invitons les familles de nos r&eacute;sidents &agrave; se joindre &agrave; nous pour f&ecirc;ter No&euml;l. Cela nous permet de nous retrouver autour d&#39;un artiste et d&#39;un go&ucirc;ter pour un bon moment de convivialit&eacute;.&nbsp;</p>\r\n\r\n<p>Cette ann&eacute;e nous avons re&ccedil;u Daria, chanteuse lyrique, accompagn&eacute;e de son pianiste, L&eacute;onid Karev, qui est aussi l&#39;aidant principal d&#39;une r&eacute;sidente que nous accueillons.</p>\r\n\r\n<p>Nous avons assist&eacute; &agrave; un merveilleux concert, puis nous avons partag&eacute; un go&ucirc;ter de No&euml;l au milieu d&#39;un centre d&eacute;cor&eacute; pour l&#39;occasion par les r&eacute;sidents. Ces rencontres permettent de renforcer les liens avec les proches des personnes accueillies et permettent aux aidants de voir les activit&eacute;s r&eacute;alis&eacute;es par leur proche au sein de l&#39;accueil de jour. C&#39;est aussi l&#39;occasion pour eux de rencontrer les &eacute;quipes de l&#39;accueil de jour et de la plateforme d&#39;accompagnement des aidants.</p>','2023-12-21 14:30:00',NULL,5,26,11,'2024-01-22 11:50:53','2025-05-06 16:51:02',1,'fete-des-familles-noel-2023','/uploads/images/IMG-CP19.jpg',NULL,NULL,NULL,NULL,NULL,NULL,NULL,NULL,NULL,NULL,NULL,NULL,NULL,NULL),(10,'Delta 7 remporte le 1er Prix de l\'Innovation de l\'Union Belge','<p>Delta 7 est tr&egrave;s honor&eacute;e d&rsquo;avoir re&ccedil;u ce prix organis&eacute; en partenariat avec le G&eacute;rontop&ocirc;le d&rsquo;Ile-de-France au sein de la tr&egrave;s belle r&eacute;sidence de l&rsquo;Ambassadeur de Belgique.</p>\r\n\r\n<p>Gr&acirc;ce &agrave; ce prix, nous allons pouvoir acqu&eacute;rir la Tovertafel au sein de notre accueil de jour de Villejuif et proposer &agrave; nos r&eacute;sidents des moments de partage autour des seriousgame pour favoriser le renforcement du lien social.</p>','2023-06-12 09:54:00',NULL,6,8,11,'2024-04-09 09:57:20','2025-05-06 16:55:40',1,'delta-7-remporte-le-1er-prix-de-l-innovation-de-l-union-belge','/uploads/images/Union%20Belge.png',NULL,NULL,NULL,NULL,NULL,NULL,NULL,NULL,NULL,NULL,NULL,NULL,NULL,NULL),(12,'Vote Conseil de Vie Sociale','<p>Le Conseil de Vie Sociale (CVS) est un lieu d&#39;&eacute;changes et de rencontres. Il permet d&#39;entendre la voix, &agrave; la fois des r&eacute;sidents et des salari&eacute;s. Chez Casa 18, nous avons proc&eacute;d&eacute; au vote le 3 mai 2024, le scrutin &eacute;tait serr&eacute; mais le vote s&#39;est d&eacute;roul&eacute; dans une ambiance conviviale et chaleureuse !</p>','2024-05-23 11:33:00',NULL,3,33,11,'2024-05-23 11:37:14','2025-05-06 16:52:57',1,'vote-conseil-de-vie-sociale-','/uploads/images/IMG_1876.jpeg',NULL,NULL,'/uploads/images/Casa18/IMG_1875.jpeg',NULL,NULL,'/uploads/images/Casa18/IMG_1874.jpeg',NULL,NULL,NULL,NULL,NULL,NULL,NULL,NULL),(13,'Delta 7 s’engage pour toucher les salariés aidants en  entreprise','<p>Delta 7 &eacute;tait pr&eacute;sente &agrave; la 57&egrave;me convention de l&rsquo;AMARC, association pour le management de la r&eacute;clamation client afin de sensibiliser Directeurs g&eacute;n&eacute;raux, Directeurs des Ressourses Humaines, et Directeurs des Affaires Financi&egrave;res au statut d&rsquo;aidant de leurs salari&eacute;s. La France compte d&eacute;j&agrave; 11 millions d&rsquo;aidants et un aidant passe en moyenne 10 h 30 par semaine &agrave; aider son proche. En 2030, 1 salari&eacute; sur 4 sera aidant. Il est donc temps d&rsquo;agir ! Et prendre soin des aidants est bien plus qu&rsquo;un simple enjeu RSE, c&rsquo;est une belle opportunit&eacute; de rester &agrave; hauteur d&rsquo;homme !</p>\r\n\r\n<p><img alt=\"\" src=\"/uploads/images/RM_57eAMARC.png\" style=\"width: 838px; height: 558px;\" /></p>','2023-05-10 10:00:00',NULL,2,8,11,'2024-06-10 12:01:21','2025-05-06 16:58:09',1,'salarie-entreprise','/uploads/images/amarcok.png',NULL,NULL,NULL,NULL,NULL,NULL,NULL,NULL,NULL,NULL,NULL,NULL,NULL,NULL),(14,'Journée Nationale des Aidants,  visite de la Ministre déléguée chargée de l’Autonomie','<p>&quot;Aidants, vous n&rsquo;&ecirc;tes pas seuls.&quot;</p>\r\n\r\n<p>Cette phrase lourde de sens et charg&eacute;e d&rsquo;&eacute;motion, prononc&eacute;e par Mme Brigitte Bourguignon, Ministre d&eacute;l&eacute;gu&eacute;e charg&eacute;e de l&rsquo;Autonomie, le 6 octobre 2021, lors de sa venue dans notre centre Aidant/aid&eacute; de Villejuif, r&eacute;v&egrave;le encore une fois la dure r&eacute;alit&eacute; du quotidien des aidants, confront&eacute;s &agrave; l&rsquo;isolement et &agrave; l&rsquo;&eacute;puisement.</p>\r\n\r\n<p><img alt=\"\" src=\"/uploads/images/BBMinAutonomie.jpg\" style=\"width: 300px; height: 300px;\" /></p>','2021-10-06 10:00:00',NULL,2,8,11,'2024-06-10 12:13:43','2025-05-06 17:02:17',1,'ministre-autonomie','/uploads/images/JNA21.jpeg',NULL,NULL,NULL,NULL,NULL,NULL,NULL,NULL,NULL,NULL,NULL,NULL,NULL,NULL),(15,'Crise sanitaire COVID-19, dès le premier confinement Delta 7 se mobilise','<p style=\"text-align: justify;\">&Agrave; la suite de la fermeture des quatre accueils de jour Casa Delta 7 impos&eacute;e par l&rsquo;&eacute;pid&eacute;mie de Covid 19, l&#39;association Delta 7 propose, d&egrave;s le 23 mars 2020, gratuitement sur sa TV en ligne : www.canaldelta7.org, un programme d&rsquo;activit&eacute;s sous forme de vid&eacute;os r&eacute;alis&eacute;es par les soignants de ses &eacute;tablissements. Il est diffus&eacute; quotidiennement selon le rythme habituel d&rsquo;un accueil de jour comprenant des ateliers m&eacute;moire, de motricit&eacute;, de nutrition, des activit&eacute;s ludiques ou encore des s&eacute;ances de m&eacute;ditation pleine conscience. Des vid&eacute;os sp&eacute;cifiques sont &eacute;galement propos&eacute;es aux aidants pour favoriser leur interaction avec leurs proches. En effet, le confinement au domicile des personnes affect&eacute;es par la maladie d&#39;Alzheimer acc&eacute;l&egrave;re la perte de capacit&eacute;s et aggrave les troubles du comportement comme la d&eacute;ambulation. Un programme quotidien &ldquo;Restez en forme&rdquo; est aussi propos&eacute; aux seniors n&rsquo;ayant pas de trouble cognitif. Ce sont pr&egrave;s de 12 000 utilisateurs qui ont b&eacute;n&eacute;fici&eacute; de ce programme quotidien contre les risques li&eacute;s au confinement des personnes &acirc;g&eacute;es. Un grand merci &agrave; la Fondation M&eacute;d&eacute;ric Alzheimer et &agrave; la Fondation de France pour leur soutien et leur reconnaissance de ce travail qui est par ailleurs cit&eacute; en annexe dans le plan de mobilisation nationale contre l&#39;isolement propos&eacute; par J&eacute;r&ocirc;me GUEDJ. Enfin, l&rsquo;association Delta 7 participe &agrave; l&rsquo;&eacute;quipement num&eacute;rique des r&eacute;sidents confin&eacute;s en chambre dans les structures comme les EHPAD, r&eacute;sidence autonomie&hellip; gr&acirc;ce &agrave; une mise &agrave; disposition gracieuse de pr&egrave;s de 300 tablettes num&eacute;riques iPads sp&eacute;cialement param&eacute;tr&eacute;es pour simplifier la communication avec les proches et acc&eacute;der &agrave; des actions de pr&eacute;vention connect&eacute;es. L&rsquo;objectif : favoriser le lien social et l&rsquo;autonomie.</p>\r\n\r\n<p style=\"text-align: justify;\"><img alt=\"\" src=\"/uploads/images/tabletted7.jpg\" /></p>','2020-03-15 10:00:00',NULL,1,8,11,'2024-06-10 12:25:41','2025-05-06 17:01:04',1,'crise-sanitaire-covid-19-des-le-premier-confinement-delta-7-se-mobilise','/uploads/images/tabletted7.jpg',NULL,NULL,NULL,NULL,NULL,NULL,NULL,NULL,NULL,NULL,NULL,NULL,NULL,NULL),(17,'Visite d’une délégation chinoise à l’accueil de jour','<p style=\"text-align: justify;\">Dans le cadre de la formation franco-chinoise &agrave; la psychomotricit&eacute; port&eacute;e par l&rsquo;ISRP, le centre d&rsquo;accueil de jour Casa Delta 7 - Paris 17e a &eacute;t&eacute; retenu comme centre d&rsquo;int&eacute;r&ecirc;t pour une visite de terrain des &eacute;tudiants chinois.<br />\r\nLa d&eacute;l&eacute;gation, principalement compos&eacute;e de m&eacute;decins chinois, a pu &eacute;changer avec les professionnels, mais &eacute;galement participer &agrave; des ateliers de psychomotricit&eacute; pour bien en comprendre les enjeux et en cerner la pratique.</p>\r\n\r\n<p style=\"text-align: justify;\"><img alt=\"\" src=\"/uploads/images/delegation%20chinoise.jpg\" style=\"width: 1280px; height: 960px;\" /></p>','2019-07-19 10:00:00',NULL,4,8,11,'2024-06-10 12:32:07','2024-10-04 13:57:39',1,'visite-d-une-delegation-chinoise-a-l-accueil-de-jour','/uploads/images/delegation%20chinoise.jpg',NULL,NULL,NULL,NULL,NULL,NULL,NULL,NULL,NULL,NULL,NULL,NULL,NULL,NULL),(18,'Delta 7 reçoit l’Université d’Alabama','<p style=\"text-align: justify;\">Delta 7 est fi&egrave;re d&rsquo;avoir &eacute;t&eacute; s&eacute;lectionn&eacute;e par l&rsquo;Universit&eacute; d&rsquo;Alabama comme site d&rsquo;int&eacute;r&ecirc;t dans le cadre de son voyage d&rsquo;&eacute;tude en France sur notre syst&egrave;me de sant&eacute;. Au programme, une pr&eacute;sentation et des &eacute;changes sur le th&egrave;me &ldquo;Innovation &amp; Geriatrics in France&rdquo; (innovation et g&eacute;riatrie en France). Les structures suivantes ont notamment &eacute;t&eacute; pr&eacute;sent&eacute;es : G&eacute;rond&rsquo;if, Silver Valley, Fondation Korian, Futur&acirc;ge&hellip; sans oublier Delta 7 !<br />\r\nLes 17 participants, tous exp&eacute;riment&eacute;s dans le secteur de la sant&eacute; am&eacute;ricain, ont manifest&eacute; un grand int&eacute;r&ecirc;t pour le sujet.</p>\r\n\r\n<p style=\"text-align: justify;\"><img alt=\"\" src=\"/uploads/images/universite%20alabama.jpg\" style=\"width: 1600px; height: 746px;\" /></p>','2019-03-18 10:00:00',NULL,1,8,11,'2024-06-10 12:34:17','2025-05-06 16:59:15',1,'universite-alabama','/uploads/images/universite%20alabama.jpg',NULL,NULL,NULL,NULL,NULL,NULL,NULL,NULL,NULL,NULL,NULL,NULL,NULL,NULL),(19,'Présentation des projets d’inclusion  numérique pour les seniors de Delta 7  au Ministre du Numérique','<p>Sur l&#39;invitation de la CNAV &Icirc;le-de-France, Delta 7 a eu l&#39;occasion de pr&eacute;senter ses projet d&#39;inclusion num&eacute;rique en faveur des seniors &agrave; Mounir Mahjoubi, Ministre du Num&eacute;rique.</p>\r\n\r\n<p><img alt=\"\" src=\"/uploads/images/MMMinNumerique.jpg\" /></p>','2018-10-11 10:00:00',NULL,7,8,11,'2024-06-10 12:36:35','2025-05-06 16:17:56',1,'presentation-des-projets-d-inclusion-numerique-pour-les-seniors-de-delta-7-au-ministre-du-numerique','/uploads/images/MMMinNumerique.jpg',NULL,NULL,NULL,NULL,NULL,NULL,NULL,NULL,NULL,NULL,NULL,NULL,NULL,NULL),(20,'Sur les traces de Louis XIV : nos résidents de Casa Paris 18ème à la découverte de Marly-le-Roi et Versailles','<p>En ce 10 juillet 2024, les r&eacute;sidents et l&#39;&eacute;quipe de notre accueil de jour ont pass&eacute; la matin&eacute;e au domaine national de Marly-le-Roi, avec au programme : balade, d&eacute;couverte, quiz et pique-nique.<br />\r\nCe splendide domaine ayant servi de lieu de vill&eacute;giature pour Louis XIV a permis d&#39;introduire parfaitement&nbsp;leur visite pr&eacute;vue l&#39;apr&egrave;s-midi au Ch&acirc;teau de Versailles. Plus de deux heures de d&eacute;couverte m&ecirc;lant histoire, art et faits insolites au travers des diff&eacute;rentes pi&egrave;ces du ch&acirc;teau.</p>\r\n\r\n<p>Une tr&egrave;s belle journ&eacute;e de culture et de partage pour nos r&eacute;sidents de Casa Paris 18&egrave;me et toute l&#39;&eacute;quipe qui les accompagne au quotidien !</p>\r\n\r\n<p><img alt=\"\" src=\"/uploads/images/Light%20Blue%20White%20Clean%20Grid%20Family%20Photo%20Collage.jpg\" style=\"width: 1500px; height: 1200px;\" /></p>','2024-07-11 15:43:00',NULL,3,8,11,'2024-08-12 01:05:50','2025-05-06 16:54:31',1,'casa18-versailles','/uploads/images/Light%20Blue%20White%20Clean%20Grid%20Family%20Photo%20Collage.jpg',NULL,NULL,'/uploads/images/14-Livret_Accueil_CP19_2022.png',NULL,NULL,NULL,NULL,NULL,NULL,NULL,NULL,NULL,NULL,NULL),(22,'Semaine bleue : retour sur le géocaching sur la thématique « Bouger pour entretenir la flamme »🔥','<p style=\"text-align: justify;\">Lors de la semaine bleue d&#39;octobre 2024, nous avons r&eacute;alis&eacute; un g&eacute;ocaching financ&eacute; par l&#39;<a data-test-app-aware-link=\"\" href=\"https://www.linkedin.com/company/agirc-arrco/\" target=\"_self\">Agirc-Arrco</a> et en partenariat avec l&#39;Espace Seniors de la <a data-test-app-aware-link=\"\" href=\"https://www.linkedin.com/company/ville-de-sevres/\" target=\"_self\">Ville de S&egrave;vres</a> et <a data-test-app-aware-link=\"\" href=\"https://www.linkedin.com/company/scsseniors/\" target=\"_self\">Service Civique Solidarit&eacute; Seniors </a>. Ce jeu de piste s&#39;est d&eacute;roul&eacute; aux alentours du parc nautique et dans le parc de Saint-Cloud ; deux tr&egrave;s beaux endroits que nous vous invitons fortement &agrave; d&eacute;couvrir ! 🌳 🚣&zwj;♀️<br />\r\n<br />\r\nLes participants ont r&eacute;solu de multiples &eacute;nigmes dont certaines sur la ville de S&egrave;vres, sur le vase troph&eacute;e de la <a data-test-app-aware-link=\"\" href=\"https://www.linkedin.com/company/manufacture-nationale-de-s%C3%A8vres/\" target=\"_self\">Manufacture Nationale de S&egrave;vres</a> et sur la th&eacute;matique de la pr&eacute;vention avec l&#39;activit&eacute; physique. 👟<br />\r\n<br />\r\nUn grand merci &agrave; l&#39;<a data-test-app-aware-link=\"\" href=\"https://www.linkedin.com/company/agirc-arrco/\" target=\"_self\">Agirc-Arrco</a> pour le soutien de cette action en faveur des seniors et &agrave; nos partenaires <a data-test-app-aware-link=\"\" href=\"https://www.linkedin.com/company/ville-de-sevres/\" target=\"_self\">Ville de S&egrave;vres</a> <a data-test-app-aware-link=\"\" href=\"https://www.linkedin.com/company/scsseniors/\" target=\"_self\">Service Civique Solidarit&eacute; Seniors </a>pour l&#39;organisation et la r&eacute;alisation de cette belle action.</p>\r\n\r\n<p><img alt=\"\" src=\"/uploads/images/geocaching%20semaine%20bleue.jpeg\" style=\"width: 700px; height: 525px;\" />&nbsp; &nbsp; &nbsp; &nbsp; &nbsp; &nbsp; &nbsp; &nbsp; &nbsp;<img alt=\"\" src=\"/uploads/images/geocaching%20semaine%20bleue3.jpeg\" style=\"width: 500px; height: 667px;\" /><br />\r\n&nbsp;</p>','2024-10-07 10:00:00',NULL,7,8,11,'2024-11-05 15:03:45','2025-05-06 16:18:55',1,'semaine-bleue-retour-sur-le-geocaching-sur-la-thematique-bouger-pour-entretenir-la-flamme-','/uploads/images/geocaching%20semaine%20bleue2.jpeg',NULL,NULL,NULL,NULL,NULL,NULL,NULL,NULL,NULL,NULL,NULL,NULL,NULL,NULL),(23,'Semaine de la dénutrition 2024','<p style=\"text-align: justify;\">🔎🥕 Dans le cadre de la semaine de la d&eacute;nutrition nos accueils de jour de Villejuif et du 17&egrave;me et 18&egrave;me arrondissement de Paris ont accueilli ce mercredi les &eacute;tudiants de 1&egrave;re et 3&egrave;me ann&eacute;e de di&eacute;t&eacute;tique de l&rsquo;<a data-test-app-aware-link=\"\" href=\"https://www.linkedin.com/company/iutcreteilvitry-upec/\" target=\"_self\">IUT de Cr&eacute;teil-Vitry - UPEC</a> pour une apr&egrave;s-midi riche en informations.<br />\r\nNos r&eacute;sidents ont pu explorer diff&eacute;rents aspects de la nutrition au travers d&rsquo;ateliers interactifs et de discussions anim&eacute;es par les &eacute;tudiants, favorisant ainsi une sensibilisation conviviale et p&eacute;dagogique.<br />\r\n<br />\r\n👩&zwj;🍳 👨&zwj;🍳 Afin de poursuivre dans cette belle dynamique, certains de nos r&eacute;sidents ont &eacute;t&eacute; accueillis vendredi apr&egrave;s-midi au sein de l&#39;IUT de Cr&eacute;teil-Vitry. Nous tenons &agrave; remercier tout particuli&egrave;rement <a href=\"https://www.linkedin.com/in/elodie-argentieri-3817057a/\" id=\"ember2826\">Elodie Argentieri</a> ainsi que les &eacute;l&egrave;ves de 3&egrave;me ann&eacute;e de di&eacute;t&eacute;tique, pour leur accueil chaleureux. Cet apr&egrave;s-midi a &eacute;t&eacute; riche en &eacute;changes et en d&eacute;couvertes, nos s&eacute;niors ont pu concoct&eacute;s avec l&rsquo;aide des &eacute;tudiants un cake sal&eacute; aux &eacute;pinards, un Dahl de lentilles corail et une tarte normande.</p>\r\n\r\n<p style=\"text-align: justify;\">Une belle exp&eacute;rience pour tous !</p>\r\n\r\n<p style=\"text-align: justify;\"><img alt=\"\" src=\"/uploads/images/1731936368086.jpg\" style=\"width: 400px; height: 600px;\" />&nbsp; &nbsp; &nbsp; &nbsp; &nbsp; &nbsp; &nbsp; &nbsp; &nbsp; &nbsp; &nbsp; &nbsp; &nbsp; &nbsp; &nbsp; &nbsp; &nbsp; &nbsp; &nbsp; &nbsp; &nbsp; &nbsp; &nbsp; &nbsp; &nbsp; &nbsp; &nbsp; &nbsp; &nbsp; &nbsp; &nbsp; &nbsp; &nbsp; &nbsp; &nbsp; &nbsp; &nbsp; &nbsp; &nbsp; &nbsp; &nbsp; &nbsp; &nbsp; &nbsp; &nbsp; &nbsp; &nbsp; &nbsp; &nbsp; &nbsp; &nbsp; &nbsp; &nbsp; &nbsp; &nbsp; &nbsp; &nbsp; &nbsp; &nbsp; &nbsp; &nbsp; &nbsp; &nbsp; &nbsp; &nbsp; &nbsp; &nbsp; &nbsp; &nbsp; &nbsp;<img alt=\"\" src=\"/uploads/images/1731936371579.jpg\" style=\"width: 400px; height: 600px;\" /></p>','2024-11-18 10:00:00',NULL,4,8,11,'2024-11-29 10:04:59','2025-05-20 19:37:14',1,'semaine-denutrition-2024','/uploads/images/20241115_151324.jpg',NULL,NULL,NULL,NULL,NULL,NULL,NULL,NULL,NULL,NULL,NULL,NULL,NULL,NULL),(24,'El Día de los muertos : atelier intergénérationnel','<p>Atelier interg&eacute;n&eacute;rationnel &agrave; l&rsquo;accueil de jour Casa Delta 7-Paris 19&egrave;me pour c&eacute;l&eacute;brer el D&iacute;a de los muertos 💀<br />\r\n<br />\r\nCalaveras, papel picado, lupitas, mariachis : tout &eacute;tait pr&eacute;sent pour un voyage direct au Mexique !<br />\r\n<br />\r\n👍 Bravo &agrave; toute l&rsquo;&eacute;quipe pour cette belle f&ecirc;te pour nos r&eacute;sidents et pour leurs costumes tr&egrave;s r&eacute;ussis.</p>\r\n\r\n<p><img alt=\"\" src=\"/uploads/images/1730401363552.jpg\" style=\"width: 400px; height: 533px;\" />&nbsp; &nbsp; &nbsp; &nbsp; &nbsp; &nbsp; &nbsp; &nbsp; &nbsp; &nbsp; &nbsp;<img alt=\"\" src=\"/uploads/images/1730401361041.jpg\" style=\"width: 400px; height: 533px;\" />&nbsp; &nbsp; &nbsp; &nbsp; &nbsp; &nbsp; &nbsp; &nbsp; &nbsp; &nbsp; &nbsp;<img alt=\"\" src=\"/uploads/images/1730401354078.jpg\" style=\"width: 400px; height: 533px;\" /></p>','2024-10-31 10:00:00',NULL,5,8,11,'2024-11-29 10:12:18','2025-05-20 19:36:56',1,'el-dia-de-los-muertos-atelier-intergenerationnel','/uploads/images/1730401364131.jpg',NULL,NULL,NULL,NULL,NULL,NULL,NULL,NULL,NULL,NULL,NULL,NULL,NULL,NULL),(26,'Réalisation de portraits chinois par les résidents de l\'accueil de jour du 19ème arrondissement de Paris','<p style=\"margin-bottom: 11px; text-align: justify;\">Lors de cet atelier de d&eacute;but d&#39;ann&eacute;e, les r&eacute;sidents ont fait leur portrait chinois &agrave; l&#39;&eacute;crit et en collage. Suite &agrave; cela, ils devaient retrouver &agrave; qui correspondait le portrait. Une autre mani&egrave;re d&#39;apprendre &agrave; se connaitre et de beaux moments d&#39;&eacute;changes avec plein d&#39;anecdotes.</p>\r\n\r\n<p style=\"margin-bottom: 11px; text-align: justify;\">&nbsp;</p>\r\n\r\n<p style=\"margin-bottom:11px\"><span style=\"font-size:12pt\"><span style=\"line-height:115%\"><span style=\"font-family:Aptos,sans-serif\"><span style=\"font-family:&quot;ADLaM Display&quot;\"><img alt=\"\" src=\"/uploads/images/Portraits%20chinois%202.jpg\" style=\"width: 400px; height: 534px;\" />&nbsp; &nbsp; &nbsp; &nbsp; &nbsp; &nbsp; &nbsp; &nbsp; &nbsp; &nbsp; &nbsp; &nbsp; &nbsp; &nbsp; &nbsp; &nbsp; &nbsp; &nbsp; &nbsp; &nbsp; &nbsp; &nbsp;<img alt=\"\" src=\"/uploads/images/Portraits%20chinois%203.jpg\" style=\"width: 400px; height: 533px;\" /></span></span></span></span>&nbsp; &nbsp; &nbsp; &nbsp; &nbsp; &nbsp; &nbsp; &nbsp; &nbsp; &nbsp; &nbsp;<img alt=\"\" src=\"/uploads/images/Portraits%20chinois%201.jpg\" style=\"width: 400px; height: 533px;\" /> &nbsp; &nbsp;&nbsp;</p>','2024-01-01 10:00:00',NULL,5,8,11,'2025-04-04 11:26:40','2025-05-06 16:33:47',1,'portraits-chinois','/uploads/images/Portraits%20chinois%201.jpg',NULL,NULL,NULL,NULL,NULL,NULL,NULL,NULL,NULL,NULL,NULL,NULL,NULL,NULL),(27,'Chandeleur et activité musicale','<p style=\"margin-bottom: 11px; text-align: justify;\">Une belle apr&egrave;s-midi en chansons !</p>\r\n\r\n<p style=\"margin-bottom: 11px; text-align: justify;\">Accompagn&eacute;s par Denis, &agrave; la guitare, les r&eacute;sidents ont chant&eacute; avant de se r&eacute;unir autour de la table pour d&eacute;guster des cr&ecirc;pes.</p>\r\n\r\n<p style=\"margin-bottom: 11px; text-align: justify;\">&nbsp;</p>\r\n\r\n<p style=\"margin-bottom:11px\"><span style=\"font-size:12pt\"><span style=\"line-height:115%\"><span style=\"font-family:Aptos,sans-serif\"><span style=\"font-family:&quot;ADLaM Display&quot;\"><img alt=\"\" src=\"/uploads/images/Chandeleur%203.jpg\" style=\"width: 400px; height: 534px;\" /></span></span></span></span>&nbsp; &nbsp; &nbsp; &nbsp; &nbsp; &nbsp; &nbsp; &nbsp; &nbsp; &nbsp; &nbsp; &nbsp; &nbsp;&nbsp;<img alt=\"\" src=\"/uploads/images/Chandeleur%201.jpg\" style=\"width: 400px; height: 534px;\" />&nbsp; &nbsp; &nbsp; &nbsp; &nbsp; &nbsp; &nbsp; &nbsp; &nbsp; &nbsp; &nbsp; &nbsp; &nbsp;&nbsp;<img alt=\"\" src=\"/uploads/images/Chandeleur%202.jpg\" style=\"width: 400px; height: 534px;\" /></p>','2024-02-02 10:00:00',NULL,5,8,11,'2025-04-04 11:31:44','2025-05-06 16:28:11',1,'chandeleur-et-activite-musicale','/uploads/images/Chandeleur%203.jpg',NULL,NULL,NULL,NULL,NULL,NULL,NULL,NULL,NULL,NULL,NULL,NULL,NULL,NULL),(28,'Carnaval à Casa Paris 19ème','<p>Cette semaine &agrave; Casa Paris 19&egrave;me c&#39;est carnaval ! Les r&eacute;sidents ont r&eacute;alis&eacute; de magnifiques d&eacute;cors et masques avant d&#39;aller retrouver les r&eacute;sidents de l&#39;EHPAD H&eacute;rold pour participer &agrave; un bal masqu&eacute;. De la bonne humeur, de jolis sourires et de belles photos !</p>\r\n\r\n<p><img alt=\"\" src=\"/uploads/images/Carnaval%202.jpg\" style=\"width: 400px; height: 548px;\" />&nbsp; &nbsp; &nbsp; &nbsp; &nbsp; &nbsp; &nbsp; &nbsp; &nbsp; &nbsp; &nbsp; &nbsp; &nbsp;&nbsp;<img alt=\"\" src=\"/uploads/images/Carnaval%203.jpg\" style=\"width: 400px; height: 522px;\" />&nbsp; &nbsp; &nbsp; &nbsp; &nbsp; &nbsp; &nbsp; &nbsp; &nbsp; &nbsp; &nbsp; &nbsp; &nbsp;&nbsp;<img alt=\"\" src=\"/uploads/images/Carnaval%204.jpg\" style=\"width: 400px; height: 546px;\" />&nbsp; &nbsp; &nbsp; &nbsp; &nbsp; &nbsp; &nbsp; &nbsp; &nbsp; &nbsp; &nbsp; &nbsp; &nbsp;&nbsp;<img alt=\"\" src=\"/uploads/images/Carnaval%201.jpg\" style=\"width: 430px; height: 547px;\" /></p>','2024-02-13 10:00:00',NULL,5,8,11,'2025-04-04 11:38:30','2025-05-20 19:36:31',1,'carnaval','/uploads/images/Carnaval%201.jpg',NULL,NULL,NULL,NULL,NULL,NULL,NULL,NULL,NULL,NULL,NULL,NULL,NULL,NULL),(29,'Journée droits des femmes et \"boom\" avec l\'EHPAD Hérold','<p>Aujourd&#39;hui &agrave; l&#39;occasion de la journ&eacute;e des droits des femmes, les r&eacute;sidents ont visionn&eacute; un reportage comportant de petites s&eacute;quences sur le sujet des droits des femmes, et ont pu &eacute;changer &agrave; ce propos.</p>\r\n\r\n<p>Ensuite, place &agrave; la f&ecirc;te avec une &quot;Boom&quot; o&ugrave; danse et spectacle ont ravi les r&eacute;sidents le temps d&#39;un apr&egrave;s-midi.</p>\r\n\r\n<p><img alt=\"\" src=\"/uploads/images/Journ%C3%A9e%20droits%20des%20femmes%201.jpg\" style=\"width: 400px; height: 533px;\" />&nbsp; &nbsp; &nbsp; &nbsp; &nbsp; &nbsp; &nbsp; &nbsp; &nbsp; &nbsp; &nbsp; &nbsp; &nbsp;&nbsp;<img alt=\"\" src=\"/uploads/images/Journ%C3%A9e%20droits%20des%20femmes%202.jpg\" style=\"width: 400px; height: 534px;\" />&nbsp; &nbsp; &nbsp; &nbsp; &nbsp; &nbsp; &nbsp; &nbsp; &nbsp; &nbsp; &nbsp; &nbsp; &nbsp;&nbsp;<img alt=\"\" src=\"/uploads/images/Journ%C3%A9e%20droits%20des%20femmes%203.jpg\" style=\"width: 400px; height: 534px;\" /></p>','2024-03-08 10:00:00',NULL,5,8,11,'2025-04-04 11:57:42','2025-05-20 19:36:19',1,'journee-droits-des-femmes-et-boom-avec-l-ehpad-herold','/uploads/images/Journ%C3%A9e%20droits%20des%20femmes%201.jpg',NULL,NULL,NULL,NULL,NULL,NULL,NULL,NULL,NULL,NULL,NULL,NULL,NULL,NULL),(30,'Soutien financier de notre partenaire \"Club Alzheimer Universal\"','<p>Merci &agrave; notre partenaire <a data-test-app-aware-link=\"\" href=\"https://www.linkedin.com/company/alzheimer.universal/\" tabindex=\"0\" target=\"_self\">Club Alzheimer Universal</a> de nous avoir remis, lors d&rsquo;une tr&egrave;s belle soir&eacute;e, un ch&egrave;que de 1&nbsp;500 &euro; qui va nous permettre de financer des journ&eacute;es suppl&eacute;mentaires de prise en charge en accueil de jour &agrave; des malades en ayant besoin et dont les aidants recherchent du r&eacute;pit suppl&eacute;mentaire.<br />\r\n<br />\r\nNous remercions vivement Marc L&eacute;vy, son pr&eacute;sident, pour son soutien, son dynamisme et son engagement en faveur des malades mais aussi de leurs aidants.<br />\r\n<br />\r\nL&rsquo;occasion &eacute;galement de mettre en avant leur op&eacute;ration Ambassadeur qui permet de sensibiliser l&rsquo;opinion &agrave; cette maladie, de faire avancer la recherche et d&rsquo;aider les malades et leurs aidants&nbsp;: <a data-test-app-aware-link=\"\" href=\"https://lnkd.in/ejF-v8Hp\" tabindex=\"0\" target=\"_self\">https://lnkd.in/ejF-v8Hp</a></p>','2025-05-12 09:17:00',NULL,1,11,8,'2025-05-15 09:33:13','2025-05-21 11:02:46',1,'soutien-financier-de-notre-partenaire-club-alzheimer-universal-','/uploads/images/club%20alz.jpg',NULL,NULL,NULL,NULL,NULL,NULL,NULL,NULL,NULL,NULL,NULL,NULL,NULL,NULL),(31,'Hommage à deux bâtisseurs engagés','<p>C&rsquo;est avec une grande &eacute;motion que nous avons appris le d&eacute;c&egrave;s de Gilbert Cotteau et Michel Bliaut, fondateurs de notre association. Leur vision, leur d&eacute;vouement et leur humanit&eacute; ont pos&eacute; les fondations de ce que nous sommes aujourd&rsquo;hui.<br />\r\n<br />\r\nIls ont uni leur force et leur dynamisme le 1er mars 1973, avec cinq autres &laquo;&nbsp;copains&nbsp;&raquo;, pour cr&eacute;er Delta 7&nbsp;: un laboratoire associatif d&rsquo;innovation sociale au service des plus vuln&eacute;rables, mais qui mieux que Gilbert Cotteau, fondateur &eacute;galement de <a data-test-app-aware-link=\"\" href=\"https://www.linkedin.com/company/sos-villages-d%27enfants/\" tabindex=\"0\" target=\"_self\">SOS Villages d&#39;Enfants</a> et d&rsquo;<a data-test-app-aware-link=\"\" href=\"https://www.linkedin.com/company/association-astree/\" tabindex=\"0\" target=\"_self\">Astr&eacute;e</a>, pour en parler dans cet extrait.<br />\r\n<br />\r\nLeur h&eacute;ritage nous oblige. Il nous guide encore aujourd&rsquo;hui dans nos actions, dans nos choix, dans nos valeurs. Gr&acirc;ce &agrave; eux, des g&eacute;n&eacute;rations de professionnels, de b&eacute;n&eacute;voles et de b&eacute;n&eacute;ficiaires ont trouv&eacute; un cadre bienveillant, structur&eacute; et porteur de sens.<br />\r\n<br />\r\nAu nom du conseil d&rsquo;administration, de toute l&rsquo;&eacute;quipe, des &eacute;tablissements et des personnes accompagn&eacute;es, nous leur rendons un hommage sinc&egrave;re et reconnaissant.<br />\r\n<br />\r\nMerci, Gilbert et Michel, pour tout ce que vous avez sem&eacute;.<br />\r\n&nbsp;</p>','2025-05-05 09:52:00',NULL,1,11,8,'2025-05-15 09:57:47','2025-05-21 11:01:48',1,'hommage-a-deux-batisseurs-engages','/uploads/images/hommage%20batisseurs.png',NULL,NULL,NULL,NULL,NULL,NULL,NULL,NULL,NULL,NULL,NULL,NULL,NULL,NULL),(32,'Atelier sécurité routière et mobilité','<p>Retour en image sur notre atelier &quot;S&eacute;curit&eacute; routi&egrave;re et mobilit&eacute; : pour se d&eacute;placer en toute s&eacute;curit&eacute;&quot; qui s&#39;est d&eacute;roul&eacute; dans la ville de Trilport !<br />\r\n<br />\r\nDans le cadre de notre engagement pour une mobilit&eacute; des seniors plus s&ucirc;re, nous avons organis&eacute; un atelier de sensibilisation &agrave; la s&eacute;curit&eacute; routi&egrave;re, en partenariat avec l&#39;antenne de Meaux de la <a data-test-app-aware-link=\"\" href=\"https://www.linkedin.com/company/pr-vention-maif/\" tabindex=\"0\" target=\"_self\">Pr&eacute;vention MAIF</a>.<br />\r\n<br />\r\nUn moment d&#39;&eacute;change concret et p&eacute;dagogique, au c&oelig;ur du <a data-test-app-aware-link=\"\" href=\"https://www.linkedin.com/company/departement77/\" tabindex=\"0\" target=\"_self\">D&eacute;partement de Seine-et-Marne</a> et de la <a data-test-app-aware-link=\"\" href=\"https://www.linkedin.com/company/ville-de-trilport/\" tabindex=\"0\" target=\"_self\">Ville de Trilport</a>, qui a permis d&rsquo;aborder les bons r&eacute;flexes &agrave; adopter sur la route, aussi bien en voiture, qu&#39;en v&eacute;lo ou qu&#39;&agrave; pied.<br />\r\n<br />\r\nUn grand merci &agrave; la Commission des financeurs de Seine-et-Marne pour leur soutien financier &agrave; cette initiative essentielle.<br />\r\n&nbsp;</p>','2025-05-05 10:08:00',NULL,7,11,11,'2025-05-15 10:08:47','2025-05-22 21:47:08',1,'atelier-securite-routiere-et-mobilite','/uploads/images/s%C3%A9cu%20routiere%20(2).png',NULL,NULL,NULL,NULL,NULL,NULL,NULL,NULL,NULL,NULL,NULL,NULL,NULL,NULL),(33,'L\'engagement humain au cœur de nos actions !','<p>Nous sommes fiers de partager avec vous le dernier num&eacute;ro de &quot;L&#39;Humain comme m&eacute;tier&quot;, o&ugrave; <a href=\"https://www.linkedin.com/in/eszter-dalstein-a5872b185/\" id=\"ember1165\">Eszter DALSTEIN</a>, conseill&egrave;re technique en Droit social et RH pour l&#39;<a href=\"https://www.linkedin.com/in/uriopss-idf-7a4b9529b/\" id=\"ember1166\">Uriopss IDF</a>, a eu l&#39;opportunit&eacute; de rencontrer Nuria Morillo.<br />\r\n<br />\r\nNuria, psychomotricienne au sein de notre association depuis plus de vingt ans, incarne parfaitement l&#39;engagement et la passion qui animent notre secteur, et l&#39;ensemble de notre &eacute;quipe &agrave; Delta 7. Son exp&eacute;rience et son expertise sont des atouts pr&eacute;cieux pour le bien-&ecirc;tre des personnes qu&rsquo;elle accompagne.<br />\r\n<br />\r\nNous vous invitons &agrave; d&eacute;couvrir cet &eacute;change enrichissant qui met en avant l&#39;importance des m&eacute;tiers de l&#39;Humain et le r&ocirc;le essentiel que jouent des professionnels comme Nuria dans notre soci&eacute;t&eacute;.<br />\r\n<br />\r\n👉 Lisez l&#39;article complet pour en savoir plus sur Nuria et plongez dans notre univers o&ugrave; l&#39;humain est au c&oelig;ur de chaque action !</p>','2025-03-31 10:17:00',NULL,1,11,8,'2025-05-15 10:18:35','2025-05-21 10:58:08',1,'l-engagement-humain-au-coeur-de-nos-actions-','/uploads/images/humain%20coeur%20action%20(2).png',NULL,NULL,NULL,NULL,NULL,NULL,NULL,NULL,NULL,NULL,NULL,NULL,NULL,NULL),(34,'Conseil prévention : comment optimiser sa mémoire au quotidien ?','<p>Voici quelques conseils pour optimiser sa m&eacute;moire au quotidien :</p>\r\n\r\n<p><br />\r\n✔️ Restons bien concentr&eacute;s sur une t&acirc;che en cours et terminons la avant d&rsquo;en commencer une autre&hellip; &eacute;vitons de faire plusieurs choses en m&ecirc;me temps.<br />\r\n✔️ Lorsque l&rsquo;on rencontre une nouvelle personne, essayons de glisser son pr&eacute;nom dans la conversation pour mieux le consolider dans notre m&eacute;moire.<br />\r\n✔️ Employons des moyens mn&eacute;motechniques (r&eacute;p&eacute;tition, association, imagerie mentale&hellip;) d&egrave;s que l&rsquo;on veut retenir une nouvelle information, pour mieux s&rsquo;en souvenir par la suite !</p>\r\n\r\n<p><br />\r\nℹ️ Vous &ecirc;tes curieux d&#39;en apprendre plus sur le fonctionnement de votre m&eacute;moire et/ou int&eacute;ress&eacute;s par l&rsquo;entra&icirc;nement cognitif  ? Contactez-nous !<br />\r\n📧 <a data-test-app-aware-link=\"\" href=\"mailto:atelier@delta7.org\" tabindex=\"0\" target=\"_self\">atelier@delta7.org</a><br />\r\n📞 07 66 81 04 64</p>','2025-04-02 10:23:00',NULL,7,11,8,'2025-05-15 10:27:48','2025-05-21 11:00:02',1,'conseil-prevention-comment-optimiser-sa-memoire-au-quotidien-','/uploads/images/prevention%20m%C3%A9moire.jpg',NULL,NULL,NULL,NULL,NULL,NULL,NULL,NULL,NULL,NULL,NULL,NULL,NULL,NULL),(35,'Salon des seniors - Présentation de nos actions de prévention','<p>Ce vendredi, Delta 7 a mis la m&eacute;moire &agrave; l&rsquo;honneur ! 🧠</p>\r\n\r\n<p>Animations de quiz et de jeux cognitifs sur les stands du <a data-test-app-aware-link=\"\" href=\"https://www.linkedin.com/company/prif-pr%C3%A9vention-retraite-ile-de-france/\" tabindex=\"0\" target=\"_self\">Prif - Pr&eacute;vention Retraite Ile-de-France</a> et de <a data-test-app-aware-link=\"\" href=\"https://www.linkedin.com/company/assurance-retraite/\" tabindex=\"0\" target=\"_self\">L&#39;Assurance retraite</a> et conf&eacute;rences sur la m&eacute;moire, ont attir&eacute; beaucoup de s&eacute;niors, curieux du fonctionnement de leur m&eacute;moire et int&eacute;ress&eacute;s par l&rsquo;entra&icirc;nement cognitif !<br />\r\n<br />\r\nCe salon &eacute;tait aussi l&rsquo;occasion de pr&eacute;senter nos actions et d&rsquo;orienter les seniors vers les partenaires locaux en fonction de leurs besoins. Nous sommes fiers d&rsquo;avoir fait de nouveaux partenariats avec lesquels nous avons h&acirc;te de collaborer ! Enfin, plusieurs anciens participants que nous avons accompagn&eacute;s dans nos ateliers nous ont fait le plaisir de passer nous voir.<br />\r\n<br />\r\nVous avez peut-&ecirc;tre rencontr&eacute; Audrey, directrice du p&ocirc;le pr&eacute;vention-fragilit&eacute; ou C&eacute;line, coordinatrice de secteur (77, 78, 91 et 94), qui vous ont parl&eacute; des actions men&eacute;es pour lutter contre la perte d&rsquo;autonomie des seniors sur l&rsquo;Ile-de-France ainsi que Laurence et Antoine, animateurs socio-&eacute;ducatifs qui vous ont pr&eacute;sent&eacute; les ateliers Bienvenue &agrave; la Retraite et plus globalement les ateliers de pr&eacute;vention du <a data-test-app-aware-link=\"\" href=\"https://www.linkedin.com/company/prif-pr%C3%A9vention-retraite-ile-de-france/\" tabindex=\"0\" target=\"_self\">Prif - Pr&eacute;vention Retraite Ile-de-France</a>.<br />\r\n<br />\r\nℹ️ Informer pour favoriser l&rsquo;acc&egrave;s aux ateliers de pr&eacute;vention est l&rsquo;un de nos enjeux majeurs !</p>\r\n\r\n<p><br />\r\nN&rsquo;h&eacute;sitez pas &agrave; nous contacter pour plus d&rsquo;informations&nbsp;💬</p>','2025-03-14 10:36:00',NULL,7,11,11,'2025-05-15 10:38:50','2025-05-22 21:52:39',1,'salon-des-seniors-presentation-de-nos-actions-de-prevention','/uploads/images/salon%20senior2.jpg',NULL,NULL,NULL,NULL,NULL,NULL,NULL,NULL,NULL,NULL,NULL,NULL,NULL,NULL),(36,'Salon des seniors - Accompagnement des aidants','<p>Delta 7 &eacute;tait pr&eacute;sent au Salon des seniors de Paris du 12 au 15 mars 2025.</p>\r\n\r\n<p>Ce salon a &eacute;t&eacute; un v&eacute;ritable lieu d&#39;&eacute;changes et de d&eacute;couvertes. Nous avons pris beaucoup de plaisir &agrave; vous rencontrer et &agrave; partager nos initiatives pour am&eacute;liorer le quotidien des seniors et de leurs aidants. Nos coordinatrices des plateformes du p&ocirc;le aidant, Charlotte et Marie, une de nos psychologues, Louise et la directrice du p&ocirc;le, Rapha&euml;lle, ont pu r&eacute;pondre aux nombreuses questions et demandes de conseils et d&#39;orientation des aidants qui se pr&eacute;sentaient sur notre stand. L&#39;occasion aussi pour elles de sensibiliser &agrave; l&#39;aidance et de pr&eacute;senter nos nombreux&nbsp;&nbsp;dispositifs d&rsquo;accompagnement.<br />\r\n<br />\r\n<br />\r\nℹ️ Informer sur l&#39;aidance est aussi l&rsquo;un des enjeux majeurs  de Delta 7. N&rsquo;h&eacute;sitez pas &agrave; nous contacter pour en savoir plus sur nos actions.</p>','2025-03-13 10:52:00',NULL,2,11,8,'2025-05-15 11:01:03','2025-05-21 10:56:46',1,'salon-des-seniors-accompagnement-des-aidants','/uploads/images/salon%20senior%20aidants.png',NULL,NULL,NULL,NULL,NULL,NULL,NULL,NULL,NULL,NULL,NULL,NULL,NULL,NULL),(37,'En direct de la matinée de lancement du nouveau schéma départemental pour l’autonomie du Val-de-Marne.','<p>Un bilan du pr&eacute;c&eacute;dent sch&eacute;ma, la d&eacute;finition des 5 axes du futur sch&eacute;ma, et la pr&eacute;sentation de deux diagnostics d&eacute;partementaux riches d&#39;enseignements sur le vieillissement et le handicap ont offert des perspectives concr&egrave;tes d&#39;action.<br />\r\n<br />\r\nDe belles opportunit&eacute;s pour notre <a data-test-app-aware-link=\"\" href=\"https://www.linkedin.com/company/delta7/\" tabindex=\"0\" target=\"_self\">Association Delta 7</a> d&rsquo;intensifier ses engagements dans le Val-de-Marne dans les axes du futur plan :<br />\r\n<br />\r\n- Soutenir les aidants accompagnant un proche en perte d&rsquo;autonomie, en situation de handicap ou atteint de maladie chronique, gr&acirc;ce &agrave; nos plateformes d&#39;accompagnement des aidants<br />\r\n<br />\r\n- Pr&eacute;venir la perte d&rsquo;autonomie et d&eacute;tecter la fragilit&eacute;, tant aupr&egrave;s des seniors que des aidants, via notre p&ocirc;le Pr&eacute;vention et Fragilit&eacute;, soutenu par la Commission des financeurs<br />\r\n<br />\r\n- Accompagner les personnes &acirc;g&eacute;es fragiles dans nos accueils de jour th&eacute;rapeutiques autonomes. Une solution alternative interm&eacute;diaire avant l&rsquo;EHPAD permettant le maintien &agrave; domicile et le r&eacute;pit des aidants.<br />\r\n<br />\r\nCes actions renforcent notre engagement &agrave; am&eacute;liorer la qualit&eacute; de vie des personnes vuln&eacute;rables !</p>','2025-03-14 11:14:00',NULL,1,11,8,'2025-05-15 11:15:35','2025-05-21 10:56:31',1,'en-direct-de-la-matinee-de-lancement-du-nouveau-schema-departemental-pour-l-autonomie-du-val-de-marne-','/uploads/images/sch%C3%A9ma%20autonomie%2094.png',NULL,NULL,NULL,NULL,NULL,NULL,NULL,NULL,NULL,NULL,NULL,NULL,NULL,NULL),(38,'Lancement du SPPA parisien','<p>L&rsquo;<a data-test-app-aware-link=\"\" href=\"https://www.linkedin.com/company/delta7/\" tabindex=\"0\" target=\"_self\">Association Delta 7</a>&nbsp;&eacute;tait repr&eacute;sent&eacute;e par sa directrice g&eacute;n&eacute;rale, Jennifer CORJON, &agrave; la r&eacute;union de lancement du Service Public Parisien de l&rsquo;autonomie qui rassemblait les acteurs engag&eacute;s pour am&eacute;liorer l&rsquo;accompagnement des personnes &acirc;g&eacute;es et des personnes en situation de handicap.<br />\r\n<br />\r\nDans ce cadre, nous avons amorc&eacute; les travaux du groupe de travail &laquo;&nbsp;Pr&eacute;vention, rep&eacute;rage et aller vers&nbsp;&raquo;.<br />\r\n<br />\r\nUne ambition partag&eacute;e, des expertises crois&eacute;es et surtout une volont&eacute; commune de construire des r&eacute;ponses adapt&eacute;es aux besoins des usagers.<br />\r\n<br />\r\nH&acirc;te de poursuivre cette belle dynamique ensemble !</p>','2025-03-14 11:19:00',NULL,1,11,8,'2025-05-15 11:22:46','2025-05-21 10:56:16',1,'lancement-du-sppa-parisien-','/uploads/images/lancement%20sppa%20parisien.png',NULL,NULL,NULL,NULL,NULL,NULL,NULL,NULL,NULL,NULL,NULL,NULL,NULL,NULL),(39,'Lancement du Schéma Autonomie et Inclusion 2025-2030 du Conseil départemental de la Seine-Saint-Denis','<p>Delta 7 &eacute;tait repr&eacute;sent&eacute;e par sa directrice g&eacute;n&eacute;rale, Jennifer CORJON, lors du lancement du Sch&eacute;ma Autonomie et Inclusion 2025-2030 du Conseil d&eacute;partemental de la Seine-Saint-Denis<br />\r\n<br />\r\nUn retour encourageant sur la pr&eacute;figuration du SPDA sur le territoire et une belle mise en avant des tiers-lieux o&ugrave; l&rsquo;<a data-test-app-aware-link=\"\" href=\"https://www.linkedin.com/company/delta7/\" tabindex=\"0\" target=\"_self\">Association Delta 7</a> a le plaisir d&rsquo;intervenir pour des actions de pr&eacute;vention.<br />\r\n<br />\r\nEt de belles r&eacute;flexions sur :<br />\r\n- la place et l&rsquo;autod&eacute;termination des personnes accompagn&eacute;es,<br />\r\n- les collaborations entre professionnels du m&eacute;dico-social, collectivit&eacute;s et institutionnels,<br />\r\n- la transformation de l&rsquo;offre.</p>','2025-03-04 10:00:00',NULL,1,11,8,'2025-05-15 11:45:21','2025-05-21 10:55:58',1,'lancement-du-schema-autonomie-et-inclusion-2025-2030-du-conseil-departemental-de-la-seine-saint-denis-','/uploads/images/sch%C3%A9ma%2093.png',NULL,NULL,NULL,NULL,NULL,NULL,NULL,NULL,NULL,NULL,NULL,NULL,NULL,NULL),(40,'Atelier : Sécurité et mobilité : pour se déplacer en toute sécurité !','<p>Cette semaine marque le lancement de notre nouveau programme de pr&eacute;vention : &quot; S&eacute;curit&eacute; et mobilit&eacute; : pour se d&eacute;placer en toute s&eacute;curit&eacute; ! &quot;</p>\r\n\r\n<p>Avec l&rsquo;&acirc;ge, nos modes de d&eacute;placement &eacute;voluent et la s&eacute;curit&eacute; devient un enjeu essentiel. Ce programme de 5 s&eacute;ances de 2h vise &agrave; sensibiliser les seniors aux risques li&eacute;s &agrave; la mobilit&eacute; : perte sensorielle et cognitive, impact des traitements m&eacute;dicamenteux, et bonnes pratiques pour se d&eacute;placer, quel que soit le transport, en toute s&eacute;curit&eacute;.</p>\r\n\r\n<p>Des conf&eacute;rences, des conseils mais aussi et surtout des mises en situation r&eacute;elles avec des outils innovants comme la r&eacute;alit&eacute; virtuelle !</p>','2025-02-10 12:00:00',NULL,7,11,11,'2025-05-15 11:52:30','2025-05-22 21:47:38',1,'atelier-securite-et-mobilite-pour-se-deplacer-en-toute-securite-','/uploads/images/s%C3%A9cu%20routiere%202.png',NULL,NULL,NULL,NULL,NULL,NULL,NULL,NULL,NULL,NULL,NULL,NULL,NULL,NULL),(41,'Repérage de la fragilité chez les seniors : ICOPE & Delta 7','<p>Soutenue financi&egrave;rement par l&rsquo;ARS Ile-de-France et le Conseil d&eacute;partemental des Hauts-de-Seine, la d&eacute;marche ICOPE co-port&eacute;e par G&eacute;rond&rsquo;if et le DAC Nord 92 est en cours de d&eacute;ploiement dans les Hauts-de-Seine, et plus sp&eacute;cifiquement sur le nord 92 depuis 2024.<br />\r\n<br />\r\nICOPE s&rsquo;adresse aux personnes de&nbsp;60 ans et plus,&nbsp;autonomes et vivant &agrave; domicile. A partir de tests simples et ludiques, une &eacute;valuation des six fonctions essentielles (audition, vision, motricit&eacute;, nutrition, humeur et m&eacute;moire) est r&eacute;alis&eacute;e en auto-&eacute;valuation ou par un professionnel avec l&rsquo;appui d&rsquo;outils num&eacute;riques.</p>\r\n\r\n<p>Depuis la premi&egrave;re heure,&nbsp;l&rsquo;<a data-test-app-aware-link=\"\" href=\"https://www.linkedin.com/company/delta7/\" tabindex=\"0\" target=\"_self\">Association Delta 7</a> a rejoint l&rsquo;aventure ICOPE et elle contribue depuis fin 2024 activement en effectuant des &eacute;valuations &eacute;tapes 2 et 3 pour les s&eacute;niors du territoire 92 nord.</p>\r\n\r\n<p>La pr&eacute;vention et le rep&eacute;rage de la perte d&rsquo;autonomie des personnes avanc&eacute;es en &acirc;ge est un enjeu majeur actuel et pour les ann&eacute;es &agrave; venir !</p>','2025-02-07 11:00:00',NULL,7,11,8,'2025-05-15 11:58:52','2025-05-21 10:55:17',1,'reperage-de-la-fragilite-chez-les-seniors-icope-delta-7','/uploads/images/icope.jpg',NULL,NULL,NULL,NULL,NULL,NULL,NULL,NULL,NULL,NULL,NULL,NULL,NULL,NULL),(42,'Atelier Sécurité en ligne - Première Semaine Paris Protège','<p>Delta 7 est ravie d&#39;avoir particip&eacute; &agrave; cette premi&egrave;re semaine Paris prot&egrave;ge.&nbsp;Une semaine pour informer, sensibiliser et prot&eacute;ger les Parisiennes et Parisiens vuln&eacute;rables contre toutes les formes de malveillance, de violence et de maltraitance.</p>\r\n\r\n<p>Nous avons pu sensibiliser les seniors comme les plus jeunes sur le th&egrave;me de la cybers&eacute;curit&eacute;, notamment la s&eacute;curit&eacute; des achats en ligne.&nbsp;</p>','2025-02-06 12:40:00',NULL,7,11,11,'2025-05-15 12:39:20','2025-05-22 21:55:45',1,'atelier-securite-en-ligne-premiere-semaine-paris-protege','/uploads/images/paris%20protege%20(2).png',NULL,NULL,NULL,NULL,NULL,NULL,NULL,NULL,NULL,NULL,NULL,NULL,NULL,NULL),(43,'Moment de partage et de convivialité en équipe','<p>&Agrave; l&rsquo;occasion de notre soir&eacute;e des v&oelig;ux, nous avons pris le temps d&rsquo;&eacute;changer autour d&rsquo;un moment chaleureux et gourmand, avec la traditionnelle galette des rois !&nbsp;<br />\r\n<br />\r\nAu-del&agrave; de la convivialit&eacute;, cette soir&eacute;e a aussi &eacute;t&eacute; l&rsquo;occasion de prendre du recul sur nos r&eacute;ussites, individuelles et collectives, et de partager nos ambitions pour l&rsquo;ann&eacute;e &agrave; venir. Un exercice enrichissant qui renforce notre engagement commun et donne du sens &agrave; notre action au quotidien.<br />\r\n<br />\r\nQue cette nouvelle ann&eacute;e nous apporte de beaux projets, du succ&egrave;s collectif et toujours autant de plaisir &agrave; travailler ensemble !</p>','2025-01-24 19:00:00',NULL,1,11,8,'2025-05-15 13:42:29','2025-05-21 10:53:10',1,'moment-de-partage-et-de-convivialite-en-equipe','/uploads/images/galette%20convivialit%C3%A9%20(2).png',NULL,NULL,NULL,NULL,NULL,NULL,NULL,NULL,NULL,NULL,NULL,NULL,NULL,NULL),(44,'Delta 7 rejoint la Résidence de l\'Accessibilité','<p>Nouvelle ann&eacute;e, nouveau projet !</p>\r\n\r\n<p>C&#39;est avec enthousiasme que Delta 7 rejoint l&#39;aventure de la R&eacute;sidence de l&#39;Accessibilit&eacute; au sein de la <a data-test-app-aware-link=\"\" href=\"https://www.linkedin.com/company/mairie-du-20e-arrondissement/\" tabindex=\"0\" target=\"_self\">Mairie du 20e Arrondissement</a> de Paris. La r&eacute;sidence, port&eacute;e par&nbsp;<a data-test-app-aware-link=\"\" href=\"https://www.linkedin.com/company/makesense-entrepreneurs/\" tabindex=\"0\" target=\"_self\">makesense_entrepreneurs</a> et la <a data-test-app-aware-link=\"\" href=\"https://www.linkedin.com/company/mairie-du-20e-arrondissement/\" tabindex=\"0\" target=\"_self\">Mairie du 20e Arrondissement</a>, est un laboratoire o&ugrave; 14 structures d&eacute;veloppent des projets tr&egrave;s vari&eacute;s pour s&rsquo;attaquer aux d&eacute;fis de l&rsquo;accessibilit&eacute;, avec 3 th&eacute;matiques prioritaires : mieux vivre chez soi, mieux vivre ses services publics et mieux vivre sa citoyennet&eacute;.<br />\r\n<br />\r\nAu programme rencontres, collaborations et r&eacute;flexions sur l&#39;accompagnement des seniors isol&eacute;s et sur la cr&eacute;ation d&#39;un projet collectif.</p>','2025-01-06 14:00:00',NULL,1,11,8,'2025-05-15 13:48:43','2025-05-21 10:53:25',1,'delta-7-rejoint-la-residence-de-l-accessibilite','/uploads/images/residence%20accessibilit%C3%A9%20(2).png',NULL,NULL,NULL,NULL,NULL,NULL,NULL,NULL,NULL,NULL,NULL,NULL,NULL,NULL);

--
-- Table structure for table `article_article_tag`
--

CREATE TABLE `article_article_tag` (
  `article_id` int(11) NOT NULL,
  `article_tag_id` int(11) NOT NULL,
  PRIMARY KEY (`article_id`,`article_tag_id`),
  KEY `IDX_B15FE9E7294869C` (`article_id`),
  KEY `IDX_B15FE9ED015F491` (`article_tag_id`)
) ENGINE=InnoDB DEFAULT CHARSET=utf8mb4 COLLATE=utf8mb4_unicode_ci;

--
-- Dumping data for table `article_article_tag`
--

INSERT INTO `article_article_tag` VALUES (7,10),(8,6),(10,9),(10,11),(12,5),(13,10),(14,10),(14,11),(15,11),(16,10),(16,11),(17,4),(17,11),(18,11),(19,7),(19,11),(20,5),(22,7),(23,4),(23,5),(23,9),(24,6),(26,6),(27,6),(28,6),(29,6),(30,4),(30,5),(30,6),(30,9),(30,11),(31,11),(32,7),(33,11),(34,7),(35,7),(36,10),(37,7),(37,9),(37,10),(37,11),(38,4),(38,5),(38,6),(38,7),(38,10),(38,11),(39,7),(39,10),(39,11),(40,7),(41,7),(41,11),(42,7),(43,11),(44,7),(44,11);

--
-- Table structure for table `article_category`
--

CREATE TABLE `article_category` (
  `id` int(11) NOT NULL AUTO_INCREMENT,
  `title` varchar(255) NOT NULL,
  `slug` varchar(255) NOT NULL,
  `contact_email_prefix` varchar(255) DEFAULT NULL,
  `newsletter_list_id` int(11) DEFAULT NULL,
  PRIMARY KEY (`id`),
  KEY `IDX_53A4EDAA3214B5E4` (`newsletter_list_id`),
  CONSTRAINT `FK_53A4EDAA3214B5E4` FOREIGN KEY (`newsletter_list_id`) REFERENCES `newsletter_list` (`id`)
) ENGINE=InnoDB AUTO_INCREMENT=9 DEFAULT CHARSET=utf8mb4 COLLATE=utf8mb4_unicode_ci;

--
-- Dumping data for table `article_category`
--

INSERT INTO `article_category` VALUES (1,'Association Delta 7','association-delta-7',NULL,NULL),(2,'Pôle Aidant','pole-aidant',NULL,NULL),(3,'Casa Paris 18ème','casa-paris-18eme',NULL,NULL),(4,'Casa Paris 17ème','casa-paris-17eme',NULL,NULL),(5,'Casa Paris 19ème','casa-paris-19eme',NULL,NULL),(6,'Casa Villejuif','casa-villejuif',NULL,NULL),(7,'Pôle Prévention','pole-prevention',NULL,NULL),(8,'Pôle Fragilité','pole-fragilite',NULL,NULL);

--
-- Table structure for table `article_tag`
--

CREATE TABLE `article_tag` (
  `id` int(11) NOT NULL AUTO_INCREMENT,
  `name` varchar(255) NOT NULL,
  `slug` varchar(255) NOT NULL,
  `created_at` datetime NOT NULL,
  `updated_at` datetime NOT NULL,
  PRIMARY KEY (`id`)
) ENGINE=InnoDB AUTO_INCREMENT=12 DEFAULT CHARSET=utf8mb4 COLLATE=utf8mb4_unicode_ci;

--
-- Dumping data for table `article_tag`
--

INSERT INTO `article_tag` VALUES (4,'Casa Paris 17ème','casa-paris-17eme','2024-09-10 16:56:36','2024-09-10 16:56:36'),(5,'Casa Paris 18ème','casa-paris-18eme','2024-09-10 16:56:48','2024-09-10 16:56:56'),(6,'Casa Paris 19ème','casa-paris-19eme','2024-09-10 16:57:09','2024-09-10 16:57:09'),(7,'Pôle Prévention','pole-prevention','2024-09-10 16:57:18','2024-09-10 16:57:18'),(8,'Pôle Fragilité','pole-fragilite','2024-09-10 16:57:26','2024-09-10 16:57:26'),(9,'Casa Villejuif','casa-villejuif','2024-09-10 16:57:33','2024-09-10 16:57:33'),(10,'Pôle Aidant','pole-aidant','2024-09-10 16:57:50','2024-09-10 16:57:50'),(11,'Association Delta 7','association-delta-7','2024-09-10 16:59:06','2024-09-10 16:59:06');

--
-- Table structure for table `book`
--

CREATE TABLE `book` (
  `id` int(11) NOT NULL AUTO_INCREMENT,
  `file` varchar(255) NOT NULL,
  `date` date NOT NULL,
  `price` float NOT NULL,
  `created_at` datetime NOT NULL,
  `updated_at` datetime NOT NULL,
  PRIMARY KEY (`id`)
) ENGINE=InnoDB AUTO_INCREMENT=6 DEFAULT CHARSET=utf8mb4 COLLATE=utf8mb4_unicode_ci;

--
-- Dumping data for table `book`
--

INSERT INTO `book` VALUES (1,'/uploads/books/Cahier%20Mois.pdf','2023-11-01',599,'2023-11-22 19:29:25','2023-11-22 19:29:25'),(2,'/uploads/books/Cahier%20Mois.pdf','2023-10-01',599,'2023-11-22 19:29:39','2023-11-22 19:29:39'),(3,'/uploads/books/Cahier%20Mois.pdf','2023-09-01',599,'2023-11-22 19:30:12','2023-11-22 19:30:12'),(4,'/uploads/books/Cahier%20Mois.pdf','2023-08-01',599,'2023-11-22 19:30:25','2023-11-22 19:30:25'),(5,'/uploads/books/cahier_exemple_delta7.pdf','2023-07-01',599,'2023-11-22 19:30:35','2023-12-05 11:41:35');

--
-- Table structure for table `book_buy`
--

CREATE TABLE `book_buy` (
  `id` int(11) NOT NULL AUTO_INCREMENT,
  `account_id` int(11) DEFAULT NULL,
  `book_id` int(11) DEFAULT NULL,
  `by_subscription` tinyint(1) NOT NULL,
  `book_order_id` int(11) DEFAULT NULL,
  PRIMARY KEY (`id`),
  KEY `IDX_3EFEFBE19B6B5FBA` (`account_id`),
  KEY `IDX_3EFEFBE116A2B381` (`book_id`),
  KEY `IDX_3EFEFBE194607B61` (`book_order_id`)
) ENGINE=InnoDB AUTO_INCREMENT=29 DEFAULT CHARSET=utf8mb4 COLLATE=utf8mb4_unicode_ci;

--
-- Dumping data for table `book_buy`
--

INSERT INTO `book_buy` VALUES (26,21,3,0,15),(27,21,1,0,16),(28,21,4,0,17);

--
-- Table structure for table `book_download`
--

CREATE TABLE `book_download` (
  `id` int(11) NOT NULL AUTO_INCREMENT,
  `book_id` int(11) DEFAULT NULL,
  `account_id` int(11) DEFAULT NULL,
  PRIMARY KEY (`id`),
  KEY `IDX_61E5942916A2B381` (`book_id`),
  KEY `IDX_61E594299B6B5FBA` (`account_id`)
) ENGINE=InnoDB DEFAULT CHARSET=utf8mb4 COLLATE=utf8mb4_unicode_ci;

--
-- Dumping data for table `book_download`
--


--
-- Table structure for table `book_order`
--

CREATE TABLE `book_order` (
  `id` int(11) NOT NULL AUTO_INCREMENT,
  `account_id` int(11) DEFAULT NULL,
  `reference` varchar(255) DEFAULT NULL,
  `created_at` datetime NOT NULL,
  `updated_at` datetime NOT NULL,
  `bank_tx_id` int(11) DEFAULT NULL,
  `validated_at` datetime DEFAULT NULL COMMENT '(DC2Type:datetime_immutable)',
  `status` int(11) DEFAULT NULL,
  `amount` double NOT NULL,
  PRIMARY KEY (`id`),
  KEY `IDX_FBEB86E19B6B5FBA` (`account_id`)
) ENGINE=InnoDB AUTO_INCREMENT=18 DEFAULT CHARSET=utf8mb4 COLLATE=utf8mb4_unicode_ci;

--
-- Dumping data for table `book_order`
--

INSERT INTO `book_order` VALUES (15,21,'583583F4D001','2023-12-06 09:01:38','2023-12-06 09:01:41',NULL,NULL,3,599),(16,21,'4EE3DCF6F46D','2023-12-07 15:26:23','2023-12-07 15:26:34',NULL,'2023-12-07 15:26:34',100,599),(17,21,'725EFA4543A9','2023-12-07 15:26:55','2023-12-07 15:27:08',NULL,'2023-12-07 15:27:08',100,6598);

--
-- Table structure for table `book_order_status`
--

CREATE TABLE `book_order_status` (
  `id` int(11) NOT NULL AUTO_INCREMENT,
  `book_order_id` int(11) NOT NULL,
  `status_id` int(11) NOT NULL,
  `details` longtext DEFAULT NULL,
  `libelle` varchar(255) DEFAULT NULL,
  `created_at` datetime NOT NULL,
  `updated_at` datetime NOT NULL,
  PRIMARY KEY (`id`),
  KEY `IDX_E16EBF9194607B61` (`book_order_id`)
) ENGINE=InnoDB AUTO_INCREMENT=99 DEFAULT CHARSET=utf8mb4 COLLATE=utf8mb4_unicode_ci;

--
-- Dumping data for table `book_order_status`
--

INSERT INTO `book_order_status` VALUES (88,15,1,'En attente de vérification.',NULL,'2023-12-06 09:01:38','2023-12-06 09:01:38'),(89,15,2,'En vérification par l\'utilisateur.',NULL,'2023-12-06 09:01:38','2023-12-06 09:01:38'),(90,15,3,'Redirigé vers la banque.',NULL,'2023-12-06 09:01:41','2023-12-06 09:01:41'),(91,16,1,'En attente de vérification.',NULL,'2023-12-07 15:26:23','2023-12-07 15:26:23'),(92,16,2,'En vérification par l\'utilisateur.',NULL,'2023-12-07 15:26:23','2023-12-07 15:26:23'),(93,16,3,'Redirigé vers la banque.',NULL,'2023-12-07 15:26:25','2023-12-07 15:26:25'),(94,16,100,'Validé par la banque code: payetest.',NULL,'2023-12-07 15:26:34','2023-12-07 15:26:34'),(95,17,1,'En attente de vérification.',NULL,'2023-12-07 15:26:55','2023-12-07 15:26:55'),(96,17,2,'En vérification par l\'utilisateur.',NULL,'2023-12-07 15:26:55','2023-12-07 15:26:55'),(97,17,3,'Redirigé vers la banque.',NULL,'2023-12-07 15:27:01','2023-12-07 15:27:01'),(98,17,100,'Validé par la banque code: payetest.',NULL,'2023-12-07 15:27:08','2023-12-07 15:27:08');

--
-- Table structure for table `book_subscribe`
--

CREATE TABLE `book_subscribe` (
  `id` int(11) NOT NULL AUTO_INCREMENT,
  `account_id` int(11) DEFAULT NULL,
  `started_at` datetime NOT NULL COMMENT '(DC2Type:datetime_immutable)',
  `ending_at` datetime NOT NULL COMMENT '(DC2Type:datetime_immutable)',
  `book_order_id` int(11) DEFAULT NULL,
  PRIMARY KEY (`id`),
  KEY `IDX_7A1749789B6B5FBA` (`account_id`),
  KEY `IDX_7A17497894607B61` (`book_order_id`)
) ENGINE=InnoDB AUTO_INCREMENT=34 DEFAULT CHARSET=utf8mb4 COLLATE=utf8mb4_unicode_ci;

--
-- Dumping data for table `book_subscribe`
--

INSERT INTO `book_subscribe` VALUES (33,21,'2024-01-01 00:00:00','2024-12-31 23:59:59',17);

--
-- Table structure for table `configuration`
--

CREATE TABLE `configuration` (
  `id` int(11) NOT NULL AUTO_INCREMENT,
  `name` varchar(255) NOT NULL,
  `value` text DEFAULT NULL,
  `domain` varchar(255) NOT NULL,
  `type` varchar(255) NOT NULL,
  PRIMARY KEY (`id`)
) ENGINE=InnoDB AUTO_INCREMENT=89 DEFAULT CHARSET=utf8mb4 COLLATE=utf8mb4_unicode_ci;

--
-- Dumping data for table `configuration`
--

INSERT INTO `configuration` VALUES (1,'youtube','https://www.youtube.com/channel/UCnwpBhUBrCUkkoql16eIQRg','socials',''),(2,'twitter',NULL,'socials',''),(3,'linkedin','https://fr.linkedin.com/company/delta7','socials',''),(4,'facebook','https://www.facebook.com/associationdelta7','socials',''),(5,'nom_association','DELTA 7 - Association loi 1901 à but non lucratif','footer','text'),(6,'adresse_association','53 avenue de Saint-Ouen','footer','text'),(7,'cp_ville_association','75017 PARIS','footer',''),(8,'telephone_association','<a href=\"tel:+33146074222\">01.46.07.42.22</a>','footer',''),(9,'telephone_aide_association','(coût d\'une communication locale)','footer',''),(10,'email_association','<a href=\"mailto:info@delta7.org\">info@delta7.org</a>','footer',''),(12,'texte_sous_footer','© Delta 7 Tous droits réservés','footer',''),(13,'mail_de_recrutement','rh@delta7.org','email','text'),(21,'bouton_1_texte_couleur','#000000','btns','color'),(22,'bouton_2_texte_couleur','#48bdcb','btns','color'),(23,'bouton_campus_texte','ACCES CAMPUS','btns','text'),(24,'bouton_campus_lien','/campus/','btns','text'),(25,'robotstxt','User-agent: *\r\nAllow: /','misc','textarea'),(26,'prix_abonnement_exercices_annuel','5999','misc','text'),(27,'description_cahiers_exercice','<p style=\"text-align:justify\"><strong>Con&ccedil;u et d&eacute;velopp&eacute; par des neuropsychologues et valid&eacute; par le Comit&eacute; d&rsquo;experts de Delta 7, le cahier Delta 7 est un cahier d&rsquo;exercices de stimulation cognitive mensuel, destin&eacute; aux s&eacute;niors ne pr&eacute;sentant pas de troubles cognitifs qui souhaitent entra&icirc;ner leur m&eacute;moire &agrave; leur rythme. Il peut &eacute;galement &ecirc;tre utilis&eacute; par des s&eacute;niors pr&eacute;sentant des fragilit&eacute;s cognitives et par des professionnels animant des ateliers m&eacute;moire.</strong>\r\n\r\n<p style=\"text-align:justify\">Au d&eacute;but de chaque cahier, vous retrouverez des conseils pr&eacute;ventifs pour un vieillissement en bonne sant&eacute;, puis de nombreuses pages d&rsquo;exercices de stimulation cognitive vari&eacute;s, visant &agrave; stimuler l&rsquo;ensemble des fonctions cognitives (m&eacute;moire &agrave; court terme, m&eacute;moire &agrave; long terme visuelle et verbale, attention, raisonnement, flexibilit&eacute; mentale, le langage, etc).<br />\r\nLes pages d&rsquo;exercices sont suivis d&rsquo;une page d&rsquo;indices pour aider &agrave; r&eacute;soudre les exercices lorsqu&rsquo;une aide est n&eacute;cessaire, ainsi qu&rsquo;une page de solutions.</p>\r\n\r\n<p style=\"text-align:justify\">Chaque mois, faites-nous part de vos suggestions ou de vos id&eacute;es d&rsquo;exercices &agrave; int&eacute;grer &eacute;ventuellement dans un prochain cahier. Le cahier se pr&eacute;sente sous un format num&eacute;rique (fichier PDF) &agrave; t&eacute;l&eacute;charger sur votre ordinateur, tablette ou smartphone. Vous pourrez ensuite imprimer certains exercices qui n&eacute;cessitent, par exemple, de remplir une grille (ex : mots m&ecirc;l&eacute;s, mots crois&eacute;s, Sudoku&hellip;). La plupart des autres exercices ne n&eacute;cessitent pas d&rsquo;&ecirc;tre imprim&eacute;s.</p>\r\n\r\n<p style=\"text-align:center\"><em>Toute reproduction partielle ou totale des cahiers est interdite, sauf autorisation &eacute;crite.</em><br />\r\n&nbsp;</p>\r\n\r\n<p style=\"text-align:justify\"><strong>Comment revevoir les cahiers Delta 7 ?</strong></p>\r\n\r\n<p style=\"text-align:justify\">Pour obtenir les cahiers Delta7, cliquez sur l&#39;offre que vous souhaitez (&quot;Je choisis mon offre&quot; ci-dessous) puis compl&eacute;tez le formulaire avec vos coordonn&eacute;es. Le r&egrave;glement s&#39;effectue &agrave; l&#39;&eacute;tape suivante, par carte bancaire, via une page s&eacute;curis&eacute;e.</p>\r\n\r\n<p style=\"text-align:justify\">Une fois le paiement finalis&eacute;, vous recevrez, par e-mail, le lien de t&eacute;l&eacute;chargement du cahier.<br />\r\nSi vous optez pour l&#39;abonnement, vous recevrez un e-mail par mois durant 11 mois.</p>\r\n\r\n<p style=\"text-align:justify\">&nbsp;</p>','misc','textrich'),(28,'bouton_2_couleur','#d4f3f7','btns','color'),(29,'bouton_2_texte','Cahiers d\'exercice','btns','text'),(30,'bouton_2_lien','','btns','text'),(33,'soustitre','en Île-de-France','home','text'),(34,'titre','<strong>L&#39;innovation&nbsp;</strong>au service de<strong>&nbsp;l&#39;autonomie</strong>','home','textrich'),(35,'surtitre','DEPUIS 50 ANS','home','text'),(36,'texte_intro','Fond&eacute;e le 1er mars 1973, l&#39;association DELTA 7 est <strong>un v&eacute;ritable laboratoire d&rsquo;innovations sociales.</strong>&nbsp;Elle a pour objet d&#39;imaginer et de mettre en &oelig;uvre toutes&nbsp;<strong>innovations concr&egrave;tes</strong>&nbsp;pour apporter des solutions aux probl&egrave;mes m&eacute;dico-sociaux, sociaux ou sanitaires, mal ou non r&eacute;solus.','home','textrich'),(37,'contact_email_1','rmartin@delta7.org','email','text'),(38,'contact_sujet_1','Accueil de jour','email','text'),(39,'contact_email_2','odegroc@delta7.org','email','text'),(40,'contact_sujet_2','Plateforme d\'accompagnement des aidants','email','text'),(41,'contact_email_3','prevention@delta7.org','email','text'),(42,'contact_sujet_3','Prévention','email','text'),(43,'contact_email_4','info@delta7.org','email','text'),(44,'contact_sujet_4','Dons','email','text'),(46,'page_stages','D&eacute;couvrez les offres de m&eacute;c&eacute;nat de comp&eacute;tences de notre association, une opportunit&eacute; id&eacute;ale pour contribuer &agrave; notre mission !','texts','textrich'),(47,'page_offres_emploi','<p>Vous souhaitez rejoindre notre association ? Vous avez raison ! C&rsquo;est une structure en plein d&eacute;veloppement, aux valeurs fortes, o&ugrave; se m&eacute;langent avec brio dynamisme, professionnalisme et convivialit&eacute;.</p>\r\n\r\n<p>Votre candidature est constitu&eacute;e d&rsquo;un CV &agrave; jour et d&rsquo;une lettre de motivation o&ugrave; vous prendrez soin de d&eacute;tailler ce qui vous int&eacute;resse &agrave; Delta 7, ainsi que ce que vous pensez pouvoir nous apporter.</p>','texts','textrich'),(48,'email_partenariat','Bonjour,\r\n\r\n<p>Vous avez re&ccedil;u une nouvelle demande de partenariat avec les informations suivantes :</p>','texts','textrich'),(49,'mail_de_partenariat','direction@delta7.org','email','text'),(50,'page_nos_partenaires','','texts','textrich'),(51,'page_notre_equipe','','texts','textrich'),(52,'section_pres_de_chez_vous','Vous trouverez ci-dessous sur la carte toutes nos diff&eacute;rentes actions.<br />\r\n<strong>Cliquez ci-dessous pour s&eacute;lectionner vos actions puis cliquez&nbsp; et zoomer sur la carte pour avoir plus d&#39;informations.</strong>','home','textrich'),(53,'section_notre_impact','<img alt=\"\" src=\"/uploads/images/1-1(1).png\" style=\"height:481px; width:1600px\" />','home','textrich'),(54,'bandeau_surtitre','NOUVEAU','home','text'),(55,'bandeau_lien','http://dev.delta7.org/cahiers-d-exercice','home','text'),(56,'bandeau_image','/books/notebook.png','home','text'),(57,'bandeau_texte','<p style=\"text-align:justify\"><span style=\"font-size:18px\"><strong>Dans un monde en constante &eacute;volution, il est essentiel de prendre soin de notre sant&eacute; cognitive, surtout en vieillissant.<br />\r\nLes cahiers d&#39;exercices que nous vous proposons sont sp&eacute;cialement con&ccedil;us pour aider &agrave; maintenir et &agrave; stimuler vos capacit&eacute;s cognitives et votre m&eacute;moire.</strong></span>\r\n\r\n<address>Ces cahiers offrent une vari&eacute;t&eacute; d&#39;activit&eacute;s ludiques et stimulantes, allant des jeux de mots aux puzzles, en passant par des exercices<br />\r\nde logique et des d&eacute;fis math&eacute;matiques. Chaque activit&eacute; est soigneusement &eacute;labor&eacute;e pour solliciter diff&eacute;rentes fonctions cognitives,<br />\r\ntelles que l&#39;attention, la concentration, ainsi que la m&eacute;moire &agrave; court et &agrave; long terme.</address>','home','textrich'),(58,'bandeau_titre','Cahiers d\'exercice','home','text'),(59,'page_benevolat','Venez d&eacute;couvrir ici nos offres de b&eacute;n&eacute;volat : nous vous invitons &agrave; nous rejoindre pour avoir ensemble un impact positif sur la sant&eacute; de nos seniors et de leur aidants.<br />\r\nN&#39;h&eacute;sitez pas &agrave; prendre contact avec nous pour en savoir plus.','texts','textrich'),(61,'page_seine_et_marne','<p style=\"margin-left:240px; text-align:justify\"><img alt=\"\" src=\"/uploads/partenaires/Seine%26Marne.png\" style=\"border-style:solid; border-width:0px; height:109px; margin:0px; width:160px\" />\r\n\r\n<p style=\"text-align:justify\">Le D&eacute;partement de Seine-et-Marne accompagne au quotidien plus de 16 000 seniors en perte d&rsquo;autonomie ainsi que leurs familles et leurs proches aidants. Il propose un ensemble de dispositifs de pr&eacute;vention et d&rsquo;aides destin&eacute;s au maintien des ain&eacute;s &agrave; leur domicile ou &agrave; leur accueil dans diff&eacute;rentes structures adapt&eacute;es &agrave; leurs besoins.</p>\r\n\r\n<p style=\"text-align:justify\">Dans un objectif partag&eacute; de pouvoir bien vieillir &agrave; domicile, la Conf&eacute;rence Des Financeurs de Seine-et-Marne, en lien avec des partenaires, organise depuis 2017 de nombreuses actions autour de th&eacute;matiques comme l&rsquo;initiation &agrave; l&rsquo;informatique et outils connect&eacute;s, les activit&eacute;s physiques adapt&eacute;es, les ateliers cuisine et plaisir de manger, des actions culturelles et de transmission de la m&eacute;moire des plus anciens vers les plus jeunes &hellip;</p>\r\n\r\n<p style=\"text-align:justify\">Toutes ces actions sont d&eacute;ploy&eacute;es par la Conf&eacute;rence Des Financeurs de Seine-et-Marne gr&acirc;ce au soutien financier de la CNSA ( Caisse Nationale des Solidarit&eacute;s pour l&rsquo;Autonomie). Gr&acirc;ce &agrave; la Conf&eacute;rence, vous pouvez participer sans aucun frais financier sauf exception.</p>','texts','textrich'),(62,'contact_sujet_5','Bénévolat','email','text'),(63,'contact_sujet_6','Partenariat','email','text'),(64,'contact_sujet_7','Démarchage','email','text'),(65,'contact_sujet_8','Fragilité','email','text'),(66,'contact_sujet_20','Autre','email','text'),(67,'texte_sidebar_step_3','<p style=\"text-align:justify\"><strong>Informations concernant le paiement de votre don</strong><br />\r\n<br />\r\nApr&egrave;s avoir cliqu&eacute; sur &quot;Etape suivante&quot;, vous trouverez les informations n&eacute;cessaires pour finaliser votre paiement.<br />\r\nSi vous rencontrez des difficult&eacute;s, n&#39;h&eacute;sitez pas &agrave; nous contacter au 01.46.07.42.22.','donation','textrich'),(68,'texte_sidebar_step_2','<p style=\"text-align:justify\"><span style=\"font-size:16px\"><strong>Les informations recueillies</strong></span><br />\r\n<br />\r\n<span style=\"font-size:16px\">E</span><span style=\"font-size:16px\">lles&nbsp;sont n&eacute;cessaires pour le suivi de votre don, l&#39;envoi de votre re&ccedil;u fiscal et vous tenir inform&eacute;(e) de l&#39;actualit&eacute; de Delta 7 par l&#39;envoi de notre newsletter. Vous pouvez &agrave; tout moment utiliser le lien de d&eacute;sabonnement int&eacute;gr&eacute; dans la newsletter. Delta 7 s&#39;engage formellement &agrave; ne vendre, louer ou &eacute;changer aucune information personnelle.</span>\r\n\r\n<p style=\"text-align:justify\"><em><span style=\"font-size:11.5pt\">J&rsquo;accepte le traitement informatis&eacute; des donn&eacute;es nominatives qui me concernent en conformit&eacute; avec le R&egrave;glement (UE) 2016/679, la directive (UE) 2016/80 du 27 avril 2016 et les dispositions de la loi n&deg;2004-801 du 6 ao&ucirc;t 2004 relative &agrave; la protection des personnes et modifiant la loi n&deg; 78-17 du 6 janvier 1978 relative &agrave; l&rsquo;informatique, aux fichiers et aux libert&eacute;s.</span></em></p>','donation','textrich'),(69,'texte_sidebar_step_1','<p style=\"text-align:justify\"><strong>Les d&eacute;ductions d&#39;imp&ocirc;ts pour les particuliers&nbsp;</strong><br />\r\n<br />\r\n<span style=\"font-size:14px\">Vous &ecirc;tes un particulier, vous payez l&rsquo;imp&ocirc;t sur le revenu ? Selon l&rsquo;article 200 du code g&eacute;n&eacute;ral des imp&ocirc;ts,&nbsp;<strong>66 % de votre don est d&eacute;ductible de l&rsquo;imp&ocirc;t sur le revenu.&nbsp;</strong>Par exemple, si vous effectuez un don de 75 &euro;, il ne vous en co&ucirc;tera en r&eacute;alit&eacute; que 25,50 &euro; apr&egrave;s d&eacute;duction.&nbsp;</span>\r\n\r\n<p style=\"text-align:justify\"><span style=\"font-size:14px\"><strong>Pour b&eacute;n&eacute;ficier de la r&eacute;duction d&rsquo;imp&ocirc;t sur le revenu, deux conditions sont n&eacute;cessaires : &nbsp;</strong></span></p>\r\n\r\n<ul>\r\n	<li style=\"text-align:justify\"><span style=\"font-size:14px\">Votre don doit concerner un organisme &agrave; but non lucratif, une association d&rsquo;int&eacute;r&ecirc;t g&eacute;n&eacute;ral ou reconnue d&rsquo;utilit&eacute; publique. C&rsquo;est le cas de Delta 7. &nbsp;</span></li>\r\n	<li style=\"text-align:justify\"><span style=\"font-size:14px\">La r&eacute;duction ne peut pas d&eacute;passer 20 % de votre revenu imposable. Toutefois, vous pouvez reporter l&rsquo;exc&eacute;dent  sur vos d&eacute;clarations en l&rsquo;&eacute;talant sur les 5 ann&eacute;es suivantes. &nbsp;&nbsp;</span></li>\r\n</ul>\r\n\r\n<p style=\"text-align:justify\"><span style=\"font-size:14px\">Pour d&eacute;duire votre don de votre imp&ocirc;t sur le revenu,&nbsp;<strong>votre don doit imp&eacute;rativement &ecirc;tre effectu&eacute; avant le 31 d&eacute;cembre &agrave; minuit&nbsp;</strong>de l&rsquo;ann&eacute;e pr&eacute;c&eacute;dant la d&eacute;claration. Ainsi, les dons d&eacute;ductibles en 2025 auront &eacute;t&eacute; effectu&eacute;s avant le 31 d&eacute;cembre 2024.&nbsp;</span></p>\r\n\r\n<p style=\"text-align:justify\"><strong><span style=\"font-size:14px\">Comment d&eacute;duire votre don des imp&ocirc;ts ?&nbsp;</span></strong><br />\r\n<span style=\"font-size:14px\">Lorsque vous faites un don &agrave; Delta 7, vous recevez un re&ccedil;u fiscal. Ce document, envoy&eacute; apr&egrave;s chaque don, ou une fois par an pour les dons mensualis&eacute;s, vous permet de b&eacute;n&eacute;ficier d&rsquo;une r&eacute;duction de votre imp&ocirc;t sur le revenu. &nbsp;</span></p>\r\n\r\n<p style=\"text-align:justify\"><span style=\"font-size:14px\">Si vous envoyez votre d&eacute;claration de revenu par courrier :  le re&ccedil;u devra &ecirc;tre joint &agrave; votre d&eacute;claration d&rsquo;imp&ocirc;ts. &nbsp;<br />\r\nSi vous faites votre d&eacute;claration de revenu par internet : conservez bien votre re&ccedil;u, car il pourra vous &ecirc;tre r&eacute;clam&eacute; ult&eacute;rieurement par l&rsquo;administration fiscale. &nbsp;</span></p>','donation','textrich'),(70,'texte_bank','<p style=\"text-align:justify\"><strong>Pour finaliser votre don, merci de faire votre virement sur le compte suivant :&nbsp;</strong><br />\r\n<br />\r\nIBAN :&nbsp;FR76 3006 6100 0500 0101 6130 145<br />\r\nNom du b&eacute;n&eacute;ficiaire : Association Delta 7<br />\r\nIntitul&eacute; du don : Don site internet le [date du don]\r\n\r\n<p style=\"text-align:justify\">D&egrave;s r&eacute;ception, nous vous ferons parvenir votre relev&eacute; fiscal.</p>','donation','textrich'),(71,'texte_check','<p style=\"text-align:justify\"><strong>Pour finaliser votre don, merci d&#39;envoyer votre ch&egrave;que &agrave; l&#39;ordre de &quot;Association Delta 7&quot; au 53 avenue de Saint-Ouen 75017 Paris.</strong>\r\n\r\n<p style=\"text-align:justify\"><span style=\"font-size:14px\">Merci de joindre &agrave; ce ch&egrave;que un mot avec la mention : &quot;Suite &agrave; mon don sur internet le [date du don], vous trouverez ci-joint le r&egrave;glement. Nom et pr&eacute;nom indiqu&eacute;s sur le formulaire de don&quot;. D&egrave;s r&eacute;ception, nous vous ferons parvenir votre relev&eacute; fiscal.</span></p>','donation','textrich'),(72,'titre_receveur_1','Les personnes atteintes de maladies neuroévolutives','donation','text'),(73,'description_receveur_1','Elles sont accompagnées au sein de nos accueils de jour pour socialiser, stimuler leurs capacités cognitives, faire des sorties et offrir du répit à leur aidant.','donation','text'),(74,'titre_receveur_2','Les aidants','donation','text'),(75,'description_receveur_2','Ils sont accompagnés par notre pôle aidant pour du soutien psychosocial, du répit, de la formation, des sorties et séjours vacances, des prestations de bien-être...','donation','text'),(76,'titre_receveur_3','Le bien-vieillir des seniors','donation','text'),(77,'description_receveur_3','Votre don permet de développer de nouvelles activités de prévention (mémoire, randonnées, activités physiques et artistiques, bien-être...)','donation','text'),(78,'titre_receveur_4','Les soignants','donation','text'),(79,'description_receveur_4','Votre don permet de mettre en place des actions favorisant la qualité de vie au travail des soignants, et la promotion de bonnes conditions de travail.','donation','text'),(80,'contact_email_5','info@delta7.org','email','text'),(81,'contact_email_6','direction@delta7.org','email','text'),(82,'contact_email_7','info@delta7.org','email','text'),(83,'contact_email_8','atelier@delta7.org','email','text'),(84,'contact_email_20','info@delta7.org','email','text'),(85,'titre_cahiers_exercice','Présentation et fonctionnement du cahier','misc','text'),(86,'description_abonnement_cahiers_exercice','11 Cahiers d\'exercices inclus\r\n1 Cahier/mois (sauf en Août)','misc','textarea'),(87,'contact_email_9','candidatures@delta7.org','email','text'),(88,'contact_sujet_9','Candidatures spontanées','email','text');

--
-- Table structure for table `doc_ressource`
--

CREATE TABLE `doc_ressource` (
  `id` int(11) NOT NULL AUTO_INCREMENT,
  `theme_id` int(11) DEFAULT NULL,
  `author_id` int(11) DEFAULT NULL,
  `last_author_id` int(11) DEFAULT NULL,
  `title` varchar(255) NOT NULL,
  `type` varchar(255) NOT NULL,
  `link` varchar(255) DEFAULT NULL,
  `description` longtext NOT NULL,
  `image` varchar(255) NOT NULL,
  `created_at` datetime NOT NULL,
  `updated_at` datetime NOT NULL,
  `slug` varchar(255) NOT NULL,
  `file` varchar(255) DEFAULT NULL,
  PRIMARY KEY (`id`),
  KEY `IDX_6F47792559027487` (`theme_id`),
  KEY `IDX_6F477925F675F31B` (`author_id`),
  KEY `IDX_6F477925E1BA2C1D` (`last_author_id`),
  CONSTRAINT `FK_6F47792559027487` FOREIGN KEY (`theme_id`) REFERENCES `doc_ressource_theme` (`id`),
  CONSTRAINT `FK_6F477925E1BA2C1D` FOREIGN KEY (`last_author_id`) REFERENCES `user` (`id`) ON DELETE SET NULL,
  CONSTRAINT `FK_6F477925F675F31B` FOREIGN KEY (`author_id`) REFERENCES `user` (`id`) ON DELETE SET NULL
) ENGINE=InnoDB AUTO_INCREMENT=266 DEFAULT CHARSET=utf8mb4 COLLATE=utf8mb4_unicode_ci;

--
-- Dumping data for table `doc_ressource`
--

INSERT INTO `doc_ressource` VALUES (1,1,NULL,NULL,'Bouger pour préserver son autonomie','video','https://www.youtube.com/embed/jf0JUQqeuBo','<p>Direct avec Am&eacute;lie Truptil, psychomotricienne, membre du Comit&eacute; d&#39;Experts de l&#39;association Delta 7 et enseignante en psychomotricit&eacute; pour l&#39;ISRP.7</p>','/uploads/ressourcesdocsthumbs/mq1.png','2024-05-03 13:33:11','2024-05-06 16:41:34','bouger-pour-preserver-son-autonomie',NULL),(3,NULL,NULL,NULL,'La Peinture Mystère','video','https://www.youtube.com/embed/gkV51MVlQLI','<p>Anim&eacute; par Gilbert WOKALEK - Aide M&eacute;dico-Psychologique et R&eacute;f&eacute;rent Nutrition pour l&#39;association Delta 7 Niveau : Dur&eacute;e : 15 minutes</p>','/uploads/ressourcesdocsthumbs/mq1-La-Peinture-Mystère.png','2024-05-03 13:33:11','2025-05-06 16:06:34','la-peinture-mystere',NULL),(4,NULL,NULL,NULL,'Méditation sur les pensées','video','https://www.youtube.com/embed/mfRsBQUASwk','<p>Anim&eacute; par Olivia de GROC, psychologue et instructrice de m&eacute;ditation pleine conscience Niveau : pour tous publics Dur&eacute;e : 12 minutes</p>','/uploads/ressourcesdocsthumbs/mq1-MED5-Méditation-sur-les-pensées.png','2024-05-03 13:33:11','2024-05-03 13:33:11','meditation-sur-les-pensees',NULL),(5,NULL,NULL,NULL,'Relaxation par les mouvements lents','video','https://www.youtube.com/embed/sF_wjLG4wAI','<p>Anim&eacute; par Am&eacute;lie TRUPTIL, psychomotricienne et enseignante en psychomotricit&eacute; et avec la participation sympathique de Diana, retrait&eacute;e. Niveau : pour tous publics Dur&eacute;e 22 minutes</p>','/uploads/ressourcesdocsthumbs/mq1-Relaxation-par-les-mouvements-lents.png','2024-05-03 13:33:11','2024-05-03 13:33:11','relaxation-par-les-mouvements-lents',NULL),(6,NULL,NULL,NULL,'Quizz de culture général niveau 1','video','https://www.youtube.com/embed/0eMdvhx5DDI','<p>Culture G&eacute;n&eacute;rale Quiz 1 Niveau 1 Anim&eacute; par Guillaume LIMOUZIN - Aide M&eacute;dico-Psychologique et Formateur Num&eacute;rique Niveau : 1 &eacute;toile Dur&eacute;e 19 minutes</p>','/uploads/ressourcesdocsthumbs/Quizz-de-culture-général-niveau-1.png','2024-05-03 13:33:11','2024-05-03 13:33:11','quizz-de-culture-general-niveau-1',NULL),(7,NULL,NULL,NULL,'Se relever seul(e) du sol en toute sécurité','video','https://www.youtube.com/embed/XxeHu9tK9XA','<p>Anim&eacute; par Am&eacute;lie TRUPTIL, psychomotricienne et enseignante en psychomotricit&eacute; et avec la participation sympathique de Diana, retrait&eacute;e. Niveau : pour tous publics Dur&eacute;e 8 minutes</p>','/uploads/ressourcesdocsthumbs/Se-relever-seul(e)-du-sol-en-toute-sécurité.png','2024-05-03 13:33:11','2024-05-03 13:33:11','se-relever-seul-e-du-sol-en-toute-securite',NULL),(8,NULL,NULL,NULL,'Développez votre attention visuelle','video','https://www.youtube.com/embed/8sj8Xi4UkeQ','<p>Anim&eacute; par Mana BATHAEE, neuropsychologue</p>\r\n<p>Niveau : 1 &eacute;toile</p>\r\n<p>Dur&eacute;e : 18 minutes</p>','/uploads/ressourcesdocsthumbs/développez-votre-attention-visuelle.png','2024-05-03 13:33:11','2024-05-03 13:33:11','developpez-votre-attention-visuelle',NULL),(9,NULL,NULL,NULL,'Renforcement Musculaire et Équilibre','video','https://www.youtube.com/embed/9tCiSL7q0yc','<p>Anim&eacute; par Am&eacute;lie TRUPTIL, psychomotricienne et enseignante en psychomotricit&eacute;</p>\r\n<p>et avec la participation sympathique de Diana, retrait&eacute;e.</p>\r\n<p>Niveau : pour tous publics</p>\r\n<p>Dur&eacute;e 27 minutes</p>','/uploads/ressourcesdocsthumbs/Renforcement-Musculaire-et-Équilibre-Atelier-adapté.png','2024-05-03 13:33:11','2024-05-03 13:33:11','renforcement-musculaire-et-equilibre',NULL),(10,NULL,NULL,NULL,'EMISSION - Si je dis... Aidant ? - Invités: Elodie et Louis, parents d’Andréa','video','https://www.youtube.com/embed/OUMqufdtx4U','<p>Si Je dis... Aidant ? - Invit&eacute;s : Elodie et Louis, parents d&rsquo;Andr&eacute;a, atteinte d&rsquo;une maladie g&eacute;n&eacute;tique rare et neurod&eacute;g&eacute;n&eacute;rative Rapha&euml;lle MARTIN re&ccedil;oit Elodie et Louis, parents d&#039;Andr&eacute;a, atteinte d&#039;une maladie rare incurable et fondateurs de l&#039;Association \\\" les Bobos &agrave; la ferme\\\".</p>\r\n<p>Vous pouvez envoyer vos questions en avance ou en temps r&eacute;el &agrave; direct@delta7.org</p>','/uploads/ressourcesdocsthumbs/maxresdefault.jpg','2024-05-03 13:33:11','2024-05-03 13:33:11','emission-si-je-dis-aidant-invites-elodie-et-louis-parents-d-andrea',NULL),(11,NULL,NULL,NULL,'Quizz Culture G niv 2','video','https://www.youtube.com/embed/7XA0yzIgTtk','<p>Culture G&eacute;n&eacute;rale Quiz 2 Niveau 2</p>\r\n<p>Anim&eacute; par Guillaume LIMOUZIN - Aide M&eacute;dico-Psychologique et Formateur Num&eacute;rique</p>\r\n<p>Niveau : 2 &eacute;toiles</p>\r\n<p>Dur&eacute;e 22 minutes</p>','/uploads/ressourcesdocsthumbs/LUD7-Culture-Générale .png','2024-05-03 13:33:11','2024-05-03 13:33:11','quizz-culture-g-niv-2',NULL),(12,NULL,NULL,NULL,'Prendre soin de soi avec les automassages','video','https://www.youtube.com/embed/UypIyNw2rAE','<div id=\\\"description-inner\\\" class=\\\"style-scope ytd-watch-metadata\\\">Anim&eacute; par Am&eacute;lie TRUPTIL, psychomotricienne et enseignante en psychomotricit&eacute;</div>\r\n<div class=\\\"style-scope ytd-watch-metadata\\\">et avec la participation sympathique de Diana, retrait&eacute;e.</div>\r\n<div class=\\\"style-scope ytd-watch-metadata\\\">Niveau : pour tous publics</div>\r\n<div class=\\\"style-scope ytd-watch-metadata\\\">Dur&eacute;e 23 minutes</div>','/uploads/ressourcesdocsthumbs/Prendre-soin-de-soi-avec-les-automassages.png','2024-05-03 13:33:11','2024-05-03 13:33:11','prendre-soin-de-soi-avec-les-automassages',NULL),(13,NULL,NULL,NULL,'Quizz : Les Personnages Célèbres','video','https://www.youtube.com/embed/cdo7ARdv7DA','<p>Anim&eacute; par Guillaume LIMOUZIN, aide m&eacute;dico-psychologique et formateur num&eacute;rique</p>\r\n<p>Niveau : Tout public \\\"Casa en ligne\\\"</p>\r\n<p>Dur&eacute;e 35 minutes</p>','/uploads/ressourcesdocsthumbs/LUD12-Les-Personnages-Célèbres.png','2024-05-03 13:33:11','2024-05-03 13:33:11','quizz-les-personnages-celebres',NULL),(14,NULL,NULL,NULL,'Renforcement musculaire et équilibre - Atelier dynamique','video','https://www.youtube.com/embed/9f2bre_oql4','<p>Anim&eacute; par Am&eacute;lie TRUPTIL, psychomotricienne et enseignante en psychomotricit&eacute;</p>\r\n<p>et avec la participation sympathique de Diana, retrait&eacute;e.</p>\r\n<p>Niveau : pour tout public \\\"Restez en forme\\\"</p>\r\n<p>Dur&eacute;e 28 minutes</p>','/uploads/ressourcesdocsthumbs/MOT8-Renforcement-musculaire-et-équilibre-Atelier-dynamique.png','2024-05-03 13:33:11','2024-05-03 13:33:11','renforcement-musculaire-et-equilibre-atelier-dynamique',NULL),(15,NULL,NULL,NULL,'A la découverte des grands monuments de France','video','https://www.youtube.com/embed/xz7EVnYz5-U','<p>Anim&eacute; par Guillaume LIMOUZIN, aide m&eacute;dico-psychologique et formateur num&eacute;rique</p>\r\n<p>Niveau : pour tous</p>\r\n<p>Dur&eacute;e 29 minutes</p>','/uploads/ressourcesdocsthumbs/A-la-découverte-des-grands-monuments-de-France.png','2024-05-03 13:33:11','2024-05-03 13:33:11','a-la-decouverte-des-grands-monuments-de-france',NULL),(16,NULL,NULL,NULL,'Méditation sur l\'expérience Sonore','video','https://www.youtube.com/embed/-Ez36hy-EN0','<p>Anim&eacute; par Olivia de GROC, psychologue et instructrice de m&eacute;ditation pleine conscience</p>\r\n\r\n<p>Niveau : pour tous publics</p>\r\n\r\n<p>Dur&eacute;e : 11 minutes</p>','/uploads/ressourcesdocsthumbs/Méditation-sur-l-Expérience-Sonore.png','2024-05-03 13:33:11','2025-05-06 16:06:52','meditation-sur-l-experience-sonore',NULL),(17,NULL,NULL,NULL,'Relaxation par les mouvements lents','video','https://www.youtube.com/embed/973J-6QpXNI','<p>Anim&eacute; par Am&eacute;lie TRUPTIL, psychomotricienne et enseignante en psychomotricit&eacute;</p>\r\n<p>et avec la participation sympathique de Diana, retrait&eacute;e.</p>\r\n<p>Niveau : pour tous publics</p>\r\n<p>Dur&eacute;e 22 minutes</p>','/uploads/ressourcesdocsthumbs/Relaxation-par-les-mouvements-lents-2.png','2024-05-03 13:33:11','2024-05-03 13:33:11','relaxation-par-les-mouvements-lents',NULL),(18,NULL,NULL,NULL,'Remémorez vous les grands moments de l\'Histoire','video','https://www.youtube.com/embed/DJOpEJY1tTA','<p>Anim&eacute; par Guillaume LIMOUZIN, aide m&eacute;dico-psychologique et formateur num&eacute;rique</p>\r\n<p>Niveau : pour tout public \\\"Restez en forme\\\"</p>\r\n<p>Dur&eacute;e 27 minutes</p>','/uploads/ressourcesdocsthumbs/LUD14-Remémorez-vous-les-grands-moments-de-l-Histoire.png','2024-05-03 13:33:11','2024-05-03 13:33:11','rememorez-vous-les-grands-moments-de-l-039-histoire',NULL),(19,NULL,NULL,NULL,'Gymnastique adaptée pour la maladie de Parkinson','video','https://www.youtube.com/embed/KEzU0S0ZYcs','<p>Anim&eacute; par Am&eacute;lie TRUPTIL, psychomotricienne et enseignante en psychomotricit&eacute;</p>\r\n<p>Niveau : pour tout public \\\"Casa en ligne\\\" concern&eacute; par la maladie de Parkinson</p>\r\n<p>Dur&eacute;e 22 minutes</p>','/uploads/ressourcesdocsthumbs/Gymnastique-adaptée-pour-la-maladie-de-Parkinson.png','2024-05-03 13:33:11','2024-05-03 13:33:11','gymnastique-adaptee-pour-la-maladie-de-parkinson',NULL),(20,NULL,NULL,NULL,'Mémoire : Entraînez votre mémoire épisodique','video','https://www.youtube.com/embed/2ptCcZcjFAo','<p>Anim&eacute; par Lina AMAMA, neuropsychologue</p>\r\n<p>Niveau : pour tout public \\\"Restez en Forme\\\"</p>\r\n<p>Dur&eacute;e 23 minutes</p>','/uploads/ressourcesdocsthumbs/Entraînez-votre-mémoire-épisodique.png','2024-05-03 13:33:11','2024-05-03 13:33:11','memoire-entrainez-votre-memoire-episodique',NULL),(21,NULL,NULL,NULL,'Séance d\'étirements pour être en forme !','video','https://www.youtube.com/embed/JQe9sKdLeBc','<p>Anim&eacute; par Am&eacute;lie TRUPTIL, psychomotricienne et enseignante en psychomotricit&eacute;</p>\r\n<p>et avec la participation sympathique de Diana, retrait&eacute;e.</p>\r\n<p>Niveau : pour tout public \\\"Restez en forme\\\"</p>\r\n<p>Dur&eacute;e 22 minutes</p>','/uploads/ressourcesdocsthumbs/Séance-d-étirements-pour-être-en-forme.png','2024-05-03 13:33:11','2024-05-03 13:33:11','seance-d-039-etirements-pour-etre-en-forme',NULL),(22,NULL,NULL,NULL,'La Peinture Mystère','video','https://www.youtube.com/embed/-v8mwsX1Yw8','<p>Anim&eacute; par Gilbert WOKALEK - Aide M&eacute;dico-Psychologique et R&eacute;f&eacute;rent Nutrition pour l&#039;association Delta 7</p>\r\n<p>Niveau : tout public \\\"Casa en ligne\\\"</p>\r\n<p>Dur&eacute;e : 22 minutes</p>','/uploads/ressourcesdocsthumbs/LUD2-La-Peinture-Mystère.png','2024-05-03 13:33:11','2024-05-03 13:33:11','la-peinture-mystere',NULL),(23,NULL,NULL,NULL,'Et hop! Un peu de Charleston','video','https://www.youtube.com/embed/JeBiJAc9vz0','<p>Anim&eacute; par Am&eacute;lie TRUPTIL, psychomotricienne et enseignante en psychomotricit&eacute;</p>\r\n<p>et avec la participation sympathique de Diana, retrait&eacute;e.</p>\r\n<p>Niveau : pour tout public \\\"Restez en forme\\\"</p>\r\n<p>Dur&eacute;e 10 minutes</p>','/uploads/ressourcesdocsthumbs/Et-hop-Un-peu-de-Charleston.png','2024-05-03 13:33:11','2024-05-03 13:33:11','et-hop-un-peu-de-charleston',NULL),(24,NULL,NULL,NULL,'La Peinture Mystère','video','https://www.youtube.com/embed/59RV4BYWlMc','<p>Anim&eacute; par Gilbert WOKALEK - Aide M&eacute;dico-Psychologique et R&eacute;f&eacute;rent Nutrition pour l&#039;association Delta 7</p>\r\n<p>Niveau : pour tous publics</p>\r\n<p>Dur&eacute;e : 18 minutes</p>','/uploads/ressourcesdocsthumbs/LUD15-La-Peinture-Mystère.png','2024-05-03 13:33:11','2024-05-03 13:33:11','la-peinture-mystere',NULL),(25,NULL,NULL,NULL,'Méditation sur la présence à la difficulté','video','https://www.youtube.com/embed/Nu7MYb8Oy68','<p>Anim&eacute; par Olivia de GROC, psychologue et instructrice de m&eacute;ditation pleine conscience</p>\r\n<p>Niveau : pour tous publics</p>\r\n<p>Dur&eacute;e : 18 minutes</p>','/uploads/ressourcesdocsthumbs/MED8-Méditation-sur-la-présence-à-la-difficulté.png','2024-05-03 13:33:11','2024-05-03 13:33:11','meditation-sur-la-presence-a-la-difficulte',NULL),(26,NULL,NULL,NULL,'Un petit coup de... cha Cha CHA !','video','https://www.youtube.com/embed/-UGe5UCrj_I','<p>Anim&eacute; par Am&eacute;lie TRUPTIL, psychomotricienne et enseignante en psychomotricit&eacute;</p>\r\n<p>et avec la participation sympathique de Diana, retrait&eacute;e.</p>\r\n<p>Niveau : pour tout public \\\"Restez en forme\\\"</p>\r\n<p>Dur&eacute;e 16 minutes</p>','/uploads/ressourcesdocsthumbs/MOT18-Un-petit-coup-de-cha-Cha-CHA.png','2024-05-03 13:33:11','2024-05-03 13:33:11','un-petit-coup-de-cha-cha-cha',NULL),(27,NULL,NULL,NULL,'Les personnages célèbres','video','https://www.youtube.com/embed/YKHwpP2RSRI','<p>Anim&eacute; par Guillaume LIMOUZIN, aide m&eacute;dico-psychologique et formateur num&eacute;rique</p>\r\n<p>Niveau : pour tous publics</p>\r\n<p>Dur&eacute;e 26 minutes</p>','/uploads/ressourcesdocsthumbs/LUD17-Les-personnages-célèbres.png','2024-05-03 13:33:11','2024-05-03 13:33:11','les-personnages-celebres',NULL),(28,NULL,NULL,NULL,'Se relaxer à 2 grâce à des points de pression relaxants','video','https://www.youtube.com/embed/5M4YHGbmwHE','<p>Anim&eacute; par Am&eacute;lie TRUPTIL, psychomotricienne et enseignante en psychomotricit&eacute;</p>\r\n<p>et avec la participation sympathique de Diana, retrait&eacute;e.</p>\r\n<p>Niveau : pour tous publics</p>\r\n<p>Dur&eacute;e 22 minutes</p>','/uploads/ressourcesdocsthumbs/REL8-Se-relaxer-à-2-grâce-à-des-points-de-pression-relaxants.png','2024-05-03 13:33:11','2024-05-03 13:33:11','se-relaxer-a-2-grace-a-des-points-de-pression-relaxants',NULL),(29,NULL,NULL,NULL,'Les personnages célèbre du cinéma','video','https://www.youtube.com/embed/BSOMdJIUkSE','<p>Anim&eacute; par J&eacute;r&eacute;my GLEDEL, neuropsychologue et directeur adjoint de centre Casa Delta 7</p>\r\n<p>Niveau : pour tous publics</p>\r\n<p>Dur&eacute;e 23 minutes</p>','/uploads/ressourcesdocsthumbs/LUD18-Les-personnages-célèbre-du-cinéma.png','2024-05-03 13:33:11','2024-05-03 13:33:11','les-personnages-celebre-du-cinema',NULL),(30,NULL,NULL,NULL,'Renforcement Musculaire et Équilibre','video','https://www.youtube.com/embed/3TMc_KPVASY','<p>Anim&eacute; par Am&eacute;lie TRUPTIL, Psychomotricienne et Enseignante en Psychomotricit&eacute;</p>\r\n<p>Niveau : pour tous</p>\r\n<p>Dur&eacute;e : 24 minutes</p>','/uploads/ressourcesdocsthumbs/MOT2-Renforcement-Musculaire-et-Équilibre.png','2024-05-03 13:33:11','2024-05-03 13:33:11','renforcement-musculaire-et-equilibre',NULL),(31,NULL,NULL,NULL,'Entraînez vos mémoires visuelle et spatiale','video','https://www.youtube.com/embed/G-_dkqWEsjI','<p>Anim&eacute; par Lina AMAMA, neuropsychologue</p>\r\n<p>Niveau : pour tout public \\\"Restez en forme\\\"</p>\r\n<p>Dur&eacute;e 13 minutes</p>','/uploads/ressourcesdocsthumbs/COG16-Entraînez-vos-mémoires-visuelle-et-spatiale.png','2024-05-03 13:33:11','2024-05-03 13:33:11','entrainez-vos-memoires-visuelle-et-spatiale',NULL),(32,NULL,NULL,NULL,'Sur un air... de Tango !','video','https://www.youtube.com/embed/EU8AvqSXtnQ','<p>Anim&eacute; par Am&eacute;lie TRUPTIL, Psychomotricienne et Enseignante en Psychomotricit&eacute;</p>\r\n<p>Niveau : pour tous publics</p>\r\n<p>Dur&eacute;e : 22 minutes</p>','/uploads/ressourcesdocsthumbs/MOT20-Sur-un-air-de-Tango.png','2024-05-03 13:33:11','2024-05-03 13:33:11','sur-un-air-de-tango',NULL),(33,NULL,NULL,NULL,'Voyagez à travers le monde à la découverte des plus beaux monuments','video','https://www.youtube.com/embed/l-eNmjuLou0','<p>Anim&eacute; par Guillaume LIMOUZIN, aide m&eacute;dico-psychologique et formateur num&eacute;rique</p>\r\n<p>Niveau : pour tous publics</p>\r\n<p>Dur&eacute;e 28 minutes</p>','/uploads/ressourcesdocsthumbs/LUD21-Voyagez-à-travers-le-monde-à-la-découverte-des-plus-beaux-monuments.png','2024-05-03 13:33:11','2024-05-03 13:33:11','voyagez-a-travers-le-monde-a-la-decouverte-des-plus-beaux-monuments',NULL),(34,NULL,NULL,NULL,'Debout pour le Tango !','video','https://www.youtube.com/embed/LMXEOQoiIV0','<p>Anim&eacute; par Am&eacute;lie TRUPTIL, Psychomotricienne et Enseignante en Psychomotricit&eacute;</p>\r\n<p>Niveau : pour tout public \\\"Restez en forme\\\"</p>\r\n<p>Dur&eacute;e : 21 minutes</p>','/uploads/ressourcesdocsthumbs/MOT21-Debout-pour-le-Tango.png','2024-05-03 13:33:11','2024-05-03 13:33:11','debout-pour-le-tango',NULL),(35,NULL,NULL,NULL,'Les énigmes de Gilbert E2','video','https://www.youtube.com/embed/7dgzQCy_BtQ','<p>Anim&eacute; par Gilbert WOKALEK - Aide M&eacute;dico-Psychologique et R&eacute;f&eacute;rent Nutrition pour l&#039;association Delta 7</p>\r\n<p>Niveau : pour tous publics</p>\r\n<p>Dur&eacute;e : 3 minutes</p>','/uploads/ressourcesdocsthumbs/LUD25-Les-énigmes-de-Gilbert-E2.png','2024-05-03 13:33:11','2024-05-03 13:33:11','les-enigmes-de-gilbert-e2',NULL),(36,NULL,NULL,NULL,'Méditation sur les émotions','video','https://www.youtube.com/embed/RtjiA67WKlw','<p>Anim&eacute; par Olivia de GROC, psychologue et instructrice de m&eacute;ditation pleine conscience</p>\r\n<p>Niveau : pour tous publics</p>\r\n<p>Dur&eacute;e : 18 minutes</p>','/uploads/ressourcesdocsthumbs/MED6-Méditation-sur-les-émotions.png','2024-05-03 13:33:11','2024-05-03 13:33:11','meditation-sur-les-emotions',NULL),(37,NULL,NULL,NULL,'La gymnastique... du visage !','video','https://www.youtube.com/embed/oS2PEMO001o','<p>Anim&eacute; par Am&eacute;lie TRUPTIL, Psychomotricienne et Enseignante en Psychomotricit&eacute;</p>\r\n<p>Niveau : pour tous publics</p>\r\n<p>Cet atelier est recommand&eacute; pour les personnes atteintes de la maladie de Parkinson</p>\r\n<p>Dur&eacute;e : 19 minutes</p>','/uploads/ressourcesdocsthumbs/MOT22-La-gymnastique-du-visage.png','2024-05-03 13:33:11','2024-05-03 13:33:11','la-gymnastique-du-visage',NULL),(38,NULL,NULL,NULL,'Culture Générale Quiz 4 Niveau 1 ','video','https://www.youtube.com/embed/zSvrIcCYTrc','<p>Culture G&eacute;n&eacute;rale Quiz 4 Niveau 1</p>\r\n<p>Anim&eacute; par Guillaume LIMOUZIN - Aide M&eacute;dico-Psychologique et Formateur Num&eacute;rique&nbsp;</p>\r\n<p>Niveau : 1 &eacute;toile</p>\r\n<p>Dur&eacute;e 26 minutes</p>','/uploads/ressourcesdocsthumbs/LUD35-Culture-Générale.png','2024-05-03 13:33:11','2024-05-03 13:33:11','culture-generale-quiz-4-niveau-1',NULL),(39,NULL,NULL,NULL,'Réveil Musculaire','video','https://www.youtube.com/embed/DXv2X5raWcs','<p>Atelier anim&eacute; par Guillaume LIMOUZIN - Aide M&eacute;dico-Psychologique et Formateur Num&eacute;rique</p>\r\n<p>Niveau : pour tous publics</p>\r\n<p>Dur&eacute;e : 20 minutes</p>','/uploads/ressourcesdocsthumbs/MOT1-Réveil-Musculaire.png','2024-05-03 13:33:11','2024-05-03 13:33:11','reveil-musculaire',NULL),(40,NULL,NULL,NULL,'Les personnages célèbres','video','https://www.youtube.com/embed/buKvdO6WgnQ','<p>Anim&eacute; par Guillaume LIMOUZIN, aide m&eacute;dico-psychologique et formateur num&eacute;rique</p>\r\n<p>Niveau : pour tout public \\\"Restez en forme\\\" et \\\"Casa en ligne\\\" 3 &eacute;toiles</p>\r\n<p>Dur&eacute;e 24 minutes</p>','/uploads/ressourcesdocsthumbs/LUD32-Les-personnages-célèbres.png','2024-05-03 13:33:11','2024-05-03 13:33:11','les-personnages-celebres',NULL),(41,NULL,NULL,NULL,'Debout pour la Salsa !','video','https://www.youtube.com/embed/dl6zn87fyEI','<p>Anim&eacute; par Am&eacute;lie TRUPTIL, Psychomotricienne et Enseignante en Psychomotricit&eacute;</p>\r\n<p>et avec la participation sympathique de Diana, retrait&eacute;e.</p>\r\n<p>Musique : Conga de Gloria Estefan</p>\r\n<p>Niveau : pour tout public \\\"Restez en forme\\\"</p>\r\n<p>Dur&eacute;e : 20 minutes</p>','/uploads/ressourcesdocsthumbs/MOT24-Debout-pour-la-Salsa.png','2024-05-03 13:33:11','2024-05-03 13:33:11','debout-pour-la-salsa',NULL),(42,NULL,NULL,NULL,'Quiz musical','video','https://www.youtube.com/embed/BW8xkmOHA70','<p>Anim&eacute; par Guillaume LIMOUZIN, aide m&eacute;dico-psychologique et formateur num&eacute;rique</p>\r\n<p>Niveau : pour tous publics</p>\r\n<p>Dur&eacute;e 20 minutes</p>','/uploads/ressourcesdocsthumbs/LUD38-Quiz-musical.png','2024-05-03 13:33:11','2024-05-03 13:33:11','quiz-musical',NULL),(43,NULL,NULL,NULL,'C\'est parti pour du Body Combat !','video','https://www.youtube.com/embed/RCjEq6VJUdE','<p>Anim&eacute; par Am&eacute;lie TRUPTIL, Psychomotricienne et Enseignante en Psychomotricit&eacute; et avec la participation sympathique de Diana, retrait&eacute;e.</p>\r\n<p>Musique : Eye of the tiger de Survivor</p>\r\n<p>Attention, cet atelier n&eacute;cessite une pr&eacute;caution particuli&egrave;re si vous avez des troubles de l&#039;&eacute;quilibre</p>\r\n<p>Niveau : pour tout public \\\"Restez en forme\\\"</p>\r\n<p>Dur&eacute;e : 11 minutes</p>','/uploads/ressourcesdocsthumbs/MOT25-C-est-parti-pour-du-Body-Combat.png','2024-05-03 13:33:11','2024-05-03 13:33:11','c-039-est-parti-pour-du-body-combat',NULL),(44,NULL,NULL,NULL,'Culture Générale','video','https://www.youtube.com/embed/A_jkxPiUDXY','<p>Quiz 5 niveau 3</p>\r\n<p>Anim&eacute; par Guillaume LIMOUZIN - Aide M&eacute;dico-Psychologique et Formateur Num&eacute;rique</p>\r\n<p>Niveau : 3 &eacute;toiles</p>\r\n<p>Dur&eacute;e 22 minutes</p>','/uploads/ressourcesdocsthumbs/LUD41-Culture-Générale.png','2024-05-03 13:33:11','2024-05-03 13:33:11','culture-generale',NULL),(45,NULL,NULL,NULL,'Méditation sur le souffle','video','https://www.youtube.com/embed/5PZuvEAKHac','<p>Anim&eacute; par Olivia de GROC, psychologue et instructrice de m&eacute;ditation pleine conscience</p>\r\n<p>Niveau : pour tous publics</p>\r\n<p>Dur&eacute;e : 20 minutes</p>','/uploads/ressourcesdocsthumbs/MED10-Méditation-sur-le-souffle.png','2024-05-03 13:33:11','2024-05-03 13:33:11','meditation-sur-le-souffle',NULL),(46,NULL,NULL,NULL,'Expression Corporelle sur un air de Tango !','video','https://www.youtube.com/embed/GjOXkOCdWWE','<p>Anim&eacute; par Am&eacute;lie TRUPTIL, Psychomotricienne et Enseignante en Psychomotricit&eacute;.</p>\r\n<p>Musique : Beautiful Tango d&#039;Hini Zahra</p>\r\n<p>Niveau : pour tout public \\\"Restez en forme\\\"</p>\r\n<p>Dur&eacute;e : 13 minutes</p>','/uploads/ressourcesdocsthumbs/MOT27-Expression-Corporelle-sur-un-air-de-Tango.png','2024-05-03 13:33:11','2024-05-03 13:33:11','expression-corporelle-sur-un-air-de-tango',NULL),(47,NULL,NULL,NULL,'Trouvez l\'intrus !','video','https://www.youtube.com/embed/ERSzSk2G51o','<p>Anim&eacute; par J&eacute;r&eacute;my GLEDEL, neuropsychologue et directeur adjoint de centre Casa Delta 7</p>\r\n<p>&nbsp;Niveau : 1 &eacute;toile</p>\r\n<p>Dur&eacute;e 21 minutes</p>','/uploads/ressourcesdocsthumbs/COG17-Trouvez-l-intrus.png','2024-05-03 13:33:11','2024-05-03 13:33:11','trouvez-l-039-intrus',NULL),(48,NULL,NULL,NULL,'Debout pour un atelier de mouvements lents','video','https://www.youtube.com/embed/MN8iNEY3uyA','<p>Anim&eacute; par Am&eacute;lie TRUPTIL, Psychomotricienne et Enseignante en Psychomotricit&eacute;</p>\r\n<p>Niveau : pour tout public \\\"Rester en forme\\\"</p>\r\n<p>Cet atelier est recommand&eacute; pour les personnes atteintes de la maladie de Parkinson</p>\r\n<p>Dur&eacute;e : 12 minutes</p>','/uploads/ressourcesdocsthumbs/REL12-Debout-pour-un-atelier-de-mouvements-lents.png','2024-05-03 13:33:11','2024-05-03 13:33:11','debout-pour-un-atelier-de-mouvements-lents',NULL),(49,NULL,NULL,NULL,'La sécurité sur internet','video','https://www.youtube.com/embed/-BhfX4FmlTw','<p>Invit&eacute;: Axel PATU, formateur num&eacute;rique au sein de l&#39;association delta 7.</p>','/uploads/ressourcesdocsthumbs/EMISSION-Numérique-et-senior-La-sécurité-sur-internet.png','2024-05-03 13:33:11','2025-05-06 15:39:36','la-securite-sur-internet',NULL),(50,NULL,NULL,NULL,'Lien intergénérationnel : évolution des relations entre les générations','video','https://www.youtube.com/embed/LrWXYaWUlmQ','<p>voici la vid&eacute;o: MFP - Lien interg&eacute;n&eacute;rationnel : &eacute;volution des relations entre les g&eacute;n&eacute;rations</p>','/uploads/ressourcesdocsthumbs/MFP-Lien-intergénérationnel-évolution-des-relations-entre-les-générations.png','2024-05-03 13:33:11','2025-05-06 15:39:47','lien-intergenerationnel-evolution-des-relations-entre-les-generations',NULL),(51,NULL,NULL,NULL,'Trouvez l\'intrus !','video','https://www.youtube.com/embed/YWmAEa33tEE','<p>Anim&eacute; par J&eacute;r&eacute;my GLEDEL, neuropsychologue et directeur adjoint de centre Casa Delta 7</p>\r\n<p>Niveau : 2 &eacute;toiles</p>\r\n<p>Dur&eacute;e 20 minutes</p>','/uploads/ressourcesdocsthumbs/COG18-Trouvez-l-intrus.png','2024-05-03 13:33:11','2024-05-03 13:33:11','trouvez-l-039-intrus',NULL),(52,NULL,NULL,NULL,'Ma Boussole Aidants','video','https://www.youtube.com/embed/bHCGaBJxi8Q','<p>Voici la vid&eacute;o : EMISSION - Si je dis ... aidants ? - \\&quot;Ma Boussole Aidants\\&quot;</p>','/uploads/ressourcesdocsthumbs/EMISSION-Si-je-dis-aidants-Ma-Boussole-Aidants.png','2024-05-03 13:33:11','2025-05-06 15:40:00','ma-boussole-aidants',NULL),(53,NULL,NULL,NULL,'Soin et détente des mains','video','https://www.youtube.com/embed/QJc7yUYfSxs','<p>Anim&eacute; par Am&eacute;lie TRUPTIL, Psychomotricienne et Enseignante en Psychomotricit&eacute;</p>\r\n<p>Niveau : pour tous publics</p>\r\n<p>Dur&eacute;e : 16 minutes</p>','/uploads/ressourcesdocsthumbs/ERROR-REL20-Soin-et-détente-des-mains.png','2024-05-03 13:33:11','2024-05-03 13:33:11','soin-et-detente-des-mains',NULL),(54,NULL,NULL,NULL,'Entraînez votre mémoire de travail et votre mémoire sémantique','video','https://www.youtube.com/embed/jaF_A5RnE48','<p>Anim&eacute; par Lina AMAMA, neuropsychologue</p>\r\n<p>Niveau : 1 &eacute;toile</p>\r\n<p>Dur&eacute;e 16 minutes</p>','/uploads/ressourcesdocsthumbs/COG20-Entraînez-votre-mémoire-de-travail-et-votre-mémoire-sémantique.png','2024-05-03 13:33:11','2024-05-03 13:33:11','entrainez-votre-memoire-de-travail-et-votre-memoire-semantique',NULL),(55,NULL,NULL,NULL,'Cuisinons ensemble une soupe complète','video','https://www.youtube.com/embed/Yg5cCfGDTSo','<p>En cuisine avec Marine !</p>\r\n\r\n<p>Au menu : Soupe compl&egrave;te aux pois chiches, poireaux et chorizo.</p>','/uploads/ressourcesdocsthumbs/En-cuisine-avec-Marine-Cuisinons-ensemble-une-soupe-compléte.png','2024-05-03 13:33:11','2025-05-06 15:40:18','cuisinons-ensemble-une-soupe-complete',NULL),(56,NULL,NULL,NULL,'Mimes : les activités de la vie quotidienne','video','https://www.youtube.com/embed/pOu0Bt77HXc','<p>Anim&eacute; par Am&eacute;lie TRUPTIL, Psychomotricienne et Enseignante en Psychomotricit&eacute;</p>\r\n<p>Niveau : 1 &eacute;toile</p>\r\n<p>Dur&eacute;e : 9 minutes</p>','/uploads/ressourcesdocsthumbs/LUD27-Mimes-les-activités-de-la-vie-quotidienne.png','2024-05-03 13:33:11','2024-05-03 13:33:11','mimes-les-activites-de-la-vie-quotidienne',NULL),(57,NULL,NULL,NULL,'Un peu de renforcement musculaire !','video','https://www.youtube.com/embed/bLmMqdGlNoQ','<p>Anim&eacute; par Am&eacute;lie TRUPTIL, Psychomotricienne et Enseignante en Psychomotricit&eacute;</p>\r\n<p>Niveau : pour tout public &laquo; Casa en ligne &raquo;</p>\r\n<p>Cet atelier est CONTRE INDIQUEE POUR LES PERSONNES AVEC UNE PROTHESE DE HANCHE</p>\r\n<p>Dur&eacute;e 16 minutes</p>','/uploads/ressourcesdocsthumbs/MOT19-Un-peu-de-renforcement-musculaire.png','2024-05-03 13:33:11','2024-05-03 13:33:11','un-peu-de-renforcement-musculaire',NULL),(58,NULL,NULL,NULL,'Culture Générale Quiz 4 Niveau 2','video','https://www.youtube.com/embed/grQdzeH5atI','<p>Culture G&eacute;n&eacute;rale Quiz 4 Niveau 2</p>\r\n<p>Anim&eacute; par Guillaume LIMOUZIN - Aide M&eacute;dico-Psychologique et Formateur Num&eacute;rique</p>\r\n<p>Niveau : 2 &eacute;toiles</p>\r\n<p>Dur&eacute;e 26 minutes</p>','/uploads/ressourcesdocsthumbs/LUD36-Culture-Générale.png','2024-05-03 13:33:11','2024-05-03 13:33:11','culture-generale-quiz-4-niveau-2',NULL),(59,NULL,NULL,NULL,'Initiation à la marche en conscience','video','https://www.youtube.com/embed/EA3KeYodLfQ','<p>Anim&eacute; par Olivia de GROC, psychologue et instructrice de m&eacute;ditation pleine conscience</p>\r\n<p>Niveau : pour tous publics</p>\r\n<p>Dur&eacute;e : 7 minutes</p>','/uploads/ressourcesdocsthumbs/MED11-Initiation-à-la-marche-en-conscience.png','2024-05-03 13:33:11','2024-05-03 13:33:11','initiation-a-la-marche-en-conscience',NULL),(60,NULL,NULL,NULL,'Expression Corporelle assis et sur un air de Tango !','video','https://www.youtube.com/embed/CQ5659uPOBQ','<p>Anim&eacute; par Am&eacute;lie TRUPTIL, Psychomotricienne et Enseignante en Psychomotricit&eacute;.</p>\r\n<p>Musique : Beautiful Tango d&#039;Hini Zahra</p>\r\n<p>Niveau : pour tout public &laquo; Casa en ligne &raquo;</p>\r\n<p>Dur&eacute;e : 15 minutes</p>','/uploads/ressourcesdocsthumbs/MOT28-Expression-Corporelle-assis-et-sur-un-air-de-Tango.png','2024-05-03 13:33:11','2024-05-03 13:33:11','expression-corporelle-assis-et-sur-un-air-de-tango',NULL),(61,NULL,NULL,NULL,'Les énigmes de Gilbert E3','video','https://www.youtube.com/embed/_pbqBxwjBEI','<p>Anim&eacute; par Gilbert WOKALEK - Aide M&eacute;dico-Psychologique et R&eacute;f&eacute;rent Nutrition pour l&#039;association Delta 7</p>\r\n<p>Niveau : pour tous publics</p>\r\n<p>Dur&eacute;e : 4 minutes</p>','/uploads/ressourcesdocsthumbs/LUD30-Les-énigmes-de-Gilbert-E3.png','2024-05-03 13:33:11','2024-05-03 13:33:11','les-enigmes-de-gilbert-e3',NULL),(62,NULL,NULL,NULL,'Un peu d\'étirements !','video','https://www.youtube.com/embed/TOxFO-f-Qq4','<p>Anim&eacute; par Am&eacute;lie TRUPTIL, Psychomotricienne et Enseignante en Psychomotricit&eacute;</p>\r\n<p>Niveau : pour tout public &laquo; Casa en ligne &raquo;</p>\r\n<p>Dur&eacute;e 11 minutes</p>','/uploads/ressourcesdocsthumbs/REL21-Un-peu-d-étirements.png','2024-05-03 13:33:11','2024-05-03 13:33:11','un-peu-d-039-etirements',NULL),(63,NULL,NULL,NULL,'Les énigmes de Gilbert S3','video','https://www.youtube.com/embed/a_OQh9JXV_s','<p>Anim&eacute; par Gilbert WOKALEK - Aide M&eacute;dico-Psychologique et R&eacute;f&eacute;rent Nutrition pour l&#039;association Delta 7</p>\r\n<p>Niveau : pour tous publics</p>\r\n<p>Dur&eacute;e : 4 minutes</p>','/uploads/ressourcesdocsthumbs/LUD31-Les-énigmes-de-Gilbert-S3.png','2024-05-03 13:33:11','2024-05-03 13:33:11','les-enigmes-de-gilbert-s3',NULL),(64,NULL,NULL,NULL,'Gym debout... avec un bâton !','video','https://www.youtube.com/embed/R2oy0zlzpFM','<p>Anim&eacute; par Am&eacute;lie TRUPTIL, Psychomotricienne et Enseignante en Psychomotricit&eacute;</p>\r\n<p>Niveau : pour tout public \\\"Rester en forme\\\"</p>\r\n<p>Dur&eacute;e : 16 minutes</p>','/uploads/ressourcesdocsthumbs/MOT7-Gym-debout-avec-un-bâton.png','2024-05-03 13:33:11','2024-05-03 13:33:11','gym-debout-avec-un-baton',NULL),(65,NULL,NULL,NULL,'Entraînez votre mémoire visuelle immédiate','video','https://www.youtube.com/embed/v2y4UCNRTIc','<p>Anim&eacute; par Lina AMAMA, neuropsychologue</p>\r\n<p>Niveau : 2 &eacute;toiles</p>\r\n<p>Dur&eacute;e : 15 minutes</p>','/uploads/ressourcesdocsthumbs/COG2-Entraînez-votre-Mémoire-Visuelle-Immédiate.png','2024-05-03 13:33:11','2024-05-03 13:33:11','entrainez-votre-memoire-visuelle-immediate',NULL),(66,NULL,NULL,NULL,'Les énigmes de Gilbert E4','video','https://www.youtube.com/embed/4YO9s54ehwI','<p>Anim&eacute; par Gilbert WOKALEK - Aide M&eacute;dico-Psychologique et R&eacute;f&eacute;rent Nutrition pour l&#039;association Delta 7</p>\r\n<p>Niveau : pour tous publics</p>\r\n<p>Dur&eacute;e : 4 minutes</p>','/uploads/ressourcesdocsthumbs/Les-énigmes-de-Gilbert-E4.png','2024-05-03 13:33:11','2024-05-03 13:33:11','les-enigmes-de-gilbert-e4',NULL),(67,NULL,NULL,NULL,'Pleine conscience de l\'émotion dans le corps','video','https://www.youtube.com/embed/S61KTRbmFrg','<p>Anim&eacute; par Olivia de GROC, psychologue et instructrice de m&eacute;ditation pleine conscience</p>\r\n<p>Niveau : pour tous publics</p>\r\n<p>Dur&eacute;e : 14 minutes</p>','/uploads/ressourcesdocsthumbs/MED14-Pleine-conscience-de-l-émotion-dans-le-corps.png','2024-05-03 13:33:11','2024-05-03 13:33:11','pleine-conscience-de-l-039-emotion-dans-le-corps',NULL),(68,NULL,NULL,NULL,'Vous voulez reprendre le sport ?','video','https://www.youtube.com/embed/ZvSiQoXnVv8','<p>Voici la vid&eacute;o : MGEFI - Vous voulez reprendre le sport ?</p>','/uploads/ressourcesdocsthumbs/MGEFI-Vous-voulez-reprendre-le-sport.png','2024-05-03 13:33:11','2025-05-06 15:40:47','vous-voulez-reprendre-le-sport',NULL),(69,NULL,NULL,NULL,'Les énigmes de Gilbert S4','video','https://www.youtube.com/embed/rcuUaXQgE5M','<p>Anim&eacute; par Gilbert WOKALEK - Aide M&eacute;dico-Psychologique et R&eacute;f&eacute;rent Nutrition pour l&#039;association Delta 7</p>\r\n<p>Niveau : pour tous publics</p>\r\n<p>Dur&eacute;e : 4 minutes</p>','/uploads/ressourcesdocsthumbs/LUD34-Les-énigmes-de-Gilbert-S4.png','2024-05-03 13:33:11','2024-05-03 13:33:11','les-enigmes-de-gilbert-s4',NULL),(70,NULL,NULL,NULL,'Bougez à la maison !','video','https://www.youtube.com/embed/ZI5SFWY7gUc','<p>Voici la vid&eacute;o : MGEFI - Bougez &agrave; la maison !</p>','/uploads/ressourcesdocsthumbs/MGEFI-Bougez-à-la-maison.png','2024-05-03 13:33:11','2025-05-06 15:40:58','bougez-a-la-maison',NULL),(71,NULL,NULL,NULL,'Qu\'est-ce que la mémoire ?','video','https://www.youtube.com/embed/GcytjfOcPhs','<p>La m&eacute;moire est une fonction essentielle de notre cerveau qui nous permet de stocker, de r&eacute;cup&eacute;rer et de traiter des informations. Elle est n&eacute;cessaire pour se souvenir de notre pass&eacute;, apprendre de nouvelles choses, prendre des d&eacute;cisions et fonctionner correctement dans notre vie quotidienne.</p>\r\n\r\n<p>Venez d&eacute;couvrir &agrave; travers cette &eacute;mission ce qu&#39;est la m&eacute;moire.</p>','/uploads/ressourcesdocsthumbs/EMISSION-Mémoire-Qu-est-ce-que-la-mémoire.png','2024-05-03 13:33:11','2025-05-06 15:41:06','qu-est-ce-que-la-memoire',NULL),(72,NULL,NULL,NULL,'L\'activité physique au service du bien-être','video','https://www.youtube.com/embed/ERuSjkNEtf8','<p>Une webconf&eacute;rence pr&eacute;sent&eacute;e par la MGEN sur le lien entre l&#39;activit&eacute; physique et le bien-&ecirc;tre.</p>','/uploads/ressourcesdocsthumbs/MGEN-Sport-santé-l-activité-physique-au-service-du-bien-être.png','2024-05-03 13:33:11','2025-05-06 15:41:19','l-activite-physique-au-service-du-bien-etre',NULL),(73,NULL,NULL,NULL,'Mémoire : L\'attention','video','https://www.youtube.com/embed/d79vh7Nbi3U','<p>La m&eacute;moire et l&#39;attention sont deux fonctions c&eacute;r&eacute;brales &eacute;troitement li&eacute;es et essentielles pour le fonctionnement quotidien de notre cerveau. Notre invit&eacute; Guillaume Limouzin est pr&eacute;sent aujourd&#39;hui pour nous apporter plus de d&eacute;tails sur le sujet.</p>','/uploads/ressourcesdocsthumbs/EMISSION-Mémoire-L-attention.png','2024-05-03 13:33:11','2025-05-06 15:41:34','memoire-l-attention',NULL),(74,NULL,NULL,NULL,'Equilibre et prévention des chutes','video','https://www.youtube.com/embed/-kfQvP-Dznw','<p>Pr&eacute;venir les chutes en amont, c&#39;est assurer la s&eacute;curit&eacute; des personnes &acirc;g&eacute;es &agrave; domicile. Offrir des services d&#39;am&eacute;lioration de l&#39;habitat, une alimentation saine, une activit&eacute; physique appropri&eacute;e et des services d&#39;assistance &agrave; distance aux personnes &acirc;g&eacute;es peut grandement faciliter la vie quotidienne des personnes &acirc;g&eacute;es tout en am&eacute;liorant leur s&eacute;curit&eacute;.</p>\r\n\r\n<p>Invit&eacute;: Maxime Lenne, docteur en ost&eacute;opathie</p>','/uploads/ressourcesdocsthumbs/MGEFI-Equilibre-et-prévention-des-chutes.png','2024-05-03 13:33:11','2025-05-06 15:41:43','equilibre-et-prevention-des-chutes',NULL),(75,NULL,NULL,NULL,'Mémoire : la mémoire de travail','video','https://www.youtube.com/embed/pR8Gm60gIMw','<p>La m&eacute;moire de travail est une fonction cognitive essentielle qui permet de stocker temporairement et de manipuler des informations en vue d&#39;une t&acirc;che cognitive sp&eacute;cifique.</p>\r\n\r\n<p>Notre invit&eacute; Guillaume Limouzin est pr&eacute;sent aujourd&#39;hui pour nous apporter plus de d&eacute;tails sur le sujet.</p>','/uploads/ressourcesdocsthumbs/EMISSION-Mémoire-La-mémoire-de-travail.png','2024-05-03 13:33:11','2025-05-06 15:41:59','memoire-la-memoire-de-travail',NULL),(76,NULL,NULL,NULL,'Cultiver la présence au corps','video','https://www.youtube.com/embed/HZkRdGV2w7I','<p>Anim&eacute; par Olivia de GROC, psychologue et instructrice de m&eacute;ditation pleine conscience</p>\r\n<p>Niveau : pour tous publics</p>\r\n<p>Dur&eacute;e : 23 minutes</p>','/uploads/ressourcesdocsthumbs/MED13-Cultiver-la-présence-au-corps.png','2024-05-03 13:33:11','2024-05-03 13:33:11','cultiver-la-presence-au-corps',NULL),(77,NULL,NULL,NULL,'L\'activité physique et le sport','video','https://www.youtube.com/embed/sqoFf3hwVOw','<p>Une webconf&eacute;rence pr&eacute;sent&eacute;e par la MGEN sur la question suivante: L&#39;activit&eacute; physique et le sport peuvent-ils &ecirc;tre consid&eacute;r&eacute;s comme un \\&quot;m&eacute;dicament\\&quot; avant, pendant et apr&egrave;s la survenue d&#39;une maladie?</p>','/uploads/ressourcesdocsthumbs/MGEN-L-activité-physique-et-le-sport.png','2024-05-03 13:33:11','2025-05-06 15:42:11','l-activite-physique-et-le-sport',NULL),(78,NULL,NULL,NULL,'Entraînez Votre Mémoire Épisodique Verbale','video','https://www.youtube.com/embed/L7DzATPx2i8','<p>Anim&eacute; par Lina AMAMA, neuropsychologue</p>\r\n<p>Niveau : pour tout public \\\"Restez en Forme\\\"</p>\r\n<p>Dur&eacute;e 24 minutes</p>','/uploads/ressourcesdocsthumbs/COG4-Entraînez-Votre-Mémoire-Épisodique-Verbale.png','2024-05-03 13:33:11','2024-05-03 13:33:11','entrainez-votre-memoire-episodique-verbale',NULL),(79,NULL,NULL,NULL,'Regard d\'Infirmière - Conseils sur les incontinences','video','https://www.youtube.com/embed/zEUJDvzYtFs','<p>Pr&eacute;sent&eacute; par Mme Tramata KEBE, cadre infirmier et directrice adjointe de Centre d&#039;Accueil de Jour Casa Delta 7, exp&eacute;riment&eacute;e dans l&#039;accompagnement de r&eacute;sidents atteints de troubles cognitifs, comme la maladie d&#039;Alzheimer ou une maladie apparent&eacute;e.</p>','/uploads/ressourcesdocsthumbs/Regard-d-Infirmière-Conseils-sur-les-incontinences.png','2024-05-03 13:33:11','2024-05-03 13:33:11','regard-d-039-infirmiere-conseils-sur-les-incontinences',NULL),(80,NULL,NULL,NULL,'Témoignage d\'aidant - La relation aidant-aidé','video','https://www.youtube.com/embed/mNJV54Gj0QI','<p>Mme Mich&egrave;le DAUMONT partage son v&eacute;cu d&#039;aidante &agrave; Emilie GABILLET, psychologue exp&eacute;riment&eacute;e dans l&#039;accompagnement des aidants qui soutiennent au quotidien un proche atteint de troubles neuro-&eacute;volutifs comme la maladie d&#039;Alzheimer ou une maladie apparent&eacute;e.</p>','/uploads/ressourcesdocsthumbs/Témoignage-d-aidant-La-relation-aidant-aidéTémoignage-d-aidant-La-relation-aidant-aidé.png','2024-05-03 13:33:11','2024-05-03 13:33:11','temoignage-d-039-aidant-la-relation-aidant-aide',NULL),(81,NULL,NULL,NULL,'Témoignage d\'aidant - les dispositifs d\'aide aux aidants','video','https://www.youtube.com/embed/rl2f_SzI10c','<p>Mme Virginie DOPAGNE partage son v&eacute;cu d&#039;aidante &agrave; Emilie GABILLET, psychologue exp&eacute;riment&eacute;e dans l&#039;accompagnement des aidants qui soutiennent au quotidien un proche atteint de troubles neuro-&eacute;volutifs comme la maladie d&#039;Alzheimer ou une maladie apparent&eacute;e.</p>','/uploads/ressourcesdocsthumbs/Témoignage-d-aidant-les-dispositifs-d-aide-aux-aidants.png','2024-05-03 13:33:11','2024-05-03 13:33:11','temoignage-d-039-aidant-les-dispositifs-d-039-aide-aux-aidants',NULL),(82,NULL,NULL,NULL,'Témoignage d\'aidant - Le parcours de l\'aidant','video','https://www.youtube.com/embed/C-4KEM8ASjA','<p>Mr Andr&eacute; COUPET partage son v&eacute;cu d&#039;aidant &agrave; Emilie GABILLET, psychologue exp&eacute;riment&eacute;e dans l&#039;accompagnement des aidants qui soutiennent au quotidien un proche atteint de troubles neuro-&eacute;volutifs comme la maladie d&#039;Alzheimer ou une maladie apparent&eacute;e.</p>','/uploads/ressourcesdocsthumbs/Témoignage-d-aidant-Le-parcours-de-l-aidant.png','2024-05-03 13:33:11','2024-05-03 13:33:11','temoignage-d-039-aidant-le-parcours-de-l-039-aidant',NULL),(83,NULL,NULL,NULL,'Témoignage d\'aidant - Lettre à la maladie d\'Alzheimer et réponse','video','https://www.youtube.com/embed/1ImgUU-m46U','<p>Mme Virgine DOPAGNE nous partage son v&eacute;cu d&#039;aidante au travers de 2 lettres : une premi&egrave;re qu&#039;elle &eacute;crit &agrave; la maladie d&#039;Alzheimer et une seconde en r&eacute;ponse &agrave; cette lettre. Ces lettres ont &eacute;t&eacute; r&eacute;dig&eacute;es dans le cadre d&#039;un atelier d&#039;&eacute;criture anim&eacute; par l&#039;association Delta 7.</p>','/uploads/ressourcesdocsthumbs/Témoignage-d-aidant-Lettre-à-la-maladie-d-Alzheimer-et-réponse.png','2024-05-03 13:33:11','2024-05-03 13:33:11','temoignage-d-039-aidant-lettre-a-la-maladie-d-039-alzheimer-et-reponse',NULL),(84,NULL,NULL,NULL,'Regard de l\'Ergothérapeute - l\'intérêt de l\'ergothérapie','video','https://www.youtube.com/embed/BCfzSFTgYI8','<p>Pr&eacute;sent&eacute; par Mickael BRIQUET, Ergoth&eacute;rapeute</p>','/uploads/ressourcesdocsthumbs/Regard-de-l-Ergothérapeute-l-intérêt-de-l-ergothérapie.png','2024-05-03 13:33:11','2024-05-03 13:33:11','regard-de-l-039-ergotherapeute-l-039-interet-de-l-039-ergotherapie',NULL),(85,NULL,NULL,NULL,'Regard de Psychomotricienne - Le relevé de chute','video','https://www.youtube.com/embed/ORe4biGIG6A','<p>Pr&eacute;sent&eacute; par Lor&egrave;ne DIDIER, psychomotricienne exp&eacute;riment&eacute;e dans l&#039;accompagnement des personnes atteintes par des troubles cognitifs.</p>','/uploads/ressourcesdocsthumbs/Regard-de-Psychomotricienne-Le-relevé-de-chute.png','2024-05-03 13:33:11','2024-05-03 13:33:11','regard-de-psychomotricienne-le-releve-de-chute',NULL),(88,NULL,NULL,NULL,'Quizz Culture général niveau 2 ','video','https://www.youtube.com/embed/ACd79nebNss','<p>Culture G&eacute;n&eacute;rale Quiz 1 Niveau 2</p>\r\n<p>Anim&eacute; par Guillaume LIMOUZIN - Aide M&eacute;dico-Psychologique et Formateur Num&eacute;rique</p>\r\n<p>Niveau : 2 &eacute;toiles</p>\r\n<p>Dur&eacute;e : 21 minutes</p>','/uploads/ressourcesdocsthumbs/Quizz-Culture-général-niveau-2.png','2024-05-03 13:33:11','2024-05-03 13:33:11','quizz-culture-general-niveau-2',NULL),(89,NULL,NULL,NULL,'Quizz culture général niveau 3','video','https://www.youtube.com/embed/1Wz_d4DROQA','<p>Culture G&eacute;n&eacute;rale Quiz 1 Niveau 3</p>\r\n<p>Anim&eacute; par Guillaume LIMOUZIN - Aide M&eacute;dico-Psychologique et Formateur Num&eacute;rique</p>\r\n<p>Niveau : 3 &eacute;toiles</p>\r\n<p>Dur&eacute;e 18 minutes</p>','/uploads/ressourcesdocsthumbs/LUD5-Culture-Générale.png','2024-05-03 13:33:11','2024-05-03 13:33:11','quizz-culture-general-niveau-3',NULL),(90,NULL,NULL,NULL,'Culture Générale Quiz 2 Niveau 1','video','https://www.youtube.com/embed/-U207065udY','<p>Culture G&eacute;n&eacute;rale Quiz 2 Niveau 1</p>\r\n<p>Anim&eacute; par Guillaume LIMOUZIN - Aide M&eacute;dico-Psychologique et Formateur Num&eacute;rique</p>\r\n<p>Niveau : 1 &eacute;toile</p>\r\n<p>Dur&eacute;e 22 minutes</p>','/uploads/ressourcesdocsthumbs/LUD6-Culture-Générale.png','2024-05-03 13:33:11','2024-05-03 13:33:11','culture-generale-quiz-2-niveau-1',NULL),(91,NULL,NULL,NULL,'Culture Générale Quiz 2 Niveau 3','video','https://www.youtube.com/embed/SQxa8wsYp_k','<p>Culture G&eacute;n&eacute;rale Quiz 2 Niveau 3</p>\r\n<p>Anim&eacute; par Guillaume LIMOUZIN - Aide M&eacute;dico-Psychologique et Formateur Num&eacute;rique</p>\r\n<p>Niveau : 3 &eacute;toiles</p>\r\n<p>Dur&eacute;e 18 minutes</p>','/uploads/ressourcesdocsthumbs/LUD8-Culture-Générale.png','2024-05-03 13:33:11','2024-05-03 13:33:11','culture-generale-quiz-2-niveau-3',NULL),(92,NULL,NULL,NULL,'Culture Générale Quiz 3 Niveau 1 ','video','https://www.youtube.com/embed/DGX6J7zKccU','<p>Culture G&eacute;n&eacute;rale Quiz 3 Niveau 1</p>\r\n<p>Anim&eacute; par Guillaume LIMOUZIN - Aide M&eacute;dico-Psychologique et Formateur Num&eacute;rique</p>\r\n<p>Niveau : 1 &eacute;toile</p>\r\n<p>Dur&eacute;e 20 minutes</p>','/uploads/ressourcesdocsthumbs/LUD9-Culture-Générale.png','2024-05-03 13:33:11','2024-05-03 13:33:11','culture-generale-quiz-3-niveau-1',NULL),(93,NULL,NULL,NULL,'Culture Générale Quiz 3 Niveau 2','video','https://www.youtube.com/embed/acBoKoHYPiQ','<p>Culture G&eacute;n&eacute;rale Quiz 3 Niveau 2</p>\r\n<p>Anim&eacute; par Guillaume LIMOUZIN - Aide M&eacute;dico-Psychologique et Formateur Num&eacute;rique</p>\r\n<p>Niveau : 2 &eacute;toiles</p>\r\n<p>Dur&eacute;e 24 minutes</p>','/uploads/ressourcesdocsthumbs/LUD10-Culture-Générale.png','2024-05-03 13:33:11','2024-05-03 13:33:11','culture-generale-quiz-3-niveau-2',NULL),(94,NULL,NULL,NULL,'Culture Générale Quiz 3 Niveau 3','video','https://www.youtube.com/embed/9I_6cri0dQk','<p>Culture G&eacute;n&eacute;rale Quiz 3 Niveau 3</p>\r\n<p>Anim&eacute; par Guillaume LIMOUZIN - Aide M&eacute;dico-Psychologique et Formateur Num&eacute;rique</p>\r\n<p>Niveau : 3 &eacute;toiles</p>\r\n<p>Dur&eacute;e 16 minutes</p>','/uploads/ressourcesdocsthumbs/LUD11-Culture-Générale.png','2024-05-03 13:33:11','2024-05-03 13:33:11','culture-generale-quiz-3-niveau-3',NULL),(95,NULL,NULL,NULL,'Pour une belle journée! Chorégraphie Casa Delta 7','video','https://www.youtube.com/embed/31zo5PMLoPw','<p>Anim&eacute; par Am&eacute;lie TRUPTIL, psychomotricienne et enseignante en psychomotricit&eacute;.</p>\r\n<p>Niveau : pour tous</p>\r\n<p>Dur&eacute;e : 3 minutes</p>','/uploads/ressourcesdocsthumbs/MOT3-Pour-une-belle-journée-Chorégraphie-Casa-Delta-7.png','2024-05-03 13:33:12','2024-05-03 13:33:12','pour-une-belle-journee-choregraphie-casa-delta-7',NULL),(96,NULL,NULL,NULL,'S\'hydrater en prenant soin de soi','video','https://www.youtube.com/embed/te1IYFjIDfs','<p>Anim&eacute; par Gilbert WOKALEK, aide m&eacute;dico-psychologique et r&eacute;f&eacute;rent nutrition pour l&#039;association Delta 7</p>\r\n<p>Niveau : pour tous</p>\r\n<p>Dur&eacute;e 20 minutes</p>','/uploads/ressourcesdocsthumbs/S-hydrater-en-prenant-soin-de-soi.png','2024-05-03 13:33:12','2024-05-03 13:33:12','s-039-hydrater-en-prenant-soin-de-soi',NULL),(97,NULL,NULL,NULL,'Prévention contre les risques domestiques','video','https://www.youtube.com/embed/KdsxuA09xRU','<p>Anim&eacute; par Guillaume LIMOUZIN, aide m&eacute;dico-psychologique et formateur num&eacute;rique</p>\r\n<p>Niveau : pour tous</p>\r\n<p>Dur&eacute;e 19 minutes</p>','/uploads/ressourcesdocsthumbs/Prévention-contre-les-risques-domestiques.png','2024-05-03 13:33:12','2024-05-03 13:33:12','prevention-contre-les-risques-domestiques',NULL),(98,NULL,NULL,NULL,'Jacqueline à sa fenêtre','video','https://www.youtube.com/embed/VSPBHSVUTsY','<p>Jacqueline &eacute;tait fleuriste. Aujourd&rsquo;hui, elle a 89 ans et elle est touch&eacute;e par des troubles cognitifs d&eacute;butants.</p>\r\n<p>Habituellement, elle est accompagn&eacute;e au Centre d&rsquo;Accueil de Jour Casa Delta 7, mais aujourd&rsquo;hui, comme nous tous, elle est confin&eacute;e, seule &agrave; son domicile.</p>\r\n<p>Malgr&eacute; cela, sa stimulation cognitive continue par t&eacute;l&eacute;phone. Cette semaine, elle a suivi un atelier t&eacute;l&eacute;phonique pour travailler sa m&eacute;moire &eacute;pisodique au travers de la po&eacute;sie.</p>\r\n<p>Alors elle vous envoie un po&egrave;me &hellip; de sa fen&ecirc;tre.</p>\r\n<p>Merci &agrave; Jacqueline pour cet enregistrement.</p>\r\n<p>Un atelier t&eacute;l&eacute;phonique conduit par Tramata Kebe</p>\r\n<p>Avec la voix de C&eacute;dric Tcheng en introduction</p>\r\n<p>Remerciements : Doriane Coudurier et Jennifer Corjon</p>\r\n<p>Montage : Alexandra de Tiesenhausen</p>','/uploads/ressourcesdocsthumbs/Jacqueline-à-sa-fenêtre.png','2024-05-03 13:33:12','2024-05-03 13:33:12','jacqueline-a-sa-fenetre',NULL),(99,NULL,NULL,NULL,'Prendre soin de ses pieds avec un bain de pieds','video','https://www.youtube.com/embed/1b6y6nfT9Pk','<p>Anim&eacute; par Am&eacute;lie TRUPTIL, psychomotricienne et enseignante en psychomotricit&eacute;</p>\r\n<p>et avec la participation sympathique de Diana, retrait&eacute;e.</p>\r\n<p>Niveau : pour tous publics</p>\r\n<p>Dur&eacute;e 23 minutes</p>','/uploads/ressourcesdocsthumbs/Prendre-soin-de-ses-pieds-avec-un-bain-de-pieds.png','2024-05-03 13:33:12','2024-05-03 13:33:12','prendre-soin-de-ses-pieds-avec-un-bain-de-pieds',NULL),(100,NULL,NULL,NULL,'Développez votre attention visuelle -2','video','https://www.youtube.com/embed/IC-XT4f9qGo','<p>Anim&eacute; par Mana BATHAEE, neuropsychologue</p>\r\n<p>Niveau : 2 &eacute;toiles</p>\r\n<p>Dur&eacute;e : 18 minutes</p>','/uploads/ressourcesdocsthumbs/COG8-Développez-votre-attention-visuelle.png','2024-05-03 13:33:12','2024-05-03 13:33:12','developpez-votre-attention-visuelle-2',NULL),(101,NULL,NULL,NULL,'Entraînez votre attention auditive','video','https://www.youtube.com/embed/ys44fByAGgw','<p>Anim&eacute; par Lina AMAMA, neuropsychologue</p>\r\n<p>Niveau : 1 &eacute;toile</p>\r\n<p>Dur&eacute;e 14 minutes</p>','/uploads/ressourcesdocsthumbs/COG11-Entraînez-votre-attention-auditive.png','2024-05-03 13:33:12','2024-05-03 13:33:12','entrainez-votre-attention-auditive',NULL),(102,NULL,NULL,NULL,'Produire son levain chef soi-même','video','https://www.youtube.com/embed/vDkzskTph9Y','<p>Anim&eacute; par Gilbert WOKALEK - Aide M&eacute;dico-Psychologique et R&eacute;f&eacute;rent Nutrition pour l&#039;association Delta 7</p>\r\n<p>Niveau : pour tous publics</p>\r\n<p>Dur&eacute;e : 18 minutes</p>','/uploads/ressourcesdocsthumbs/NUT2-Produire-son-levain-chef-soi-même.png','2024-05-03 13:33:12','2024-05-03 13:33:12','produire-son-levain-chef-soi-meme',NULL),(103,NULL,NULL,NULL,'Eveil Corporel','video','https://www.youtube.com/embed/_IutOjBBrHM','<p>Anim&eacute; par Gilbert WOKALEK - Aide M&eacute;dico-Psychologique et R&eacute;f&eacute;rent Nutrition pour l&#039;association Delta 7</p>\r\n<p>Niveau : pour tous publics</p>\r\n<p>Dur&eacute;e : 39 minutes</p>','/uploads/ressourcesdocsthumbs/MOT12-Eveil-Corporel.png','2024-05-03 13:33:12','2024-05-03 13:33:12','eveil-corporel',NULL),(104,NULL,NULL,NULL,'Faire son pain au levain soi-même','video','https://www.youtube.com/embed/yeUWCR8FkK8','<p>Anim&eacute; par Gilbert WOKALEK - Aide M&eacute;dico-Psychologique et R&eacute;f&eacute;rent Nutrition pour l&#039;association Delta 7</p>\r\n<p>Niveau : pour tout public \\\"Restez en forme\\\"</p>\r\n<p>Dur&eacute;e : 43 minutes</p>','/uploads/ressourcesdocsthumbs/NUT3-Faire-son-pain-au-levain-soi-même.png','2024-05-03 13:33:12','2024-05-03 13:33:12','faire-son-pain-au-levain-soi-meme',NULL),(105,NULL,NULL,NULL,'Confection d\'un Kvass de betterave rouge','video','https://www.youtube.com/embed/l7nzUG-5vT0','<p>Anim&eacute; par Gilbert WOKALEK - Aide M&eacute;dico-Psychologique et R&eacute;f&eacute;rent Nutrition pour l&#039;association Delta 7</p>\r\n<p>Niveau : pour tous publics</p>\r\n<p>Dur&eacute;e : 15 minutes</p>','/uploads/ressourcesdocsthumbs/NUT4-Confection-d-un-Kvass-de-betterave-rouge.png','2024-05-03 13:33:12','2024-05-03 13:33:12','confection-d-039-un-kvass-de-betterave-rouge',NULL),(106,NULL,NULL,NULL,'Développez votre attention visuelle - 3','video','https://www.youtube.com/embed/fYIowikJmR0','<p>Anim&eacute; par Mana BATHAEE, neuropsychologue</p>\r\n<p>Niveau : 3 &eacute;toiles</p>\r\n<p>Dur&eacute;e : 18 minutes</p>','/uploads/ressourcesdocsthumbs/COG9-Développez-votre-attention-visuelle.png','2024-05-03 13:33:12','2024-05-03 13:33:12','developpez-votre-attention-visuelle-3',NULL),(107,NULL,NULL,NULL,'Entraînez votre mémoire de travail et votre attention visuelle','video','https://www.youtube.com/embed/fHKuZ7JvJcA','<p>Anim&eacute; par Lina AMAMA, neuropsychologue</p>\r\n<p>Niveau : pour tout public \\\"Restez en Forme\\\"</p>\r\n<p>Dur&eacute;e 20 minutes</p>','/uploads/ressourcesdocsthumbs/COG14-Entraînez-votre-mémoire-de-travail-et-votre-attention-visuelle.png','2024-05-03 13:33:12','2024-05-03 13:33:12','entrainez-votre-memoire-de-travail-et-votre-attention-visuelle',NULL),(108,NULL,NULL,NULL,'Entraînez votre attention auditive','video','https://www.youtube.com/embed/ZYgjkj7yyuM','<p>Anim&eacute; par Lina AMAMA, neuropsychologue</p>\r\n<p>Niveau : 2 &eacute;toiles</p>\r\n<p>Dur&eacute;e 14 minutes</p>','/uploads/ressourcesdocsthumbs/COG12-Entraînez-votre-attention-auditive.png','2024-05-03 13:33:12','2024-05-03 13:33:12','entrainez-votre-attention-auditive',NULL),(109,NULL,NULL,NULL,'Entraînez votre mémoire de travail et votre mémoire sémantique','video','https://www.youtube.com/embed/toG-KTAHiMg','<p>Anim&eacute; par Lina AMAMA, neuropsychologue</p>\r\n<p>Niveau : pour tout public \\\"Restez en forme\\\"</p>\r\n<p>Dur&eacute;e 21 minutes</p>','/uploads/ressourcesdocsthumbs/COG15-Entraînez-votre-mémoire-de-travail-et-votre-mémoire-sémantique.png','2024-05-03 13:33:12','2024-05-03 13:33:12','entrainez-votre-memoire-de-travail-et-votre-memoire-semantique',NULL),(110,NULL,NULL,NULL,'Entraînement aux énigmes de Gilbert','video','https://www.youtube.com/embed/HxmVs4W7js8','<p>Anim&eacute; par Gilbert WOKALEK - Aide M&eacute;dico-Psychologique et R&eacute;f&eacute;rent Nutrition pour l&#039;association Delta 7</p>\r\n<p>Niveau : pour tout public \\\"Restez en forme\\\"</p>\r\n<p>Dur&eacute;e : 8 minutes</p>','/uploads/ressourcesdocsthumbs/LUD16-Entraînement-aux-énigmes-de-Gilbert.png','2024-05-03 13:33:12','2024-05-03 13:33:12','entrainement-aux-enigmes-de-gilbert',NULL),(111,NULL,NULL,NULL,'Entraînez votre attention auditive','video','https://www.youtube.com/embed/8dnXpNFqQX8','<p>Anim&eacute; par Lina AMAMA, neuropsychologue</p>\r\n<p>Niveau : 3 &eacute;toiles</p>\r\n<p>Dur&eacute;e 13 minutes</p>','/uploads/ressourcesdocsthumbs/COG13-Entraînez-votre-attention-auditive.png','2024-05-03 13:33:12','2024-05-03 13:33:12','entrainez-votre-attention-auditive',NULL),(112,NULL,NULL,NULL,'Entraînement aux énigmes de Gilbert','video','https://www.youtube.com/embed/2ruvefdSs3o','<p>Anim&eacute; par Gilbert WOKALEK - Aide M&eacute;dico-Psychologique et R&eacute;f&eacute;rent Nutrition pour l&#039;association Delta 7</p>\r\n<p>Niveau : pour tout public \\\"Restez en forme\\\"</p>\r\n<p>Dur&eacute;e : 12 minutes</p>','/uploads/ressourcesdocsthumbs/LUD19-Entraînement-aux-énigmes-de-Gilbert.png','2024-05-03 13:33:12','2024-05-03 13:33:12','entrainement-aux-enigmes-de-gilbert',NULL),(113,NULL,NULL,NULL,'Entraînement aux énigmes de Gilbert','video','https://www.youtube.com/embed/4oeADWZzIN4','<p>Anim&eacute; par Gilbert WOKALEK - Aide M&eacute;dico-Psychologique et R&eacute;f&eacute;rent Nutrition pour l&#039;association Delta 7</p>\r\n<p>Niveau : pour tous publics</p>\r\n<p>Dur&eacute;e : 13 minutes</p>','/uploads/ressourcesdocsthumbs/LUD20-Entraînement-aux-énigmes-de-Gilbert.png','2024-05-03 13:33:12','2024-05-03 13:33:12','entrainement-aux-enigmes-de-gilbert',NULL),(114,NULL,NULL,NULL,'Activité aidant-aidé : jeux de balles !','video','https://www.youtube.com/embed/E_BV28tvZN4','<p>Anim&eacute; par Am&eacute;lie TRUPTIL, psychomotricienne et enseignante en psychomotricit&eacute;</p>\r\n<p>Niveau : pour tout public \\\"Casa en ligne\\\"</p>\r\n<p>Cette vid&eacute;o est adapt&eacute;e aux aidants pour accompagner un proche</p>\r\n<p>Dur&eacute;e 10 minutes</p>','/uploads/ressourcesdocsthumbs/MOT16-Activité-aidant-aidé-jeux-de-balles.png','2024-05-03 13:33:12','2024-05-03 13:33:12','activite-aidant-aide-jeux-de-balles',NULL),(115,NULL,NULL,NULL,'Activité aidant-aidé : touchez et devinez !','video','https://www.youtube.com/embed/Ej8oqUQ4FfI','<p>Anim&eacute; par Am&eacute;lie TRUPTIL, psychomotricienne et enseignante en psychomotricit&eacute;</p>\r\n<p>Niveau : pour tout public \\\"Casa en ligne\\\"</p>\r\n<p>Cette vid&eacute;o est adapt&eacute;e aux aidants pour accompagner un proche</p>\r\n<p>Dur&eacute;e 6 minutes</p>','/uploads/ressourcesdocsthumbs/REL10-Activité-aidant-aidé-touchez-et-devinez.png','2024-05-03 13:33:12','2024-05-03 13:33:12','activite-aidant-aide-touchez-et-devinez',NULL),(116,NULL,NULL,NULL,'Activité aidant-aidé : Jeux relaxants','video','https://www.youtube.com/embed/nDbSK4U3hiE','<p>Anim&eacute; par Am&eacute;lie TRUPTIL, psychomotricienne et enseignante en psychomotricit&eacute;</p>\r\n<p>Niveau : pour tout public \\\"Casa en ligne\\\"</p>\r\n<p>Cette vid&eacute;o est adapt&eacute;e aux aidants pour accompagner un proche</p>\r\n<p>Dur&eacute;e 13 minutes</p>','/uploads/ressourcesdocsthumbs/REL7-Jeux-relaxants.png','2024-05-03 13:33:12','2024-05-03 13:33:12','activite-aidant-aide-jeux-relaxants',NULL),(117,NULL,NULL,NULL,'Trouvez l\'intrus !','video','https://www.youtube.com/embed/npUMUWc60LY','<p>Anim&eacute; par J&eacute;r&eacute;my GLEDEL, neuropsychologue et directeur adjoint de centre Casa Delta 7</p>\r\n<p>Niveau : 3 &eacute;toiles</p>\r\n<p>Dur&eacute;e 16 minutes</p>','/uploads/ressourcesdocsthumbs/COG19-Trouvez-l-intrus.png','2024-05-03 13:33:12','2024-05-03 13:33:12','trouvez-l-039-intrus',NULL),(118,NULL,NULL,NULL,'Entraînez votre mémoire de travail et votre mémoire sémantique','video','https://www.youtube.com/embed/Df8VeEMRFns','<p>Anim&eacute; par Lina AMAMA, neuropsychologue</p>\r\n<p>Niveau : 2 &eacute;toiles</p>\r\n<p>Dur&eacute;e 15 minutes</p>','/uploads/ressourcesdocsthumbs/COG21-Entraînez-votre-mémoire-de-travail-et-votre-mémoire-sémantique.png','2024-05-03 13:33:12','2024-05-03 13:33:12','entrainez-votre-memoire-de-travail-et-votre-memoire-semantique',NULL),(119,NULL,NULL,NULL,'Entraînez votre mémoire de travail et votre mémoire sémantique','video','https://www.youtube.com/embed/6zn_n1F2co4','<p>Anim&eacute; par Lina AMAMA, neuropsychologue</p>\r\n<p>Niveau : 3 &eacute;toiles</p>\r\n<p>Dur&eacute;e 16 minutes</p>','/uploads/ressourcesdocsthumbs/COG22-Entraînez-votre-mémoire-de-travail-et-votre-mémoire-sémantique.png','2024-05-03 13:33:12','2024-05-03 13:33:12','entrainez-votre-memoire-de-travail-et-votre-memoire-semantique',NULL),(120,NULL,NULL,NULL,'Les énigmes de Gilbert Q1','video','https://www.youtube.com/embed/USdZWWit6TI','<p>Anim&eacute; par Gilbert WOKALEK - Aide M&eacute;dico-Psychologique et R&eacute;f&eacute;rent Nutrition pour l&#039;association Delta 7</p>\r\n<p>Niveau : pour tous publics</p>\r\n<p>Dur&eacute;e : 4 minutes</p>','/uploads/ressourcesdocsthumbs/LUD22-Les-énigmes-de-Gilbert-Q1.png','2024-05-03 13:33:12','2024-05-03 13:33:12','les-enigmes-de-gilbert-q1',NULL),(121,NULL,NULL,NULL,'IJbox - Fonctionnement du moteur de recherche','video','https://www.youtube.com/embed/HgGpeIVtN6o','<p>D&eacute;couvrez comment :</p>\r\n<ul>\r\n<li>faire une recherche par mot cl&eacute;</li>\r\n<li>identifier les r&eacute;sultats par rubriques</li>\r\n<li>rep&eacute;rer le type de documents parmi les r&eacute;sultats</li>\r\n<li>op&eacute;rer un filtrage des r&eacute;sultats par cat&eacute;gorie</li>\r\n</ul>','/uploads/ressourcesdocsthumbs/IJbox-Fonctionnement-du-moteur-de-recherche.png','2024-05-03 13:33:12','2024-05-03 13:33:12','ijbox-fonctionnement-du-moteur-de-recherche',NULL),(122,NULL,NULL,NULL,'IJbox - Présentation','video','https://www.youtube.com/embed/9josYQKUP3M','<p>D&eacute;couvrez les services qu&#039;IJbox l&#039;InfoJeunesse &agrave; 360 vous r&eacute;serve !</p>','/uploads/ressourcesdocsthumbs/IJbox-Présentation.png','2024-05-03 13:33:12','2024-05-03 13:33:12','ijbox-presentation',NULL),(123,NULL,NULL,NULL,'IJbox - Conseils pour imprimer les dossiers d\'info','video','https://www.youtube.com/embed/9c92kcLWsHE','<p>D&eacute;couvrez comment imprimer simplement les dossiers d&#039;info, tout en garantissant une qualit&eacute; optimale.</p>','/uploads/ressourcesdocsthumbs/IJbox-Conseils-pour-imprimer-les-dossiers-d-info.png','2024-05-03 13:33:12','2024-05-03 13:33:12','ijbox-conseils-pour-imprimer-les-dossiers-d-039-info',NULL),(124,NULL,NULL,NULL,'IJbox - Premier pas pour gérer son profil','video','https://www.youtube.com/embed/_ty65QwR8Pw','<p>D&eacute;couvrez comment :</p>\r\n<ul>\r\n<li>acc&eacute;der aux param&eacute;trage de votre compte</li>\r\n<li>s&eacute;lectionner le profil qui vous correspond</li>\r\n<li>acc&eacute;der aux information adapt&eacute;es &agrave; votre profil</li>\r\n</ul>\r\n<p>En outre, ce tutoriel vous pr&eacute;cise ce qui &eacute;volue en fonction du profil.</p>','/uploads/ressourcesdocsthumbs/IJbox-Premier-pas-pour-gérer-son-profil.png','2024-05-03 13:33:12','2024-05-03 13:33:12','ijbox-premier-pas-pour-gerer-son-profil',NULL),(125,NULL,NULL,NULL,'Entraînez votre mémoire sémantique et vos fonctions exécutives','video','https://www.youtube.com/embed/zzQNQ7fZVWs','<p>Anim&eacute; par Lina AMAMA, neuropsychologue</p>\r\n<p>Niveau : pour tout public \\\"Restez en Forme\\\"</p>\r\n<p>Dur&eacute;e 15 minutes</p>','/uploads/ressourcesdocsthumbs/COG10-Entraînez-votre-mémoire-sémantique-et-vos-fonctions-exécutives.png','2024-05-03 13:33:12','2024-05-03 13:33:12','entrainez-votre-memoire-semantique-et-vos-fonctions-executives',NULL),(126,NULL,NULL,NULL,'Méditation pour cultiver l\'attention ouverte','video','https://www.youtube.com/embed/kKDnkqrLWAM','<p>Anim&eacute; par Olivia de GROC, psychologue et instructrice de m&eacute;ditation pleine conscience</p>\r\n<p>Niveau : pour tous publics</p>\r\n<p>Dur&eacute;e : 18 minutes</p>','/uploads/ressourcesdocsthumbs/MED15-Méditation-pour-cultiver-l-attention-ouverte.png','2024-05-03 13:33:12','2024-05-03 13:33:12','meditation-pour-cultiver-l-039-attention-ouverte',NULL),(127,NULL,NULL,NULL,'Méditation sur l\'acceptation','video','https://www.youtube.com/embed/GZohNYYyiO4','<p>Anim&eacute; par Olivia de GROC, psychologue et instructrice de m&eacute;ditation pleine conscience</p>\r\n<p>Niveau : pour tous publics</p>\r\n<p>Dur&eacute;e : 24 minutes</p>','/uploads/ressourcesdocsthumbs/MED9-Méditation-sur-l-acceptation.png','2024-05-03 13:33:12','2024-05-03 13:33:12','meditation-sur-l-039-acceptation',NULL),(128,NULL,NULL,NULL,'Méditation pour cultiver la présence à l\'instant présent','video','https://www.youtube.com/embed/khdN2yU8Jtg','<p>Anim&eacute; par Olivia de GROC, psychologue et instructrice de m&eacute;ditation pleine conscience</p>\r\n<p>Niveau : pour tous publics</p>\r\n<p>Dur&eacute;e : 26 minutes</p>','/uploads/ressourcesdocsthumbs/MED12-Méditation-pour-cultiver-la-présence-à-l-instant-présent.png','2024-05-03 13:33:12','2024-05-03 13:33:12','meditation-pour-cultiver-la-presence-a-l-039-instant-present',NULL),(129,NULL,NULL,NULL,'Introduction à la méditation pleine conscience','video','https://www.youtube.com/embed/Q-g6cJDEsVI','<p>Anim&eacute; par Olivia de GROC, psychologue et instructrice de m&eacute;ditation pleine conscience</p>\r\n<p>Niveau : pour tous publics</p>\r\n<p>Dur&eacute;e : 6 minutes</p>','/uploads/ressourcesdocsthumbs/MED1-Introduction-à-la-méditation-pleine-conscience.png','2024-05-03 13:33:12','2024-05-03 13:33:12','introduction-a-la-meditation-pleine-conscience',NULL),(130,NULL,NULL,NULL,'Méditation sur le souffle','video','https://www.youtube.com/embed/HmfXN78MK4I','<p>Anim&eacute; par Olivia de GROC, psychologue et instructrice de m&eacute;ditation pleine conscience</p>\r\n<p>Niveau : pour tous publics</p>\r\n<p>Dur&eacute;e : 13 minutes</p>','/uploads/ressourcesdocsthumbs/MED2-Méditation-sur-le-souffle.png','2024-05-03 13:33:12','2024-05-03 13:33:12','meditation-sur-le-souffle',NULL),(131,NULL,NULL,NULL,'Ecoute du corps','video','https://www.youtube.com/embed/OEeQV7Qej_0','<p>Anim&eacute; par Olivia de GROC, psychologue et instructrice de m&eacute;ditation pleine conscience</p>\r\n<p>Niveau : pour tous publics</p>\r\n<p>Dur&eacute;e : 40 minutes</p>','/uploads/ressourcesdocsthumbs/MED3-Ecoute-du-corps.png','2024-05-03 13:33:12','2024-05-03 13:33:12','ecoute-du-corps',NULL),(132,NULL,NULL,NULL,'Les énigmes de Gilbert S2','video','https://www.youtube.com/embed/_17y4hm4naM','<p>Anim&eacute; par Gilbert WOKALEK - Aide M&eacute;dico-Psychologique et R&eacute;f&eacute;rent Nutrition pour l&#039;association Delta 7</p>\r\n<p>Niveau : pour tous publics</p>\r\n<p>Dur&eacute;e : 5 minutes</p>','/uploads/ressourcesdocsthumbs/LUD26-Les-énigmes-de-Gilbert-S2.png','2024-05-03 13:33:12','2024-05-03 13:33:12','les-enigmes-de-gilbert-s2',NULL),(133,NULL,NULL,NULL,'Gymnastique allongée adaptée à la maladie de Parkinson','video','https://www.youtube.com/embed/kaJDS75MP54','<p>Anim&eacute; par Am&eacute;lie TRUPTIL, psychomotricienne et enseignante en psychomotricit&eacute;</p>\r\n<p>Niveau : pour tout public \\\"Casa en ligne\\\" concern&eacute; par la maladie de Parkinson</p>\r\n<p>Dur&eacute;e 15 minutes</p>','/uploads/ressourcesdocsthumbs/MOT23-Gymnastique-allongée-adaptée-à-la-maladie-de-Parkinson.png','2024-05-03 13:33:12','2024-05-03 13:33:12','gymnastique-allongee-adaptee-a-la-maladie-de-parkinson',NULL),(134,NULL,NULL,NULL,'Mimes : les activités de la vie quotidienne','video','https://www.youtube.com/embed/KDBBnr6286s','<p>Anim&eacute; par Am&eacute;lie TRUPTIL, Psychomotricienne et Enseignante en Psychomotricit&eacute;</p>\r\n<p>Niveau : 2 &eacute;toiles</p>\r\n<p>Dur&eacute;e : 9 minutes</p>','/uploads/ressourcesdocsthumbs/LUD28-Mimes-les-activités-de-la-vie-quotidienne.png','2024-05-03 13:33:12','2024-05-03 13:33:12','mimes-les-activites-de-la-vie-quotidienne',NULL),(135,NULL,NULL,NULL,'QUIZ 4 NIVEAU 3','video','https://www.youtube.com/embed/ORhYXPR8dzk','<p>Anim&eacute; par Guillaume LIMOUZIN - Aide M&eacute;dico-Psychologique et Formateur Num&eacute;rique</p>\r\n<p>Niveau : 3 &eacute;toiles</p>\r\n<p>Dur&eacute;e 24 minutes</p>','/uploads/ressourcesdocsthumbs/LUD37-Culture-Générale.png','2024-05-03 13:33:12','2024-05-03 13:33:12','quiz-4-niveau-3',NULL),(136,NULL,NULL,NULL,'Mémoire Visuelle Immédiate','video','https://www.youtube.com/embed/H4ya61S5j90','<p>Anim&eacute; par Lina AMAMA, neuropsychologue</p>\r\n<p>Niveau : 3 &eacute;toiles</p>\r\n<p>Dur&eacute;e : 16 minutes</p>','/uploads/ressourcesdocsthumbs/COG3-Mémoire-Visuelle-Immédiate.png','2024-05-03 13:33:12','2024-05-03 13:33:12','memoire-visuelle-immediate',NULL),(137,NULL,NULL,NULL,'Entraînez votre mémoire visuelle immédiate','video','https://www.youtube.com/embed/LJzaIDK1oxI','<p>Anim&eacute; par Lina AMAMA, neuropsychologue</p>\r\n<p>Niveau : pour tout public \\\"Restez en Forme\\\"</p>\r\n<p>Dur&eacute;e 14 minutes</p>','/uploads/ressourcesdocsthumbs/COG5-Entraînez-votre-Mémoire-Visuelle-Immédiate.png','2024-05-03 13:33:12','2024-05-03 13:33:12','entrainez-votre-memoire-visuelle-immediate',NULL),(138,NULL,NULL,NULL,'Entraînez votre mémoire visuelle immédiate','video','https://www.youtube.com/embed/5AlOvH2qdns','<p>Anim&eacute; par Lina AMAMA, neuropsychologue</p>\r\n<p>Niveau : 1 &eacute;toile</p>\r\n<p>Dur&eacute;e : 16 minutes</p>','/uploads/ressourcesdocsthumbs/COG1-Entraînez-votre-mémoire-visuelle-immédiate.png','2024-05-03 13:33:12','2024-05-03 13:33:12','entrainez-votre-memoire-visuelle-immediate',NULL),(139,NULL,NULL,NULL,'Le sourire intérieur','video','https://www.youtube.com/embed/xo8GHgdIXZI','<p>Anim&eacute; par Olivia de GROC, psychologue et instructrice de m&eacute;ditation pleine conscience</p>\r\n<p>Niveau : pour tous publics</p>\r\n<p>Dur&eacute;e : 21 minutes</p>','/uploads/ressourcesdocsthumbs/MED16-Le sourire-intérieur.png','2024-05-03 13:33:12','2024-05-03 13:33:12','le-sourire-interieur',NULL),(140,NULL,NULL,NULL,'La pleine conscience au quotidien','video','https://www.youtube.com/embed/0x4J20FfiHA','<p>Anim&eacute; par Olivia de GROC, psychologue et instructrice de m&eacute;ditation pleine conscience</p>\r\n<p>Niveau : pour tous publics</p>\r\n<p>Dur&eacute;e : 5 minutes</p>','/uploads/ressourcesdocsthumbs/MED17-La-pleine-conscience-au-quotidien.png','2024-05-03 13:33:12','2024-05-03 13:33:12','la-pleine-conscience-au-quotidien',NULL),(141,NULL,NULL,NULL,'Massage des mains... à deux !','video','https://www.youtube.com/embed/pL8M9xtDLSc','<p>Anim&eacute; par Am&eacute;lie TRUPTIL, psychomotricienne et enseignante en psychomotricit&eacute;</p>\r\n<p>et avec la participation sympathique de Diana, retrait&eacute;e.</p>\r\n<p>Niveau : pour tous publics</p>\r\n<p>Cette vid&eacute;o est adapt&eacute;e aux aidants pour accompagner un proche</p>\r\n<p>Dur&eacute;e 28 minutes</p>','/uploads/ressourcesdocsthumbs/REL4-Massage-des-mains-à-deux.png','2024-05-03 13:33:12','2024-05-03 13:33:12','massage-des-mains-a-deux',NULL),(142,NULL,NULL,NULL,'Ecoute du corps','video','https://www.youtube.com/embed/bliqJInvvFM','<p>Anim&eacute; par Olivia de GROC, psychologue et instructrice de m&eacute;ditation pleine conscience</p>\r\n<p>Niveau : pour tous publics</p>\r\n<p>Dur&eacute;e 22 minutes</p>','/uploads/ressourcesdocsthumbs/MED18-Ecoute-du-corps.png','2024-05-03 13:33:12','2024-05-03 13:33:12','ecoute-du-corps',NULL),(143,NULL,NULL,NULL,'Mouvements en conscience du cou','video','https://www.youtube.com/embed/09KgB-t0x_c','<p>Anim&eacute; par Olivia de GROC, psychologue et instructrice de m&eacute;ditation pleine conscience</p>\r\n<p>Niveau : pour tous publics</p>\r\n<p>Dur&eacute;e 14 minutes</p>','/uploads/ressourcesdocsthumbs/MED19-Mouvements-en-conscience-du-cou.png','2024-05-03 13:33:12','2024-05-03 13:33:12','mouvements-en-conscience-du-cou',NULL),(144,NULL,NULL,NULL,'Méditation de la montagne','video','https://www.youtube.com/embed/RGQIaMQ1NfU','<p>Anim&eacute; par Olivia de GROC, psychologue et instructrice de m&eacute;ditation pleine conscience</p>\r\n<p>Niveau : pour tous publics</p>\r\n<p>Dur&eacute;e 16 minutes</p>','/uploads/ressourcesdocsthumbs/MED20-Méditation-de-la-montagne.png','2024-05-03 13:33:12','2024-05-03 13:33:12','meditation-de-la-montagne',NULL),(145,NULL,NULL,NULL,'Méditation sur la présence à la difficulté','video','https://www.youtube.com/embed/rAjp_yMLYPw','<p>Anim&eacute; par Olivia de GROC, psychologue et instructrice de m&eacute;ditation pleine conscience</p>\r\n<p>Niveau : pour tous publics</p>\r\n<p>Dur&eacute;e 17 minutes</p>','/uploads/ressourcesdocsthumbs/MED21-Méditation-sur-la-présence-à-la-difficulté.png','2024-05-03 13:33:12','2024-05-03 13:33:12','meditation-sur-la-presence-a-la-difficulte',NULL),(146,NULL,NULL,NULL,'Mouvements en conscience des épaules et auto-massage','video','https://www.youtube.com/embed/qtiTVrKZBGk','<p>Anim&eacute; par Olivia de GROC, psychologue et instructrice de m&eacute;ditation pleine conscience</p>\r\n<p>Niveau : pour tous publics</p>\r\n<p>Dur&eacute;e 17 minutes</p>','/uploads/ressourcesdocsthumbs/MED22-Mouvements-en-conscience-des-épaules-et-auto-massage.png','2024-05-03 13:33:12','2024-05-03 13:33:12','mouvements-en-conscience-des-epaules-et-auto-massage',NULL),(147,NULL,NULL,NULL,'Les énigmes de Gilbert E4','video','https://www.youtube.com/embed/4YO9s54ehwI','<p>Anim&eacute; par Gilbert WOKALEK - Aide M&eacute;dico-Psychologique et R&eacute;f&eacute;rent Nutrition pour l&#039;association Delta 7</p>\r\n<p>Niveau : pour tous publics</p>\r\n<p>Dur&eacute;e : 4 minutes</p>','/uploads/ressourcesdocsthumbs/LUD33-Les-énigmes-de-Gilbert-E4.png','2024-05-03 13:33:12','2024-05-03 13:33:12','les-enigmes-de-gilbert-e4',NULL),(148,NULL,NULL,NULL,'Les énigmes de Gilbert E5','video','https://www.youtube.com/embed/BU4FMjtO--c','<p>Anim&eacute; par Gilbert WOKALEK - Aide M&eacute;dico-Psychologique et R&eacute;f&eacute;rent Nutrition pour l&#039;association Delta 7</p>\r\n<p>Niveau : pour tous publics</p>\r\n<p>Dur&eacute;e : 3 minutes</p>','/uploads/ressourcesdocsthumbs/LUD42-Les-énigmes-de-Gilbert-E5.png','2024-05-03 13:33:12','2024-05-03 13:33:12','les-enigmes-de-gilbert-e5',NULL),(149,NULL,NULL,NULL,'Les énigmes de Gilbert S5','video','https://www.youtube.com/embed/-nnaj-v9CmU','<p>Anim&eacute; par Gilbert WOKALEK - Aide M&eacute;dico-Psychologique et R&eacute;f&eacute;rent Nutrition pour l&#039;association Delta 7</p>\r\n<p>Niveau : pour tous publics</p>\r\n<p>Dur&eacute;e : 4 minutes</p>','/uploads/ressourcesdocsthumbs/LUD43-Les-énigmes-de-Gilbert-S5.png','2024-05-03 13:33:12','2024-05-03 13:33:12','les-enigmes-de-gilbert-s5',NULL),(150,NULL,NULL,NULL,'Participer à une Visioconférence ZOOM','video','https://www.youtube.com/embed/D4FfEjJfgdA','<p>Cette vid&eacute;o \\\"tutoriel\\\", c&#039;est &agrave; dire explicative, vous pr&eacute;sente comment participer &agrave; une visioconf&eacute;rence avec l&#039;interface intitul&eacute;e \\\"Zoom\\\".</p>\r\n<p>D&eacute;couvrez comment :</p>\r\n<ul>\r\n<li>Rejoindre une salle virtuelle de conf&eacute;rence &agrave; partir d&#039;un e-mail d&#039;invitation (exemples fournis suivant les navigateurs : google chrome, internet explorer et mozilla firefox)</li>\r\n<li>Utiliser votre t&eacute;l&eacute;phone pour rejoindre l&#039;audio dans la visioconf&eacute;rence, par exemple si le son passe mal &agrave; cause d&#039;une mauvaise connexion internet ou si votre ordinateur n&#039;a pas de micro</li>\r\n<li>Utiliser les diff&eacute;rentes fonctionnalit&eacute;s de l&#039;interface \\\"Zoom\\\"</li>\r\n<li>&Eacute;changer avec l&#039;animateur : simulation d&#039;un probl&egrave;me de son</li>\r\n<li>Intervenir pendant la visioconf&eacute;rence</li>\r\n<li>R&eacute;pondre &agrave; un sondage propos&eacute; en direct par l&#039;animateur</li>\r\n<li>Suivre un partage d&#039;&eacute;cran de l&#039;animateur pendant la visioconf&eacute;rence</li>\r\n</ul>','/uploads/ressourcesdocsthumbs/Campus-Delta7-Participer-à-une-Visioconférence-ZOOM.png','2024-05-03 13:33:12','2024-05-03 13:33:12','participer-a-une-visioconference-zoom',NULL),(151,NULL,NULL,NULL,'Les énigmes de Gilbert E6','video','https://www.youtube.com/embed/6UzcK2pvVNs','<p>Anim&eacute; par Gilbert WOKALEK - Aide M&eacute;dico-Psychologique et R&eacute;f&eacute;rent Nutrition pour l&#039;association Delta 7</p>\r\n<p>Niveau : pour tous publics</p>\r\n<p>Dur&eacute;e : 3 minutes</p>','/uploads/ressourcesdocsthumbs/LUD45-Les-énigmes-de-Gilbert-E6.png','2024-05-03 13:33:12','2024-05-03 13:33:12','les-enigmes-de-gilbert-e6',NULL),(152,NULL,NULL,NULL,'Gym avec une balle et... en musique !','video','https://www.youtube.com/embed/FTR3qyfGmHs','<p>Anim&eacute; par Am&eacute;lie TRUPTIL, Psychomotricienne et Enseignante en Psychomotricit&eacute;.</p>\r\n<p>Musique : Besame mucho de Cesaria Evora</p>\r\n<p>Niveau : pour tout public &laquo; Casa en ligne &raquo;</p>\r\n<p>Dur&eacute;e : 21 minutes</p>','/uploads/ressourcesdocsthumbs/MOT29-Gym-avec-une-balle-et-en-musique.png','2024-05-03 13:33:12','2024-05-03 13:33:12','gym-avec-une-balle-et-en-musique',NULL),(153,NULL,NULL,NULL,'Les énigmes de Gilbert S6','video','https://www.youtube.com/embed/wDW8qfN-0WU','<p>Anim&eacute; par Gilbert WOKALEK - Aide M&eacute;dico-Psychologique et R&eacute;f&eacute;rent Nutrition pour l&#039;association Delta 7</p>\r\n<p>Niveau : pour tous publics</p>\r\n<p>Dur&eacute;e : 5 minutes</p>','/uploads/ressourcesdocsthumbs/LUD46-Les-énigmes-de-Gilbert-S6.png','2024-05-03 13:33:12','2024-05-03 13:33:12','les-enigmes-de-gilbert-s6',NULL),(154,NULL,NULL,NULL,'Percussions Corporelles debout','video','https://www.youtube.com/embed/1JVwWMRmY64','<p>Anim&eacute; par Am&eacute;lie TRUPTIL, Psychomotricienne et Enseignante en Psychomotricit&eacute;.</p>\r\n<p>Musique : Happy de Pharrell Williams version instrumentale</p>\r\n<p>Niveau : pour tout public \\\"Restez en forme\\\"</p>\r\n<p>Dur&eacute;e : 13 minutes</p>','/uploads/ressourcesdocsthumbs/MOT30-Percussions-Corporelles-debout.png','2024-05-03 13:33:12','2024-05-03 13:33:12','percussions-corporelles-debout',NULL),(155,NULL,NULL,NULL,'Activité aidant-aidé : Observez, touchez... et devinez !','video','https://www.youtube.com/embed/hebia7t3vmM','<p>Anim&eacute; par Am&eacute;lie TRUPTIL, psychomotricienne et enseignante en psychomotricit&eacute;</p>\r\n<p>Niveau : pour tout public \\\"Casa en ligne\\\"</p>\r\n<p>Cette vid&eacute;o est adapt&eacute;e aux aidants pour accompagner un proche</p>\r\n<p>Dur&eacute;e 10 minutes</p>','/uploads/ressourcesdocsthumbs/MOT32-Observez-touchez-et-devinez.png','2024-05-03 13:33:12','2024-05-03 13:33:12','activite-aidant-aide-observez-touchez-et-devinez',NULL),(156,NULL,NULL,NULL,'Les énigmes de Gilbert E7','video','https://www.youtube.com/embed/UC69g7HPhzc','<p>Anim&eacute; par Gilbert WOKALEK - Aide M&eacute;dico-Psychologique et R&eacute;f&eacute;rent Nutrition pour l&#039;association Delta 7</p>\r\n<p>Niveau : pour tous publics</p>\r\n<p>Dur&eacute;e : 3 minutes</p>','/uploads/ressourcesdocsthumbs/LUD47-Les-énigmes-de-Gilbert-E7.png','2024-05-03 13:33:12','2024-05-03 13:33:12','les-enigmes-de-gilbert-e7',NULL),(157,NULL,NULL,NULL,'Activité aidant-aidé :Sentez, Goutez... et devinez !','video','https://www.youtube.com/embed/ppaphri55b0','<p>Anim&eacute; par Am&eacute;lie TRUPTIL, psychomotricienne et enseignante en psychomotricit&eacute;</p>\r\n<p>Niveau : pour tout public \\\"Casa en ligne\\\"</p>\r\n<p>Cette vid&eacute;o est adapt&eacute;e aux aidants pour accompagner un proche</p>\r\n<p>Dur&eacute;e 10 minutes</p>','/uploads/ressourcesdocsthumbs/REL9-Sentez-Goutez-et-devinez.png','2024-05-03 13:33:12','2024-05-03 13:33:12','activite-aidant-aide-sentez-goutez-et-devinez',NULL),(158,NULL,NULL,NULL,'Petite séance de mouvements lents','video','https://www.youtube.com/embed/Oq2TWq2NE6I','<p>Anim&eacute; par Am&eacute;lie TRUPTIL, Psychomotricienne et Enseignante en Psychomotricit&eacute;</p>\r\n<p>Niveau : pour tout public \\\"Casa en ligne\\\"</p>\r\n<p>Cet atelier est recommand&eacute; pour les personnes atteintes de la maladie de Parkinson</p>\r\n<p>Dur&eacute;e : 13 minutes</p>','/uploads/ressourcesdocsthumbs/REL11-Petite-séance-de-mouvements-lents.png','2024-05-03 13:33:12','2024-05-03 13:33:12','petite-seance-de-mouvements-lents',NULL),(159,NULL,NULL,NULL,'Gym assis... avec un bâton !','video','https://www.youtube.com/embed/N6T4Nwd282U','<p>Anim&eacute; par Am&eacute;lie TRUPTIL, Psychomotricienne et Enseignante en Psychomotricit&eacute;</p>\r\n<p>Niveau : pour tout public &laquo; Casa en ligne &raquo;</p>\r\n<p>Dur&eacute;e : 16 minutes</p>','/uploads/ressourcesdocsthumbs/MOT11-Gym-assis-avec-un-bâton.png','2024-05-03 13:33:12','2024-05-03 13:33:12','gym-assis-avec-un-baton',NULL),(160,NULL,NULL,NULL,'Les énigmes de Gilbert S7','video','https://www.youtube.com/embed/0NgOgOVM2SE','<p>Anim&eacute; par Gilbert WOKALEK - Aide M&eacute;dico-Psychologique et R&eacute;f&eacute;rent Nutrition pour l&#039;association Delta 7</p>\r\n<p>Niveau : pour tous publics</p>\r\n<p>Dur&eacute;e : 8 minutes</p>','/uploads/ressourcesdocsthumbs/LUD48-Les-énigmes-de-Gilbert-S7.png','2024-05-03 13:33:12','2024-05-03 13:33:12','les-enigmes-de-gilbert-s7',NULL),(161,NULL,NULL,NULL,'Les énigmes de Gilbert E8','video','https://www.youtube.com/embed/3tERXnvNLbM','<p>Anim&eacute; par Gilbert WOKALEK - Aide M&eacute;dico-Psychologique et R&eacute;f&eacute;rent Nutrition pour l&#039;association Delta 7</p>\r\n<p>Niveau : pour tous publics</p>\r\n<p>Dur&eacute;e : 3 minutes</p>','/uploads/ressourcesdocsthumbs/LUD49-Les-énigmes-de-Gilbert-E8.png','2024-05-03 13:33:12','2024-05-03 13:33:12','les-enigmes-de-gilbert-e8',NULL),(162,NULL,NULL,NULL,'Réalisons ensemble une eau Parfumée !','video','https://www.youtube.com/embed/pjxOK93wwg4','<p>Anim&eacute; par Am&eacute;lie TRUPTIL, Psychomotricienne et Enseignante en Psychomotricit&eacute;</p>\r\n\r\n<p>Niveau : pour tous publics</p>\r\n\r\n<p>Dur&eacute;e : 6 minutes</p>','/uploads/ressourcesdocsthumbs/ERROR-REL13-Réalisons-ensemble-une-eau-Parfumée.png','2024-05-03 13:33:12','2025-05-06 15:39:10','realisons-ensemble-une-eau-parfumee',NULL),(163,NULL,NULL,NULL,'Les énigmes de Gilbert S8','video','https://www.youtube.com/embed/BdtPV-5qyM0','<p>Anim&eacute; par Gilbert WOKALEK - Aide M&eacute;dico-Psychologique et R&eacute;f&eacute;rent Nutrition pour l&#039;association Delta 7</p>\r\n<p>Niveau : pour tous publics</p>\r\n<p>Dur&eacute;e : 5 minutes</p>','/uploads/ressourcesdocsthumbs/LUD50-Les-énigmes-de-Gilbert-S8.png','2024-05-03 13:33:12','2024-05-03 13:33:12','les-enigmes-de-gilbert-s8',NULL),(164,NULL,NULL,NULL,'Mimes : les activités sur le jardin','video','https://www.youtube.com/embed/udzSd4pHBrw','<p>Anim&eacute; par Am&eacute;lie TRUPTIL, Psychomotricienne et Enseignante en Psychomotricit&eacute;</p>\r\n<p>Niveau : 1 et 2 &eacute;toiles &laquo; Casa en ligne &raquo;</p>\r\n<p>Minutes : 13 minutes</p>','/uploads/ressourcesdocsthumbs/ERROR-REL15-Mimes-les-activités-sur-le-jardin.png','2024-05-03 13:33:12','2024-05-03 13:33:12','mimes-les-activites-sur-le-jardin',NULL),(165,NULL,NULL,NULL,'Pratiquez votre motricité fine avec la Graphomotricité !','video','https://www.youtube.com/embed/bvgNLv4VfWE','<p>Anim&eacute; par Am&eacute;lie TRUPTIL, Psychomotricienne et Enseignante en Psychomotricit&eacute;.</p>\r\n<p>Niveau : pour tout public &laquo; Casa en ligne &raquo;</p>\r\n<p>Dur&eacute;e : 15 minutes</p>','/uploads/ressourcesdocsthumbs/ERROR-MOT15-Pratiquez-votre-motricité-fine-avec-la-Graphomotricité.png','2024-05-03 13:33:12','2024-05-03 13:33:12','pratiquez-votre-motricite-fine-avec-la-graphomotricite',NULL),(166,NULL,NULL,NULL,'Motricité fine : petit atelier vissage et dévissage','video','https://www.youtube.com/embed/QwCHw98ilIw','<p>Anim&eacute; par Am&eacute;lie TRUPTIL, Psychomotricienne et Enseignante en Psychomotricit&eacute;</p>\r\n<p>Niveau : pour tout public &laquo; Casa en ligne &raquo;</p>\r\n<p>Dur&eacute;e : 12 minutes</p>','/uploads/ressourcesdocsthumbs/ERROR-MOT13-Motricité-fine-petit-atelier-vissage-et-dévissage.png','2024-05-03 13:33:12','2024-05-03 13:33:12','motricite-fine-petit-atelier-vissage-et-devissage',NULL),(167,NULL,NULL,NULL,'Motricité fine : organisation des gestes et concentration','video','https://www.youtube.com/embed/Pyz3-vbB3oM','<p>Anim&eacute; par Am&eacute;lie TRUPTIL, Psychomotricienne et Enseignante en Psychomotricit&eacute;</p>\r\n<p>Niveau : pour tout public &laquo; Casa en ligne &raquo;</p>\r\n<p>Dur&eacute;e : 10 minutes</p>','/uploads/ressourcesdocsthumbs/REL16-Motricité-fine-organisation-des-gestes-et-concentration.png','2024-05-03 13:33:12','2024-05-03 13:33:12','motricite-fine-organisation-des-gestes-et-concentration',NULL),(168,NULL,NULL,NULL,'Activité aidant-aidé : Touchez, regardez et devinez version légumes !','video','https://www.youtube.com/embed/hwCNOWfwPa8','<p>Anim&eacute; par Am&eacute;lie TRUPTIL, Psychomotricienne et Enseignante en Psychomotricit&eacute;</p>\r\n<p>Niveau : 1 &eacute;toile</p>\r\n<p>Cette vid&eacute;o est adapt&eacute;e aux aidants pour accompagner un proche</p>\r\n<p>Dur&eacute;e : 6 minutes</p>','/uploads/ressourcesdocsthumbs/REL17-Activité-aidant-aidé-Touchez-regardez-et-devinez-version-légumes.png','2024-05-03 13:33:12','2024-05-03 13:33:12','activite-aidant-aide-touchez-regardez-et-devinez-version-legumes',NULL),(169,NULL,NULL,NULL,'Les énigmes de Gilbert E9','video','https://www.youtube.com/embed/HZWeY6ICYLc','<p>Anim&eacute; par Gilbert WOKALEK - Aide M&eacute;dico-Psychologique et R&eacute;f&eacute;rent Nutrition pour l&#039;association Delta 7</p>\r\n<p>Niveau : pour tous publics</p>\r\n<p>Dur&eacute;e : 3 minutes</p>','/uploads/ressourcesdocsthumbs/LUD51-Les-énigmes-de-Gilbert-E9.png','2024-05-03 13:33:12','2024-05-03 13:33:12','les-enigmes-de-gilbert-e9',NULL),(170,NULL,NULL,NULL,'Les énigmes de Gilbert S9','video','https://www.youtube.com/embed/nVSWH-CYKqY','<p>Anim&eacute; par Gilbert WOKALEK - Aide M&eacute;dico-Psychologique et R&eacute;f&eacute;rent Nutrition pour l&#039;association Delta 7</p>\r\n<p>Niveau : pour tous publics</p>\r\n<p>Dur&eacute;e : 5 minutes</p>','/uploads/ressourcesdocsthumbs/LUD52-Les-énigmes-de-Gilbert-S9.png','2024-05-03 13:33:12','2024-05-03 13:33:12','les-enigmes-de-gilbert-s9',NULL),(171,NULL,NULL,NULL,'Les énigmes de Gilbert E10','video','https://www.youtube.com/embed/TPTrkOl5Lmg','<p>Anim&eacute; par Gilbert WOKALEK - Aide M&eacute;dico-Psychologique et R&eacute;f&eacute;rent Nutrition pour l&#039;association Delta 7</p>\r\n<p>Niveau : pour tous publics</p>\r\n<p>Dur&eacute;e : 3 minutes</p>','/uploads/ressourcesdocsthumbs/LUD53-Les-énigmes-de-Gilbert-E10.png','2024-05-03 13:33:12','2024-05-03 13:33:12','les-enigmes-de-gilbert-e10',NULL),(172,NULL,NULL,NULL,'Les énigmes de Gilbert S10','video','https://www.youtube.com/embed/uzfsY5goR7g','<p>Anim&eacute; par Gilbert WOKALEK - Aide M&eacute;dico-Psychologique et R&eacute;f&eacute;rent Nutrition pour l&#039;association Delta 7</p>\r\n<p>Niveau : pour tous publics</p>\r\n<p>Dur&eacute;e : 3 minutes</p>','/uploads/ressourcesdocsthumbs/LUD54-Les-énigmes-de-Gilbert-S10.png','2024-05-03 13:33:12','2024-05-03 13:33:12','les-enigmes-de-gilbert-s10',NULL),(173,NULL,NULL,NULL,'Les énigmes de Gilbert E11','video','https://www.youtube.com/embed/IHvgeo0WuFM','<p>Anim&eacute; par Gilbert WOKALEK - Aide M&eacute;dico-Psychologique et R&eacute;f&eacute;rent Nutrition pour l&#039;association Delta 7</p>\r\n<p>Niveau : pour tous publics</p>\r\n<p>Dur&eacute;e : 3 minutes</p>','/uploads/ressourcesdocsthumbs/LUD55-Les-énigmes-de-Gilbert-E11.png','2024-05-03 13:33:12','2024-05-03 13:33:12','les-enigmes-de-gilbert-e11',NULL),(174,NULL,NULL,NULL,'Les énigmes de Gilbert S11','video','https://www.youtube.com/embed/VZWev0ouEn8','<p>Anim&eacute; par Gilbert WOKALEK - Aide M&eacute;dico-Psychologique et R&eacute;f&eacute;rent Nutrition pour l&#039;association Delta 7</p>\r\n<p>Niveau : pour tous publics</p>\r\n<p>Dur&eacute;e : 3 minutes</p>','/uploads/ressourcesdocsthumbs/LUD56-Les-énigmes-de-Gilbert-S11.png','2024-05-03 13:33:12','2024-05-03 13:33:12','les-enigmes-de-gilbert-s11',NULL),(175,NULL,NULL,NULL,'Soin et détente des mains','video','https://www.youtube.com/embed/P7CKWVxsCVk','<p>Anim&eacute; par Am&eacute;lie TRUPTIL, Psychomotricienne et Enseignante en Psychomotricit&eacute;</p>\r\n<p>Niveau : pour tous publics</p>\r\n<p>Dur&eacute;e : 16 minutes</p>','/uploads/ressourcesdocsthumbs/REL20-Soin-et-détente-des-mains.png','2024-05-03 13:33:12','2024-05-03 13:33:12','soin-et-detente-des-mains',NULL),(176,NULL,NULL,NULL,'Fabriquez votre propre Mandala !','video','https://www.youtube.com/embed/xmqtVPz6nUc','<p>Anim&eacute; par Am&eacute;lie TRUPTIL, Psychomotricienne et Enseignante en Psychomotricit&eacute;</p>\r\n<p>Niveau : pour tous publics</p>\r\n<p>Dur&eacute;e : 9 minutes</p>','/uploads/ressourcesdocsthumbs/REL22-Fabriquez-votre-propre-Mandala.png','2024-05-03 13:33:12','2024-05-03 13:33:12','fabriquez-votre-propre-mandala',NULL),(179,NULL,NULL,NULL,'EMISSION - Des Animaux et des Hommes - Teambuilding avec des chevaux et équicoaching','video','https://www.youtube.com/embed/yhKBhGvTV-s','<p>Des Animaux et des Hommes est une &eacute;mission d&eacute;di&eacute;e &agrave; la valorisation des interactions entre l&#039;&ecirc;tre humain et l&#039;animal.</p>\r\n<p>Cette s&eacute;quence pr&eacute;sentera l&#039;interaction entre l&#039;Homme et le Cheval et ses apports dans le cadre professionnel.</p>\r\n<p>Karine MENEGATTI, cavali&egrave;re de sauts d&#039;obstacles et directrice de la soci&eacute;t&eacute; du Cheval &agrave; l&#039;Homme viendra nous partager son expertise (<a href=\\\"https://duchevalalhomme.fr/)\\\"><span class=\\\"yt-core-attributed-string--link-inherit-color\\\">https://duchevalalhomme.fr/</span>)</a></p>\r\n<p>Des Animaux et des Hommes est une &eacute;mission d&eacute;di&eacute;e &agrave; la valorisation des interactions entre l&#039;&ecirc;tre humain et l&#039;animal.</p>','/uploads/ressourcesdocsthumbs/EMISSION-Des-Animaux-et-des-Hommes-Teambuilding-avec-des-chevaux-et-équicoaching.png','2024-05-03 13:33:12','2024-05-03 13:33:12','emission-des-animaux-et-des-hommes-teambuilding-avec-des-chevaux-et-equicoaching',NULL),(180,NULL,NULL,NULL,'Si je dis... Aidant ? - Invités: Elodie et Louis, parents d’Andréa','video','https://www.youtube.com/embed/Rgnl_5xaIcU','<p>Rapha&euml;lle MARTIN re&ccedil;oit Elodie et Louis, parents d&rsquo;Andr&eacute;a, atteinte d&rsquo;une maladie g&eacute;n&eacute;tique rare et neurod&eacute;g&eacute;n&eacute;rative, et fondateurs de l&rsquo;association &laquo; les Bobos &agrave; la ferme &raquo;.</p>','/uploads/ressourcesdocsthumbs/Si-je-dis-Aidant-Invités-Elodie-et-Louis-parents-d-Andréa.png','2024-05-03 13:33:12','2024-05-03 13:33:12','si-je-dis-aidant-invites-elodie-et-louis-parents-d-andrea',NULL),(181,NULL,NULL,NULL,'Cuisinez avec astuce pour éviter la dénutrition','video','https://www.youtube.com/embed/G-AySSkRAVM','<p>Anim&eacute; par Gilbert WOKALEK - Aide M&eacute;dico-Psychologique et R&eacute;f&eacute;rent Nutrition pour l&#039;association Delta 7</p>\r\n<p>Niveau : pour tout public \\\"Restez en forme\\\"</p>\r\n<p>Cette vid&eacute;o est adapt&eacute;e aux aidants pour accompagner un proche</p>\r\n<p>Dur&eacute;e : 25 minutes</p>','/uploads/ressourcesdocsthumbs/NUT5-Cuisinez-avec-astuce-pour-éviter-la-dénutrition.png','2024-05-03 13:33:12','2024-05-03 13:33:12','cuisinez-avec-astuce-pour-eviter-la-denutrition',NULL),(182,NULL,NULL,NULL,'Émission entreprise inclusive','video','https://www.youtube.com/embed/0UBchZWvMEU','<p>Voici la vid&eacute;o: &Eacute;mission entreprise inclusive</p>','/uploads/ressourcesdocsthumbs/Canal-delta-7-Émission-entreprise-inclusive.png','2024-05-03 13:33:12','2024-05-03 13:33:12','emission-entreprise-inclusive',NULL),(184,NULL,NULL,NULL,'Raconte-moi mon village - Le pont de Montigny','video','https://www.youtube.com/embed/y-9wRplO9Yk','<p>En 2020, la communaut&eacute; de commune de Moret-Sur-Loing, a souhait&eacute; dynamiser ses chemins de randonn&eacute;es en recueillant de la part des jeunes des villages les t&eacute;moignages des seniors sur leurs v&eacute;cus &agrave; travers leurs histoires de vie et leurs anecdotes.</p>','/uploads/ressourcesdocsthumbs/Raconte-moi-mon-village-Le-pont-de-Montigny.png','2024-05-03 13:33:12','2024-05-03 13:33:12','raconte-moi-mon-village-le-pont-de-montigny',NULL),(185,NULL,NULL,NULL,'Raconte-moi mon village - L\'école de Montigny','video','https://www.youtube.com/embed/O1FHSOi2TGk','<p>En 2020, la communaut&eacute; de commune de Moret-Sur-Loing, a souhait&eacute; dynamiser ses chemins de randonn&eacute;es en recueillant de la part des jeunes des villages les t&eacute;moignages des seniors sur leurs v&eacute;cus &agrave; travers leurs histoires de vie et leurs anecdotes.</p>','/uploads/ressourcesdocsthumbs/Raconte-moi-mon-village-L-école-de-Montigny.png','2024-05-03 13:33:12','2024-05-03 13:33:12','raconte-moi-mon-village-l-039-ecole-de-montigny',NULL),(186,NULL,NULL,NULL,'Raconte-moi mon village - L\'église de Montigny','video','https://www.youtube.com/embed/jDw7OIOO4Y8','<p>En 2020, la communaut&eacute; de commune de Moret-Sur-Loing, a souhait&eacute; dynamiser ses chemins de randonn&eacute;es en recueillant de la part des jeunes des villages les t&eacute;moignages des seniors sur leurs v&eacute;cus &agrave; travers leurs histoires de vie et leurs anecdotes.</p>','/uploads/ressourcesdocsthumbs/Raconte-moi-mon-village-L-église-de-Montigny.png','2024-05-03 13:33:12','2024-05-03 13:33:12','raconte-moi-mon-village-l-039-eglise-de-montigny',NULL),(187,NULL,NULL,NULL,'Raconte-moi mon village - Le lavoir de Montigny','video','https://www.youtube.com/embed/F7W1ZpgR0wE','<p>En 2020, la communaut&eacute; de commune de Moret-Sur-Loing, a souhait&eacute; dynamiser ses chemins de randonn&eacute;es en recueillant de la part des jeunes des villages les t&eacute;moignages des seniors sur leurs v&eacute;cus &agrave; travers leurs histoires de vie et leurs anecdotes.</p>','/uploads/ressourcesdocsthumbs/Raconte-moi-mon-village-Le-lavoir-de-Montigny.png','2024-05-03 13:33:12','2024-05-03 13:33:12','raconte-moi-mon-village-le-lavoir-de-montigny',NULL),(188,NULL,NULL,NULL,'Raconte-moi mon village - La gare de Montigny','video','https://www.youtube.com/embed/3ezVQ8FIe1A','<p>En 2020, la communaut&eacute; de commune de Moret-Sur-Loing, a souhait&eacute; dynamiser ses chemins de randonn&eacute;es en recueillant de la part des jeunes des villages les t&eacute;moignages des seniors sur leurs v&eacute;cus &agrave; travers leurs histoires de vie et leurs anecdotes.</p>','/uploads/ressourcesdocsthumbs/Raconte-moi-mon-village-La-gare-de-Montigny.png','2024-05-03 13:33:12','2024-05-03 13:33:12','raconte-moi-mon-village-la-gare-de-montigny',NULL),(189,NULL,NULL,NULL,'Raconte-moi mon village - Le café de Nanteau','video','https://www.youtube.com/embed/arCs5EUjuck','<p>En 2020, la communaut&eacute; de commune de Moret-Sur-Loing, a souhait&eacute; dynamiser ses chemins de randonn&eacute;es en recueillant de la part des jeunes des villages les t&eacute;moignages des seniors sur leurs v&eacute;cus &agrave; travers leurs histoires de vie et leurs anecdotes.</p>','/uploads/ressourcesdocsthumbs/Raconte-moi-mon-village-Le-café-de-Nanteau.png','2024-05-03 13:33:12','2024-05-03 13:33:12','raconte-moi-mon-village-le-cafe-de-nanteau',NULL),(190,NULL,NULL,NULL,'Raconte-moi mon village - Château - Nanteau','video','https://www.youtube.com/embed/fzbyHR7yaH4','<p>En 2020, la communaut&eacute; de commune de Moret-Sur-Loing, a souhait&eacute; dynamiser ses chemins de randonn&eacute;es en recueillant de la part des jeunes des villages les t&eacute;moignages des seniors sur leurs v&eacute;cus &agrave; travers leurs histoires de vie et leurs anecdotes.</p>','/uploads/ressourcesdocsthumbs/Raconte-moi-mon-village-Château-Nanteau.png','2024-05-03 13:33:12','2024-05-03 13:33:12','raconte-moi-mon-village-chateau-nanteau',NULL),(191,NULL,NULL,NULL,'Raconte-moi mon village - Lavoir - Nanteau','video','https://www.youtube.com/embed/C4rtE0BN_lY','<p>En 2020, la communaut&eacute; de commune de Moret-Sur-Loing, a souhait&eacute; dynamiser ses chemins de randonn&eacute;es en recueillant de la part des jeunes des villages les t&eacute;moignages des seniors sur leurs v&eacute;cus &agrave; travers leurs histoires de vie et leurs anecdotes.</p>','/uploads/ressourcesdocsthumbs/Raconte-moi-mon-village-Lavoir-Nanteau.png','2024-05-03 13:33:12','2024-05-03 13:33:12','raconte-moi-mon-village-lavoir-nanteau',NULL),(192,NULL,NULL,NULL,'Raconte-moi mon village - Croix blanche - Paley','video','https://www.youtube.com/embed/dfemUsATSLs','<p>En 2020, la communaut&eacute; de commune de Moret-Sur-Loing, a souhait&eacute; dynamiser ses chemins de randonn&eacute;es en recueillant de la part des jeunes des villages les t&eacute;moignages des seniors sur leurs v&eacute;cus &agrave; travers leurs histoires de vie et leurs anecdotes.</p>','/uploads/ressourcesdocsthumbs/Raconte-moi-mon-village-Croix-blanche-Paley.png','2024-05-03 13:33:12','2024-05-03 13:33:12','raconte-moi-mon-village-croix-blanche-paley',NULL),(193,NULL,NULL,NULL,'Raconte-moi mon village - Mairie - Paley','video','https://www.youtube.com/embed/UJjqIMGoUzY','<p>En 2020, la communaut&eacute; de commune de Moret-Sur-Loing, a souhait&eacute; dynamiser ses chemins de randonn&eacute;es en recueillant de la part des jeunes des villages les t&eacute;moignages des seniors sur leurs v&eacute;cus &agrave; travers leurs histoires de vie et leurs anecdotes.</p>','/uploads/ressourcesdocsthumbs/Raconte-moi-mon-village-Mairie-Paley.png','2024-05-03 13:33:12','2024-05-03 13:33:12','raconte-moi-mon-village-mairie-paley',NULL),(194,NULL,NULL,NULL,'Raconte-moi mon village - Moulin de Toussac - Paley','video','https://www.youtube.com/embed/kdY4fjqfjGk','<p>En 2020, la communaut&eacute; de commune de Moret-Sur-Loing, a souhait&eacute; dynamiser ses chemins de randonn&eacute;es en recueillant de la part des jeunes des villages les t&eacute;moignages des seniors sur leurs v&eacute;cus &agrave; travers leurs histoires de vie et leurs anecdotes.</p>','/uploads/ressourcesdocsthumbs/Raconte-moi-mon-village-Moulin-de-Toussac-Paley.png','2024-05-03 13:33:12','2024-05-03 13:33:12','raconte-moi-mon-village-moulin-de-toussac-paley',NULL),(195,NULL,NULL,NULL,'Raconte-moi mon village - Pont Thierry - Paley','video','https://www.youtube.com/embed/pf7C9hSp6HE','<p>En 2020, la communaut&eacute; de commune de Moret-Sur-Loing, a souhait&eacute; dynamiser ses chemins de randonn&eacute;es en recueillant de la part des jeunes des villages les t&eacute;moignages des seniors sur leurs v&eacute;cus &agrave; travers leurs histoires de vie et leurs anecdotes.</p>','/uploads/ressourcesdocsthumbs/Raconte-moi-mon-village-Pont-Thierry-Paley.png','2024-05-03 13:33:12','2024-05-03 13:33:12','raconte-moi-mon-village-pont-thierry-paley',NULL),(196,NULL,NULL,NULL,'Raconte-moi mon village - Pisciculture - Nanteau','video','https://www.youtube.com/embed/oANC4E0MP8Y','<p>En 2020, la communaut&eacute; de commune de Moret-Sur-Loing, a souhait&eacute; dynamiser ses chemins de randonn&eacute;es en recueillant de la part des jeunes des villages les t&eacute;moignages des seniors sur leurs v&eacute;cus &agrave; travers leurs histoires de vie et leurs anecdotes.</p>','/uploads/ressourcesdocsthumbs/Raconte-moi-mon-village-Pisciculture-Nanteau.png','2024-05-03 13:33:12','2024-05-03 13:33:12','raconte-moi-mon-village-pisciculture-nanteau',NULL),(197,NULL,NULL,NULL,'Raconte-moi mon village - Lavoir - Nanteau','video','https://www.youtube.com/embed/FCGXLmpBjHs','<p>En 2020, la communaut&eacute; de commune de Moret-Sur-Loing, a souhait&eacute; dynamiser ses chemins de randonn&eacute;es en recueillant de la part des jeunes des villages les t&eacute;moignages des seniors sur leurs v&eacute;cus &agrave; travers leurs histoires de vie et leurs anecdotes.</p>','/uploads/ressourcesdocsthumbs/Raconte-moi-mon-village-Lavoir-Nanteau.jpeg','2024-05-03 13:33:12','2024-05-03 13:33:12','raconte-moi-mon-village-lavoir-nanteau',NULL),(198,NULL,NULL,NULL,'DELTA 7 - Journée du numérique','video','https://www.youtube.com/embed/DhWhB-RpzLA','<p>Voici la vid&eacute;o:DELTA 7 - Journ&eacute;e du num&eacute;rique<br><br></p>','/uploads/ressourcesdocsthumbs/DELTA-7-Journée-du-numérique.png','2024-05-03 13:33:12','2024-05-03 13:33:12','delta-7-journee-du-numerique',NULL),(199,NULL,NULL,NULL,'J\'y pense puis j\'oublie - Invités : Lysianne & Philippe, Dr Jean-Pierre AQUINO et Dr Laurence ARROUY','video','https://www.youtube.com/embed/_H7Itvgk2tg','<p>Cette seconde &eacute;mission met en lumi&egrave;re l&#039;accueil des personnes vivant avec la maladie d&rsquo;Alzheimer dans les services d&rsquo;urgence. Pour cela Chistophe REINTJENS re&ccedil;oit Lysianne et Phillipe qui apporteront leur t&eacute;moignages, le Dr Jean-Pierre AQUINO et le Dr Laurence ARROUY.</p>','/uploads/ressourcesdocsthumbs/J-y-pense-puis-j-oublie-Invités-Lysianne-Philippe-Dr-Jean-Pierre-AQUINO-et-Dr-Laurence-ARROUY.png','2024-05-03 13:33:12','2024-05-03 13:33:12','j-039-y-pense-puis-j-039-oublie-invites-lysianne-philippe-dr-jean-pierre-aquino-et-dr-laurence-arrouy',NULL),(201,NULL,NULL,NULL,'Garder l\'équilibre - Programme de prévention des chutes','video','https://www.youtube.com/embed/3KR818n_z_E','<p>Emission d&eacute;di&eacute;e au programme de pr&eacute;vention \\&quot;Garder l&#39;&eacute;quilibre\\&quot;. Programme innovant et ludique pour pr&eacute;venir les chutes du quotidien, d&eacute;velopp&eacute; par l&rsquo;Agence r&eacute;gionale de sant&eacute; d&rsquo;Ile-de-France ainsi que M&eacute;dialis puis repris par G&eacute;rond&rsquo;if, le g&eacute;rontop&ocirc;le Ile-de-France.</p>','/uploads/ressourcesdocsthumbs/EMISSION-Garder-l-équilibre-Programme-de-prévention-des-chutes.png','2024-05-03 13:33:12','2025-05-06 16:10:55','garder-l-equilibre-programme-de-prevention-des-chutes',NULL),(202,NULL,NULL,NULL,'Nos territoires ont du talent - Mamie Foodie','video','https://www.youtube.com/embed/JSybP2Cr2DQ','<p>Pr&eacute;sentation de Mamie Foodie et de leurs prestations.</p>','/uploads/ressourcesdocsthumbs/Nos-territoires-ont-du-talent-Mamie-Foodie.png','2024-05-03 13:33:12','2024-05-03 13:33:12','nos-territoires-ont-du-talent-mamie-foodie',NULL),(204,NULL,NULL,NULL,'Service civique solidarité seniors','video','https://www.youtube.com/embed/m0OeJhpck1U','<p>D&eacute;couverte du SCSS, qui sont t&#39;ils ?</p>','/uploads/ressourcesdocsthumbs/Nos-territoires-en-du-talent-La-SCSS.jpeg','2024-05-03 13:33:13','2025-05-06 15:29:53','service-civique-solidarite-seniors',NULL),(205,NULL,NULL,NULL,'Nos territoires ont du talent - Centr\'Aider','video','https://www.youtube.com/embed/7w62VKTEdW8','<p>Voici la vid&eacute;o : Nos territoires ont du talent - Centr&#039;Aider</p>','/uploads/ressourcesdocsthumbs/Nos-territoires-ont-du-talent-Centr-Aider.jpeg','2024-05-03 13:33:13','2024-05-03 13:33:13','nos-territoires-ont-du-talent-centr-039-aider',NULL),(206,NULL,NULL,NULL,'A la découverte des mécanismes de notre sommeil et des secrets de l\'apnée du sommeil','video','https://www.youtube.com/embed/hGcZvhz559k','<p>Une webconf&eacute;rence pr&eacute;sent&eacute;e par la MGEN consacr&eacute; &agrave; la d&eacute;couverte des m&eacute;canismes de notre sommeil et des secrets de l&#39;apn&eacute;e du sommeil.</p>','/uploads/ressourcesdocsthumbs/MGEN-A-la-découverte-des-mécanismes-de-notre-sommeil-et-des-secrets-de-l-apnée-du-sommeil.png','2024-05-03 13:33:13','2025-05-06 15:30:14','a-la-decouverte-des-mecanismes-de-notre-sommeil-et-des-secrets-de-l-apnee-du-sommeil',NULL),(208,NULL,NULL,NULL,'Sensibiliser les jeunes à la maladie d\'Alzheimer','video','https://www.youtube.com/embed/2zghYywH3vk','<p>Voici la vid&eacute;o : EMISSION - J&#39;y pense puis j&#39;oublie - Sensibiliser les jeunes &agrave; la maladie d&#39;alzheimer</p>','/uploads/ressourcesdocsthumbs/EMISSION-J-y-pense-puis-j-oublie-Sensibiliser-les-jeunes-à-la-maladie-d-alzheimer.jpeg','2024-05-03 13:33:13','2025-05-06 15:30:34','sensibiliser-les-jeunes-a-la-maladie-d-alzheimer',NULL),(209,NULL,NULL,NULL,'Le CCAS (centre communal d\'action sociale) de PARIS','video','https://www.youtube.com/embed/ojJ9V_FLgy0','<p>Voici la vid&eacute;o : Nos territoires ont du talent - Le CCAS de PARIS</p>','/uploads/ressourcesdocsthumbs/Nos-territoires-ont-du-talent-Le-CCAS-de-PARIS.jpeg','2024-05-03 13:33:13','2025-05-06 15:32:14','le-ccas-centre-communal-d-action-sociale-de-paris',NULL),(210,NULL,NULL,NULL,'L\'ÉPOC','video','https://www.youtube.com/embed/VLwSv_JOAqY','<p>Voici la vid&eacute;o : Nos territoires ont du talent - L&#39;&Eacute;POC</p>','/uploads/ressourcesdocsthumbs/Nos-territoires-ont-du-talent-L-ÉPOC.jpeg','2024-05-03 13:33:13','2025-05-06 15:32:27','l-epoc',NULL),(211,NULL,NULL,NULL,'Etre aidante d\'une personne atteinte de Démence Fronto Temporale (DFT)','video','https://www.youtube.com/embed/nvIEc5eLZZ4','<p>Etre aidante d&#39;une personne atteinte de D&eacute;mence Fronto Temporale (DFT)</p>','/uploads/ressourcesdocsthumbs/EMISSION-Si-je-dis-aidants-Etre-aidante-d-une-personne-atteinte-de-démence-fronto-Temporale.png','2024-05-03 13:33:13','2025-05-06 15:34:37','etre-aidante-d-une-personne-atteinte-de-demence-fronto-temporale-dft',NULL),(212,NULL,NULL,NULL,'UNRPA','video','https://www.youtube.com/embed/sTqH6FWUPok','<p>Voici la vid&eacute;o : Nos territoires ont du talent - UNRPA</p>','/uploads/ressourcesdocsthumbs/Nos-territoires-ont-du-talent-UNRPA.jpeg','2024-05-03 13:33:13','2025-05-06 15:34:47','unrpa',NULL),(213,NULL,NULL,NULL,'APATD','video','https://www.youtube.com/embed/eO1eoAu9hNU','<p>Voici la vid&eacute;o : Nos territoires ont du talent - APATD</p>','/uploads/ressourcesdocsthumbs/Nos-territoires-ont-du-talent-APATD.png','2024-05-03 13:33:13','2025-05-06 15:34:56','apatd',NULL),(214,NULL,NULL,NULL,'L\'alimentation et la perte d\'autonomie','video','https://www.youtube.com/embed/IiTEPmKU6H8','<p>Voici la vid&eacute;o : EMISSION - Si je dis ... aidants ?- \\&quot;L&#39; alimentation et la perte d&#39;autonomie\\&quot;</p>','/uploads/ressourcesdocsthumbs/EMISSION-Si-je-dis-aidants-L-alimentation-et-la-perte-d-autonomie.png','2024-05-03 13:33:13','2025-05-06 15:35:16','l-alimentation-et-la-perte-d-autonomie',NULL),(216,NULL,NULL,NULL,'Capture écran - 1-Présentation','document',NULL,'<p>Voici le document : Capture écran - 1-Présentation</p>','/uploads/ressourcesdocsthumbs/Capture-écran-1-Présentation.png','2024-05-03 13:33:13','2024-05-03 13:33:13','capture-e-cran-1-pre-sentation','/uploads/ressourcesdocs/Capture-écran-1-Présentation.pdf'),(217,NULL,NULL,NULL,'Comprendre - Connexions réseaux','document',NULL,'<p>Voici le document : Comprendre - Connexions r&eacute;seaux</p>','/uploads/ressourcesdocsthumbs/Comprendre-Connexions-réseaux.png','2024-05-03 13:33:13','2024-05-03 13:33:13','comprendre-connexions-reseaux','/uploads/ressourcesdocs/Comprendre-Connexions-réseaux.pdf'),(218,NULL,NULL,NULL,'Comprendre - Internet','document',NULL,'<p>Voici le document : Comprendre - Internet</p>','/uploads/ressourcesdocsthumbs/Comprendre-Internet.png','2024-05-03 13:33:13','2024-05-03 13:33:13','comprendre-internet','/uploads/ressourcesdocs/Comprendre-Internet.pdf'),(219,NULL,NULL,NULL,'Ecran tactile - Android Apple Bases','document',NULL,'<p>Voici le document : Ecran tactile - Android Apple Bases</p>','/uploads/ressourcesdocsthumbs/Ecran-tactile-Android-Apple-Bases.png','2024-05-03 13:33:13','2024-05-03 13:33:13','ecran-tactile-android-apple-bases','/uploads/ressourcesdocs/Ecran-tactile-Android-Apple-Bases.pdf'),(220,NULL,NULL,NULL,'Fichiers - Ordinateur - Extension-Format fichier','document',NULL,'<p>Voici le document : Fichiers - Ordinateur - Extension-Format fichier</p>','/uploads/ressourcesdocsthumbs/Fichiers-Ordinateur-Extension-Format-fichier..png','2024-05-03 13:33:13','2024-05-03 13:33:13','fichiers-ordinateur-extension-format-fichier','/uploads/ressourcesdocs/Fichiers-Ordinateur-Extension-Format-fichier.pdf'),(221,NULL,NULL,NULL,'Internet - Android-Apple-Ordinateur - Sites utiles','document',NULL,'<p>Voici le document : Internet - Android-Apple-Ordinateur - Sites utiles</p>','/uploads/ressourcesdocsthumbs/Internet-Android-Apple-Ordinateur-Sites-utiles.png','2024-05-03 13:33:13','2024-05-03 13:33:13','internet-android-apple-ordinateur-sites-utiles','/uploads/ressourcesdocs/Internet-Android-Apple-Ordinateur-Sites-utiles.pdf'),(222,NULL,NULL,NULL,'Mail - Android-Apple-Ordinateur - 1-Bases adresse mail','document',NULL,'<p>Voici le document : Mail - Android-Apple-Ordinateur - 1-Bases adresse mail</p>','/uploads/ressourcesdocsthumbs/Mail-Android-Apple-Ordinateur-1-Bases-adresse-mail.png','2024-05-03 13:33:13','2024-05-03 13:33:13','mail-android-apple-ordinateur-1-bases-adresse-mail','/uploads/ressourcesdocs/Mail-Android-Apple-Ordinateur-1-Bases-adresse-mail.pdf'),(223,NULL,NULL,NULL,'Quiz - les boutons d\'une tablette','document',NULL,'<p>Voici le document : Quiz - les boutons d&#039;une tablette</p>','/uploads/ressourcesdocsthumbs/Quiz-les-boutons-d-une-tablette.png','2024-05-03 13:33:13','2024-05-03 13:33:13','quiz-les-boutons-d-039-une-tablette','/uploads/ressourcesdocs/Quiz-les-boutons-d-une-tablette.pdf'),(224,NULL,NULL,NULL,'Quiz - Mail','document',NULL,'<p>Voici le document : Quiz - Mail</p>','/uploads/ressourcesdocsthumbs/Quiz-Mail.png','2024-05-03 13:33:13','2024-05-03 13:33:13','quiz-mail','/uploads/ressourcesdocs/Quiz-Mail.pdf'),(225,NULL,NULL,NULL,'Utilisation tablette - Apple - Bases iPad','document',NULL,'<p>Voici le document : Utilisation tablette - Apple - Bases iPad</p>','/uploads/ressourcesdocsthumbs/Utilisation-tablette-Apple-Bases-iPad.png','2024-05-03 13:33:13','2024-05-03 13:33:13','utilisation-tablette-apple-bases-ipad','/uploads/ressourcesdocs/Utilisation-tablette-Apple-Bases-iPad.pdf'),(226,NULL,NULL,NULL,'EMISSION - Si je dis ... aidants ? - \\\"le répit de l\'aidant pendant la période estivale\\\"','video','https://www.youtube.com/embed/5kSy8p-Wc1M','<p>Voici la vid&eacute;o : EMISSION - Si je dis ... aidants ? - \\\"le r&eacute;pit de l&#039;aidant pendant la p&eacute;riode estivale\\\"</p>','/uploads/ressourcesdocsthumbs/EMISSION-Si-je-dis-aidants-le-répit-de-l-aidant-pendant-la-période-estivale-1.png','2024-05-03 13:33:13','2024-05-03 13:33:13','emission-si-je-dis-aidants-le-repit-de-l-039-aidant-pendant-la-periode-estivale',NULL),(227,NULL,NULL,NULL,'EMISSION - Si je dis ... aidants ? - L\'habitat inclusif','video','https://www.youtube.com/embed/tCo3rvC9KcI','<p>Qu&#039;est-ce qu&#039;un habitat inclusif ?</p>\r\n<p>Comment ces nouvelles propositions d&#039;habitat se d&eacute;veloppent ?</p>\r\n<p>Maryvonne Cr&egrave;che, directrice de la soci&eacute;t&eacute; de l&#039;habitat inclusif au sein de la r&eacute;sidence Greffuhle est venu nous partager son exp&eacute;rience et r&eacute;pondre &agrave; nos questions sur ce th&egrave;me.</p>','/uploads/ressourcesdocsthumbs/EMISSION-Si-je-dis-aidants-L-habitat-inclusif-1.jpeg','2024-05-03 13:33:13','2024-05-03 13:33:13','emission-si-je-dis-aidants-l-039-habitat-inclusif',NULL),(228,NULL,NULL,NULL,'Journée mondiale Alzheimer','video','https://www.youtube.com/embed/QfIIZIgNSik','<p>Pour cette cinqui&egrave;me &eacute;mission, &agrave; l&#39;occasion de la journ&eacute;e mondiale de l&#39;alzheimer, Christophe Reintjens, recevra Kevin Charras, directeur du Living Lab Vieillissement au CHU de Rennes et La&euml;titia Ngatcha-Ribert, sociologue et membre de la fondation M&eacute;d&eacute;ric Alzheimer.</p>','/uploads/ressourcesdocsthumbs/EMISSION-J-y-pense-puis-j-oublie-Journée-mondiale-Alzheimer-1.png','2024-05-03 13:33:13','2025-05-06 15:37:32','journee-mondiale-alzheimer',NULL),(229,NULL,NULL,NULL,'Aménagement et sécurité au domicile','video','https://www.youtube.com/embed/4E5um2ymr6w','<p>Rapha&euml;lle MARTIN re&ccedil;oit pour cette nouvelle &eacute;mission, Margot Delalande, ergoth&eacute;rapeute.</p>','/uploads/ressourcesdocsthumbs/EMISSION-Si-je-dis-Aidant-Aménagement-et-sécurité-au-domicile-1.png','2024-05-03 13:33:13','2025-05-06 15:37:50','amenagement-et-securite-au-domicile',NULL),(230,NULL,NULL,NULL,'1. Les éléments qui composent un ordinateur','document',NULL,'','/uploads/ressourcesdocsthumbs/1.Les_éléments_qui_composent_un_ordinateur.png','2024-05-03 13:33:13','2024-05-03 13:33:13','1-les-elements-qui-composent-un-ordinateur','/uploads/ressourcesdocs/1.Les-éléments-qui-composent-un-ordinateur.pdf'),(231,NULL,NULL,NULL,'2. Allumer et éteindre mon ordinateur','document',NULL,'','/uploads/ressourcesdocsthumbs/2.Allumer-et-eteindre-mon-ordinateur.png','2024-05-03 13:33:13','2024-05-03 13:33:13','2-allumer-et-eteindre-mon-ordinateur','/uploads/ressourcesdocs/2.Allumer_et_éteindre_mon_ordinateur.pdf'),(232,NULL,NULL,NULL,'3. Le bureau Windows','document',NULL,'','/uploads/ressourcesdocsthumbs/3.Le-bureau-Windows.png','2024-05-03 13:33:13','2024-05-03 13:33:13','3-le-bureau-windows','/uploads/ressourcesdocs/3.Le-bureau-Windows.pdf'),(233,NULL,NULL,NULL,'4.Le menu Démarrer','document',NULL,'','/uploads/ressourcesdocsthumbs/4.Le-menu-Démarrer.png','2024-05-03 13:33:13','2024-05-03 13:33:13','4-le-menu-de-marrer','/uploads/ressourcesdocs/4.Le-menu-Démarrer.pdf'),(234,NULL,NULL,NULL,'5. La barre des tâches','document',NULL,'<p>&nbsp;</p>\r\n<p>&nbsp;</p>','/uploads/ressourcesdocsthumbs/5.La-barre-des-tâches.png','2024-05-03 13:33:13','2024-05-03 13:33:13','5-la-barre-des-ta-ches','/uploads/ressourcesdocs/5.La-barre-des-tâches.pdf'),(235,NULL,NULL,NULL,'Appel Vidéo - Ordinateur - Zoom Installation','document',NULL,'','/uploads/ressourcesdocsthumbs/Appel-Vidéo-Ordinateur-Zoom-Installation.png','2024-05-03 13:33:13','2024-05-03 13:33:13','appel-vide-o-ordinateur-zoom-installation','/uploads/ressourcesdocs/Appel-Vidéo-Ordinateur-Zoom-Installation.pdf'),(236,NULL,NULL,NULL,'Comment bloquer les publicités avec Opera (Android)','document',NULL,'','/uploads/ressourcesdocsthumbs/Comment-bloquer-les-publicités-avec-Opera-(Android).png','2024-05-03 13:33:13','2024-05-03 13:33:13','comment-bloquer-les-publicite-s-avec-opera-android','/uploads/ressourcesdocs/Comment-bloquer-les-publicités-avec-Opera-(Android).pdf'),(237,NULL,NULL,NULL,'Comment bloquer les publicités avec Opera (iOS)','document',NULL,'','/uploads/ressourcesdocsthumbs/Comment-bloquer-les-publicités-avec-Opera-(iOS).png','2024-05-03 13:33:13','2024-05-03 13:33:13','comment-bloquer-les-publicite-s-avec-opera-ios','/uploads/ressourcesdocs/Comment-bloquer-les-publicités-avec-Opera-(iOS).pdf'),(238,NULL,NULL,NULL,'Comment réserver un billet de train','document',NULL,'<p>null</p>','/uploads/ressourcesdocsthumbs/Comment-réserver-un-billet-de-train.png','2024-05-03 13:33:13','2024-05-03 13:33:13','comment-re-server-un-billet-de-train','/uploads/ressourcesdocs/Comment-réserver-un-billet-de-train.pdf'),(239,NULL,NULL,NULL,'Comment utiliser Doctolib','document',NULL,'','/uploads/ressourcesdocsthumbs/Comment-utiliser-Doctolib.png','2024-05-03 13:33:13','2024-05-03 13:33:13','comment-utiliser-doctolib','/uploads/ressourcesdocs/Comment-utiliser-Doctolib.pdf'),(240,NULL,NULL,NULL,'Création d\'un compte Microsoft','document',NULL,'','/uploads/ressourcesdocsthumbs/Creation-d-un-compte-Microsoft.png','2024-05-03 13:33:13','2024-05-03 13:33:13','cre-ation-d-039-un-compte-microsoft','/uploads/ressourcesdocs/Creation-d-un-compte-Microsoft.pdf'),(241,NULL,NULL,NULL,'Créer un compte Apple - Apple ALGY','document',NULL,'','/uploads/ressourcesdocsthumbs/Creer-un-compte-Apple-Apple-ALGY.png','2024-05-03 13:33:13','2024-05-03 13:33:13','cre-er-un-compte-apple-apple-algy','/uploads/ressourcesdocs/Creer-un-compte-Apple-Apple-ALGY.pdf'),(242,NULL,NULL,NULL,'Créer une adresse Gmail - Android','document',NULL,'','/uploads/ressourcesdocsthumbs/Creer-une-adresse-Gmail-Android.png','2024-05-03 13:33:13','2024-05-03 13:33:13','cre-er-une-adresse-gmail-android','/uploads/ressourcesdocs/Creer-une-adresse-Gmail-Android.pdf'),(243,NULL,NULL,NULL,'Créer une adresse Gmail - Apple','document',NULL,'','/uploads/ressourcesdocsthumbs/Creer-une-adresse-Gmail-Apple.png','2024-05-03 13:33:13','2024-05-03 13:33:13','creer-une-adresse-gmail-apple','/uploads/ressourcesdocs/Creer-une-adresse-Gmail-Apple.pdf'),(244,NULL,NULL,NULL,'Envoyer un mail avec Gmail - Apple','document',NULL,'','/uploads/ressourcesdocsthumbs/Envoyer-un-mail-avec-Gmail-Apple.png','2024-05-03 13:33:13','2024-05-03 13:33:13','envoyer-un-mail-avec-gmail-apple','/uploads/ressourcesdocs/Envoyer-un-mail-avec-Gmail-Apple.pdf'),(245,NULL,NULL,NULL,'Horaires Bonjour RATP','document',NULL,'','/uploads/ressourcesdocsthumbs/Horaires-Bonjour-RATP.png','2024-05-03 13:33:13','2024-05-03 13:33:13','horaires-bonjour-ratp','/uploads/ressourcesdocs/Horaires-Bonjour-RATP.pdf'),(246,NULL,NULL,NULL,'Installer Microsoft Teams - Ordinateur','document',NULL,'','/uploads/ressourcesdocsthumbs/Installer-Microsoft-Teams-Ordinateur.png','2024-05-03 13:33:13','2024-05-03 13:33:13','installer-microsoft-teams-ordinateur','/uploads/ressourcesdocs/Installer-Microsoft-Teams-Ordinateur.pdf'),(247,NULL,NULL,NULL,'Itinéraire Bonjour RATP - Android','document',NULL,'','/uploads/ressourcesdocsthumbs/Itinéraire-Bonjour-RATP-Android.png','2024-05-03 13:33:13','2024-05-03 13:33:13','itineraire-bonjour-ratp-android','/uploads/ressourcesdocs/Itinéraire-Bonjour-RATP-Android.pdf'),(248,NULL,NULL,NULL,'Itinéraire Bonjour RATP - Apple','document',NULL,'','/uploads/ressourcesdocsthumbs/Itinéraire-Bonjour-RATP-Apple.png','2024-05-03 13:33:13','2024-05-03 13:33:13','itine-raire-bonjour-ratp-apple','/uploads/ressourcesdocs/Itinéraire-Bonjour-RATP-Apple.pdf'),(249,NULL,NULL,NULL,'Itinéraire Google Maps - Android','document',NULL,'','/uploads/ressourcesdocsthumbs/Itinéraire-Google-Maps-Android.png','2024-05-03 13:33:13','2024-05-03 13:33:13','itine-raire-google-maps-android','/uploads/ressourcesdocs/Itinéraire-Google-Maps-Android.pdf'),(250,NULL,NULL,NULL,'Itinéraire Google Maps - Apple','document',NULL,'','/uploads/ressourcesdocsthumbs/Itinéraire-Google-Maps-Apple.png','2024-05-03 13:33:13','2024-05-03 13:33:13','itine-raire-google-maps-apple','/uploads/ressourcesdocs/Itinéraire-Google-Maps-Apple.pdf'),(251,NULL,NULL,NULL,'Mot de passe oublié - UNIVERSEL','document',NULL,'','/uploads/ressourcesdocsthumbs/Mot-de-passe-oublié-UNIVERSEL.png','2024-05-03 13:33:13','2024-05-03 13:33:13','mot-de-passe-oublie-universel','/uploads/ressourcesdocs/Mot-de-passe-oublié-UNIVERSEL.pdf'),(252,NULL,NULL,NULL,'Plans Bonjour RATP','document',NULL,'','/uploads/ressourcesdocsthumbs/Plans-Bonjour-RATP.png','2024-05-03 13:33:13','2024-05-03 13:33:13','plans-bonjour-ratp','/uploads/ressourcesdocs/Plans-Bonjour-RATP.pdf'),(253,NULL,NULL,NULL,'Présentation de Gmail - Apple','document',NULL,'','/uploads/ressourcesdocsthumbs/Presentation-de-Gmail-Apple.png','2024-05-03 13:33:13','2024-05-03 13:33:13','pre-sentation-de-gmail-apple','/uploads/ressourcesdocs/Presentation-de-Gmail-Apple.pdf'),(254,NULL,NULL,NULL,'Répondre à un mail avec Gmail - Apple','document',NULL,'','/uploads/ressourcesdocsthumbs/Repondre-a-un-mail-avec-Gmail-Apple.png','2024-05-03 13:33:13','2024-05-03 13:33:13','repondre-a-un-mail-avec-gmail-apple','/uploads/ressourcesdocs/Repondre-a-un-mail-avec-Gmail-Apple.pdf'),(255,NULL,NULL,NULL,'Signaler un spam avec Gmail - Apple','document',NULL,'','/uploads/ressourcesdocsthumbs/Signaler-un-spam-avec-Gmail-Apple.png','2024-05-03 13:33:13','2024-05-03 13:33:13','signaler-un-spam-avec-gmail-apple','/uploads/ressourcesdocs/Signaler-un-spam-avec-Gmail-Apple.pdf'),(256,NULL,NULL,NULL,'Supprimer un mail avec Gmail - Apple','document',NULL,'','/uploads/ressourcesdocsthumbs/Supprimer-un-mail-avec-Gmail-Apple.png','2024-05-03 13:33:13','2024-05-03 13:33:13','supprimer-un-mail-avec-gmail-apple','/uploads/ressourcesdocs/Supprimer-un-mail-avec-Gmail-Apple.pdf'),(257,NULL,NULL,NULL,'Synthèse 1 initiation à l\'ordinateur','document',NULL,'','/uploads/ressourcesdocsthumbs/Synthese-1-initiation-a-l-ordinateur.png','2024-05-03 13:33:13','2024-05-03 13:33:13','synthese-1-initiation-a-l-039-ordinateur','/uploads/ressourcesdocs/Synthese-1-initiation-a-l-ordinateur.pdf'),(258,NULL,NULL,NULL,'Synthèse 2 souris & Clavier','document',NULL,'','/uploads/ressourcesdocsthumbs/Synthese-2-souris-Clavier.png','2024-05-03 13:33:13','2024-05-03 13:33:13','synthe-se-2-souris-clavier','/uploads/ressourcesdocs/Synthese-2-souris-Clavier.pdf'),(259,NULL,NULL,NULL,'Synthèse 3 windows','document',NULL,'','/uploads/ressourcesdocsthumbs/Synthese-3-windows.png','2024-05-03 13:33:13','2024-05-03 13:33:13','synthe-se-3-windows','/uploads/ressourcesdocs/Synthese-3-windows.pdf'),(260,NULL,NULL,NULL,'Synthèse 4 internet & email','document',NULL,'','/uploads/ressourcesdocsthumbs/Synthese-4-internet-email.png','2024-05-03 13:33:13','2024-05-03 13:33:13','synthe-se-4-internet-email','/uploads/ressourcesdocs/Synthese-4-internet-email.pdf'),(261,NULL,NULL,NULL,'Synthèse 6 Multimédia','document',NULL,'','/uploads/ressourcesdocsthumbs/Synthese-6-Multimedia.png','2024-05-03 13:33:13','2024-05-03 13:33:13','synthe-se-6-multime-dia','/uploads/ressourcesdocs/Synthese-6-Multimedia.pdf'),(262,NULL,NULL,NULL,'Synthèse 7 Réseau et matériel','document',NULL,'','/uploads/ressourcesdocsthumbs/Synthese-7-Reseau-et-materiel.png','2024-05-03 13:33:13','2024-05-03 13:33:13','synthe-se-7-re-seau-et-mate-riel','/uploads/ressourcesdocs/Synthese-7-Reseau-et-materiel.pdf'),(263,NULL,NULL,NULL,'Synthèse 5 Bureautique','document',NULL,'','/uploads/ressourcesdocsthumbs/Synthese-5-Bureautique.png','2024-05-03 13:33:13','2024-05-03 13:33:13','synthe-se-5-bureautique','/uploads/ressourcesdocs/Synthese-5-Bureautique.pdf'),(264,NULL,NULL,NULL,'Trafic Bonjour RATP','document',NULL,'<p>null</p>','/uploads/ressourcesdocsthumbs/Trafic-Bonjour-RATP.png','2024-05-03 13:33:13','2024-05-03 13:33:13','trafic-bonjour-ratp','/uploads/ressourcesdocs/Trafic-Bonjour-RATP.pdf'),(265,NULL,NULL,NULL,'Transférer un mail avec Gmail - Apple','document',NULL,'<p>null</p>','/uploads/ressourcesdocsthumbs/Transferer-un-mail-avec-Gmail-Apple.png','2024-05-03 13:33:13','2024-05-03 13:33:13','transfe-rer-un-mail-avec-gmail-apple','/uploads/ressourcesdocs/Transferer-un-mail-avec-Gmail-Apple.pdf');

--
-- Table structure for table `doc_ressource_doc_ressource_tag`
--

CREATE TABLE `doc_ressource_doc_ressource_tag` (
  `doc_ressource_id` int(11) NOT NULL,
  `doc_ressource_tag_id` int(11) NOT NULL,
  PRIMARY KEY (`doc_ressource_id`,`doc_ressource_tag_id`),
  KEY `IDX_5531AAC94E8257D8` (`doc_ressource_id`),
  KEY `IDX_5531AAC97BDFADAC` (`doc_ressource_tag_id`),
  CONSTRAINT `FK_5531AAC94E8257D8` FOREIGN KEY (`doc_ressource_id`) REFERENCES `doc_ressource` (`id`) ON DELETE CASCADE,
  CONSTRAINT `FK_5531AAC97BDFADAC` FOREIGN KEY (`doc_ressource_tag_id`) REFERENCES `doc_ressource_tag` (`id`) ON DELETE CASCADE
) ENGINE=InnoDB DEFAULT CHARSET=utf8mb4 COLLATE=utf8mb4_unicode_ci;

--
-- Dumping data for table `doc_ressource_doc_ressource_tag`
--

INSERT INTO `doc_ressource_doc_ressource_tag` VALUES (1,1);

--
-- Table structure for table `doc_ressource_tag`
--

CREATE TABLE `doc_ressource_tag` (
  `id` int(11) NOT NULL AUTO_INCREMENT,
  `name` varchar(255) NOT NULL,
  `created_at` datetime NOT NULL,
  `updated_at` datetime NOT NULL,
  `slug` varchar(255) NOT NULL,
  PRIMARY KEY (`id`)
) ENGINE=InnoDB AUTO_INCREMENT=2 DEFAULT CHARSET=utf8mb4 COLLATE=utf8mb4_unicode_ci;

--
-- Dumping data for table `doc_ressource_tag`
--

INSERT INTO `doc_ressource_tag` VALUES (1,'Casa 18','2024-05-06 15:49:33','2024-05-06 15:49:33','casa-18');

--
-- Table structure for table `doc_ressource_tag_doc_ressource`
--

CREATE TABLE `doc_ressource_tag_doc_ressource` (
  `doc_ressource_tag_id` int(11) NOT NULL,
  `doc_ressource_id` int(11) NOT NULL,
  PRIMARY KEY (`doc_ressource_tag_id`,`doc_ressource_id`),
  KEY `IDX_34C3A34A7BDFADAC` (`doc_ressource_tag_id`),
  KEY `IDX_34C3A34A4E8257D8` (`doc_ressource_id`),
  CONSTRAINT `FK_34C3A34A4E8257D8` FOREIGN KEY (`doc_ressource_id`) REFERENCES `doc_ressource` (`id`) ON DELETE CASCADE,
  CONSTRAINT `FK_34C3A34A7BDFADAC` FOREIGN KEY (`doc_ressource_tag_id`) REFERENCES `doc_ressource_tag` (`id`) ON DELETE CASCADE
) ENGINE=InnoDB DEFAULT CHARSET=utf8mb4 COLLATE=utf8mb4_unicode_ci;

--
-- Dumping data for table `doc_ressource_tag_doc_ressource`
--


--
-- Table structure for table `doc_ressource_theme`
--

CREATE TABLE `doc_ressource_theme` (
  `id` int(11) NOT NULL AUTO_INCREMENT,
  `name` varchar(255) NOT NULL,
  `created_at` datetime NOT NULL,
  `updated_at` datetime NOT NULL,
  `slug` varchar(255) NOT NULL,
  PRIMARY KEY (`id`)
) ENGINE=InnoDB AUTO_INCREMENT=2 DEFAULT CHARSET=utf8mb4 COLLATE=utf8mb4_unicode_ci;

--
-- Dumping data for table `doc_ressource_theme`
--

INSERT INTO `doc_ressource_theme` VALUES (1,'Autonomie','2024-05-06 15:51:13','2024-05-06 15:51:13','autonomie');

--
-- Table structure for table `donation`
--

CREATE TABLE `donation` (
  `id` int(11) NOT NULL AUTO_INCREMENT,
  `reference` varchar(255) DEFAULT NULL,
  `civilite` varchar(255) NOT NULL,
  `firstname` varchar(255) NOT NULL,
  `lastname` varchar(255) NOT NULL,
  `address1` varchar(255) NOT NULL,
  `address2` varchar(255) DEFAULT NULL,
  `city` varchar(255) NOT NULL,
  `zipcode` varchar(255) NOT NULL,
  `country` varchar(255) NOT NULL,
  `email` varchar(255) NOT NULL,
  `amount` double NOT NULL,
  `birthday` date DEFAULT NULL,
  `member_number` int(11) DEFAULT NULL,
  `phone` varchar(255) NOT NULL,
  `bank_tx_id` int(11) DEFAULT NULL,
  `created_at` datetime NOT NULL,
  `updated_at` datetime NOT NULL,
  `validated_at` datetime DEFAULT NULL,
  `receipted` tinyint(1) DEFAULT NULL,
  `status` int(11) DEFAULT NULL,
  `receiver` varchar(255) NOT NULL,
  `paymenttype` varchar(255) NOT NULL,
  `paymentprovider` varchar(255) NOT NULL,
  `raison` varchar(255) DEFAULT NULL,
  `siret` varchar(255) DEFAULT NULL,
  PRIMARY KEY (`id`)
) ENGINE=InnoDB AUTO_INCREMENT=27 DEFAULT CHARSET=utf8mb4 COLLATE=utf8mb4_unicode_ci;

--
-- Dumping data for table `donation`
--

INSERT INTO `donation` VALUES (1,'BD2C9B72077F','Monsieur','LEO','DESIGAUX','74 rue nericault destouches',NULL,'Tours','37000','FR','abc@abc.fr',20,NULL,NULL,'+33650102564',NULL,'2023-10-04 10:42:24','2023-10-04 10:42:24',NULL,NULL,NULL,'','','',NULL,NULL),(2,'E7CF88891D66','Monsieur','LEO','DESIGAUX','74 rue nericault destouches',NULL,'Tours','37000','FR','abc@abc.fr',20,NULL,NULL,'+33650102564',NULL,'2023-10-04 10:53:36','2023-10-04 10:53:36',NULL,NULL,NULL,'','','',NULL,NULL),(3,'2CDBA32B475C','Monsieur','LEO','DESIGAUX','74 rue nericault destouches',NULL,'Tours','37000','FR','abc@abc.fr',20,NULL,NULL,'+33650102564',NULL,'2023-10-04 11:53:05','2023-10-04 11:53:05',NULL,NULL,NULL,'','','',NULL,NULL),(4,'B3B8CA4B34EC','Monsieur','LEO','DESIGAUX','74 rue nericault destouches',NULL,'Tours','37000','FR','abc@abc.fr',20,NULL,NULL,'+33650102564',NULL,'2023-10-04 12:09:16','2023-10-04 12:09:16',NULL,NULL,NULL,'','','',NULL,NULL),(5,'32F1DDB7DC78','Monsieur','LEO','DESIGAUX','74 rue nericault destouches',NULL,'Tours','37000','FR','abc@abc.fr',20,NULL,NULL,'+33650102564',NULL,'2023-10-04 12:15:43','2023-10-04 12:15:43',NULL,NULL,NULL,'','','',NULL,NULL),(6,'24821E2EDB4B','Monsieur','LEO','DESIGAUX','74 rue nericault destouches',NULL,'Tours','37000','FR','abc@abc.fr',30,NULL,NULL,'+33650102564',NULL,'2023-10-09 10:57:51','2023-10-09 10:57:51',NULL,NULL,NULL,'','','',NULL,NULL),(7,'218ABA902914','Monsieur','LEO','DESIGAUX','74 rue nericault destouches','addresse 2','Tours','37000','FR','abc@abc.fr',90,'1981-02-17',1564566415,'+33650102564',NULL,'2023-10-09 11:21:45','2023-10-09 11:21:45',NULL,NULL,NULL,'','','',NULL,NULL),(8,'CBCD9FF5C783','Monsieur','LEO','DESIGAUX','74 rue nericault destouches',NULL,'Tours','37000','FR','abc@abc.fr',140,NULL,NULL,'+33650102564',NULL,'2023-10-09 13:16:20','2023-12-11 09:36:10','2023-10-09 13:23:40',1,100,'','','',NULL,NULL),(9,'BA1F12F4870D','Monsieur','LEO','DESIGAUX','74 rue nericault destouches',NULL,'Tours','37000','FR','abc@abc.fr',70,NULL,NULL,'+33650102564',NULL,'2023-10-09 13:25:12','2023-12-11 09:36:10','2023-10-09 13:25:20',1,100,'','','',NULL,NULL),(10,'BBFAA6468938','Monsieur','LEO','DESIGAUX','74 rue nericault destouches',NULL,'Tours','37000','FR','abc@abc.fr',35,NULL,NULL,'+33650102564',NULL,'2023-10-10 10:28:32','2023-10-10 10:29:27',NULL,NULL,2,'','','',NULL,NULL),(11,'29BE1AE4FD9E','Madame','laura','desage','51 avenue de saint ouen',NULL,'75017','paris','FR','ldesage@delta7.org',75,NULL,NULL,'0749812457',NULL,'2023-11-17 11:43:05','2023-11-17 11:43:13',NULL,NULL,3,'','','',NULL,NULL),(12,'F007B395ADDC','Monsieur','LEO','LEO','74 rue nericault destouches',NULL,'Tours','37000','FR','abc@abc.fr',2000,NULL,NULL,'+33650102564',NULL,'2023-12-07 15:09:27','2024-01-18 10:54:18','2023-12-07 15:24:43',1,100,'','','',NULL,NULL),(13,'064CBD08F3DB','Madame','Laura','DESAGE','11 rue Louis Denis Mallet','Résidence Emeraude, Appt A32','Bègles','33130','FR','lauradesage@gmail.com',11500,NULL,NULL,'0695953233',NULL,'2024-07-02 12:47:52','2024-07-02 12:50:38',NULL,1,1,'receiver1','monthly','paypal',NULL,NULL),(14,'9901C979B34A','Monsieur','Denis','Vauvrecy','37 rue de la brèche aux loups',NULL,'Paris','75012','FR','denis.vauvrecy@laposte.net',5000,'1948-10-24',NULL,'0698660859',NULL,'2024-07-05 14:58:59','2024-07-05 14:59:42',NULL,0,5,'receiver1','onetime','creditcard',NULL,NULL),(15,'583583F4D001','Monsieur','Denis','Vauvrecy','37 rue de la brèche aux loups',NULL,'Paris','75012','FR','denis.vauvrecy@laposte.net',5000,NULL,NULL,'0698660859',NULL,'2024-07-05 15:02:59','2024-07-05 15:03:10',NULL,0,3,'receiver1','onetime','creditcard',NULL,NULL),(16,'4EE3DCF6F46D','Madame','Laura','DESAGE','53 Av. de Saint-Ouen',NULL,'Paris','75017','FR','lauradesage@gmail.com',8000,NULL,NULL,'0695953233',NULL,'2024-08-10 23:46:58','2024-08-10 23:46:58',NULL,0,11,'receiver1','onetime','paypal',NULL,NULL),(17,'725EFA4543A9','Madame','Laura','DESAGE','53 Av. de Saint-Ouen',NULL,'Paris','75017','FR','lauradesage@gmail.com',500,NULL,NULL,'0695953233',NULL,'2024-08-10 23:48:56','2024-08-10 23:49:00',NULL,0,3,'receiver1','onetime','creditcard',NULL,NULL),(18,'FBEFE1065BB9','Monsieur','LEO','DESIGAUX','74 rue nericault destouches',NULL,'Tours','37000','FR','leodesigaux@gmail.com',8000,NULL,NULL,'0650102564',NULL,'2024-08-17 17:20:14','2024-08-17 17:20:14',NULL,0,11,'receiver1','onetime','check',NULL,NULL),(19,'957543863D2D','Monsieur','LEO','DESIGAUX','74 rue nericault destouches',NULL,'Tours','37000','FR','leodesigaux@gmail.com',29500,NULL,NULL,'0650102564',NULL,'2024-08-17 17:21:31','2024-08-17 17:21:31',NULL,0,11,'receiver1','onetime','banktransfer',NULL,NULL),(20,'876023EAA8A8','Madame','Laura','DESAGE','11 rue Louis Denis Mallet','Résidence Emeraude, Appt A32','Bègles','33130','FR','lauradesage@gmail.com',8000,NULL,NULL,'0695953233',NULL,'2024-09-05 15:22:59','2024-09-05 15:22:59',NULL,0,11,'receiver1','onetime','check',NULL,NULL),(21,'C40B33A8328C','Madame','Laura','DESAGE','11 rue Louis Denis Mallet','Résidence Emeraude, Appt A32','Bègles','33130','FR','lauradesage@gmail.com',8000,NULL,NULL,'0695953233',NULL,'2024-09-05 15:27:40','2024-09-05 15:27:40',NULL,0,11,'receiver1','onetime','check',NULL,NULL),(22,'45B9140C7DAC','Madame','Laura','DESAGE','11 rue Louis Denis Mallet','Résidence Emeraude, Appt A32','Bègles','33130','FR','lauradesage@gmail.com',8000,NULL,NULL,'0695953233',NULL,'2024-09-10 14:48:16','2024-09-10 14:48:16',NULL,0,11,'receiver1','onetime','check',NULL,NULL),(23,'B6E9D39B9013','Madame','Laura','DESAGE','11 rue Louis Denis Mallet','Résidence Emeraude, Appt A32','Bègles','33130','FR','lauradesage@gmail.com',8000,NULL,NULL,'0695953233',NULL,'2024-09-10 14:55:32','2024-09-10 14:55:32',NULL,0,11,'receiver1','onetime','banktransfer',NULL,NULL),(24,'A462659E5947','Monsieur','LEO','DESIGAUX','74 rue nericault destouches',NULL,'Tours','37000','FR','leodesigaux@gmail.com',4500,NULL,NULL,'0650102564',NULL,'2025-05-19 13:19:23','2025-05-19 13:21:31',NULL,0,10,'receiver1','onetime','creditcard',NULL,NULL),(25,'AD4E690CA242','Monsieur','LEO','DESIGAUX','74 rue nericault destouches',NULL,'Tours','37000','FR','leodesigaux@gmail.com',8000,NULL,NULL,'0650102564',NULL,'2025-05-19 13:23:31','2025-05-20 14:26:02','2025-05-19 13:46:20',0,100,'receiver1','onetime','paypal',NULL,NULL),(26,'FC181D852192','Monsieur','LEO','DESIGAUX','74 rue nericault destouches',NULL,'Tours','37000','FR','leodesigaux@gmail.com',8000,NULL,NULL,'0650102564',NULL,'2025-05-20 16:10:08','2025-05-20 16:11:49','2025-05-20 16:11:49',0,100,'receiver1','onetime','paypal',NULL,NULL);

--
-- Table structure for table `donation_status`
--

CREATE TABLE `donation_status` (
  `id` int(11) NOT NULL AUTO_INCREMENT,
  `donation_id` int(11) NOT NULL,
  `status_id` int(11) NOT NULL,
  `details` longtext DEFAULT NULL,
  `libelle` varchar(255) DEFAULT NULL,
  `created_at` datetime NOT NULL,
  `updated_at` datetime NOT NULL,
  PRIMARY KEY (`id`),
  KEY `IDX_B8D741E74DC1279C` (`donation_id`)
) ENGINE=InnoDB AUTO_INCREMENT=89 DEFAULT CHARSET=utf8mb4 COLLATE=utf8mb4_unicode_ci;

--
-- Dumping data for table `donation_status`
--

INSERT INTO `donation_status` VALUES (2,1,1,'En attente de vérification.',NULL,'2023-10-04 10:42:24','2023-10-04 10:42:24'),(3,2,1,'En attente de vérification.',NULL,'2023-10-04 10:53:36','2023-10-04 10:53:36'),(4,3,1,'En attente de vérification.',NULL,'2023-10-04 11:53:05','2023-10-04 11:53:05'),(5,4,1,'En attente de vérification.',NULL,'2023-10-04 12:09:16','2023-10-04 12:09:16'),(6,5,1,'En attente de vérification.',NULL,'2023-10-04 12:15:43','2023-10-04 12:15:43'),(7,6,1,'En attente de vérification.',NULL,'2023-10-09 10:57:51','2023-10-09 10:57:51'),(8,6,10,'Validé par la banque code: payetest.',NULL,'2023-10-09 11:15:33','2023-10-09 11:15:33'),(9,7,1,'En attente de vérification.',NULL,'2023-10-09 11:21:45','2023-10-09 11:21:45'),(10,7,2,'En vérification par l\'utilisateur.',NULL,'2023-10-09 11:21:45','2023-10-09 11:21:45'),(11,7,3,'Redirigé vers la banque.',NULL,'2023-10-09 11:21:47','2023-10-09 11:21:47'),(12,7,10,'Validé par la banque code: payetest.',NULL,'2023-10-09 11:21:59','2023-10-09 11:21:59'),(13,8,1,'En attente de vérification.',NULL,'2023-10-09 13:16:20','2023-10-09 13:16:20'),(14,8,2,'En vérification par l\'utilisateur.',NULL,'2023-10-09 13:16:20','2023-10-09 13:16:20'),(15,8,3,'Redirigé vers la banque.',NULL,'2023-10-09 13:16:22','2023-10-09 13:16:22'),(16,8,5,'Revenu de la banque avec erreur.',NULL,'2023-10-09 13:16:38','2023-10-09 13:16:38'),(17,8,2,'En vérification par l\'utilisateur.',NULL,'2023-10-09 13:16:40','2023-10-09 13:16:40'),(18,8,3,'Redirigé vers la banque.',NULL,'2023-10-09 13:16:41','2023-10-09 13:16:41'),(19,8,10,'Validé par la banque code: payetest.',NULL,'2023-10-09 13:23:40','2023-10-09 13:23:40'),(20,9,1,'En attente de vérification.',NULL,'2023-10-09 13:25:12','2023-10-09 13:25:12'),(21,9,2,'En vérification par l\'utilisateur.',NULL,'2023-10-09 13:25:12','2023-10-09 13:25:12'),(22,9,3,'Redirigé vers la banque.',NULL,'2023-10-09 13:25:13','2023-10-09 13:25:13'),(23,9,100,'Validé par la banque code: payetest.',NULL,'2023-10-09 13:25:20','2023-10-09 13:25:20'),(24,9,10,'Revenu de la banque avec un OK.',NULL,'2023-10-09 13:25:26','2023-10-09 13:25:26'),(25,10,1,'En attente de vérification.',NULL,'2023-10-10 10:28:32','2023-10-10 10:28:32'),(26,10,2,'En vérification par l\'utilisateur.',NULL,'2023-10-10 10:28:32','2023-10-10 10:28:32'),(27,10,2,'En vérification par l\'utilisateur.',NULL,'2023-10-10 10:28:58','2023-10-10 10:28:58'),(28,10,3,'Redirigé vers la banque.',NULL,'2023-10-10 10:29:12','2023-10-10 10:29:12'),(29,10,5,'Revenu de la banque avec erreur.',NULL,'2023-10-10 10:29:18','2023-10-10 10:29:18'),(30,10,2,'En vérification par l\'utilisateur.',NULL,'2023-10-10 10:29:27','2023-10-10 10:29:27'),(31,11,1,'En attente de vérification.',NULL,'2023-11-17 11:43:05','2023-11-17 11:43:05'),(32,11,2,'En vérification par l\'utilisateur.',NULL,'2023-11-17 11:43:05','2023-11-17 11:43:05'),(33,11,3,'Redirigé vers la banque.',NULL,'2023-11-17 11:43:13','2023-11-17 11:43:13'),(34,12,1,'En attente de vérification.',NULL,'2023-12-07 15:09:27','2023-12-07 15:09:27'),(35,12,2,'En vérification par l\'utilisateur.',NULL,'2023-12-07 15:09:27','2023-12-07 15:09:27'),(36,12,3,'Redirigé vers la banque.',NULL,'2023-12-07 15:09:29','2023-12-07 15:09:29'),(37,12,5,'Revenu de la banque avec un ERR.',NULL,'2023-12-07 15:09:50','2023-12-07 15:09:50'),(38,12,2,'En vérification par l\'utilisateur.',NULL,'2023-12-07 15:09:52','2023-12-07 15:09:52'),(39,12,3,'Redirigé vers la banque.',NULL,'2023-12-07 15:09:54','2023-12-07 15:09:54'),(40,12,5,'Revenu de la banque avec un ERR.',NULL,'2023-12-07 15:18:32','2023-12-07 15:18:32'),(41,12,2,'En vérification par l\'utilisateur.',NULL,'2023-12-07 15:18:35','2023-12-07 15:18:35'),(42,12,2,'En vérification par l\'utilisateur.',NULL,'2023-12-07 15:20:42','2023-12-07 15:20:42'),(43,12,3,'Redirigé vers la banque.',NULL,'2023-12-07 15:20:49','2023-12-07 15:20:49'),(44,12,2,'En vérification par l\'utilisateur.',NULL,'2023-12-07 15:22:23','2023-12-07 15:22:23'),(45,12,2,'En vérification par l\'utilisateur.',NULL,'2023-12-07 15:22:24','2023-12-07 15:22:24'),(46,12,3,'Redirigé vers la banque.',NULL,'2023-12-07 15:22:26','2023-12-07 15:22:26'),(47,12,2,'En vérification par l\'utilisateur.',NULL,'2023-12-07 15:23:55','2023-12-07 15:23:55'),(48,12,2,'En vérification par l\'utilisateur.',NULL,'2023-12-07 15:23:56','2023-12-07 15:23:56'),(49,12,3,'Redirigé vers la banque.',NULL,'2023-12-07 15:23:57','2023-12-07 15:23:57'),(50,12,2,'En vérification par l\'utilisateur.',NULL,'2023-12-07 15:24:24','2023-12-07 15:24:24'),(51,12,2,'En vérification par l\'utilisateur.',NULL,'2023-12-07 15:24:25','2023-12-07 15:24:25'),(52,12,3,'Redirigé vers la banque.',NULL,'2023-12-07 15:24:26','2023-12-07 15:24:26'),(53,12,100,'Validé par la banque code: payetest.',NULL,'2023-12-07 15:24:43','2023-12-07 15:24:43'),(54,13,1,'En attente de vérification.',NULL,'2024-07-02 12:47:52','2024-07-02 12:47:52'),(55,14,1,'En attente de vérification.',NULL,'2024-07-05 14:58:59','2024-07-05 14:58:59'),(56,14,2,'En vérification par l\'utilisateur.',NULL,'2024-07-05 14:58:59','2024-07-05 14:58:59'),(57,14,3,'Redirigé vers la banque.',NULL,'2024-07-05 14:59:14','2024-07-05 14:59:14'),(58,14,5,'Revenu de la banque avec un ERR.',NULL,'2024-07-05 14:59:42','2024-07-05 14:59:42'),(59,15,1,'En attente de vérification.',NULL,'2024-07-05 15:02:59','2024-07-05 15:02:59'),(60,15,2,'En vérification par l\'utilisateur.',NULL,'2024-07-05 15:02:59','2024-07-05 15:02:59'),(61,15,3,'Redirigé vers la banque.',NULL,'2024-07-05 15:03:10','2024-07-05 15:03:10'),(62,16,1,'En attente de vérification.',NULL,'2024-08-10 23:46:58','2024-08-10 23:46:58'),(63,16,11,'En attente de paiement par l\'utilisateur.',NULL,'2024-08-10 23:46:58','2024-08-10 23:46:58'),(64,17,1,'En attente de vérification.',NULL,'2024-08-10 23:48:56','2024-08-10 23:48:56'),(65,17,2,'En vérification par l\'utilisateur.',NULL,'2024-08-10 23:48:56','2024-08-10 23:48:56'),(66,17,3,'Redirigé vers la banque.',NULL,'2024-08-10 23:49:00','2024-08-10 23:49:00'),(67,18,1,'En attente de vérification.',NULL,'2024-08-17 17:20:14','2024-08-17 17:20:14'),(68,18,11,'En attente de paiement par l\'utilisateur.',NULL,'2024-08-17 17:20:14','2024-08-17 17:20:14'),(69,19,1,'En attente de vérification.',NULL,'2024-08-17 17:21:31','2024-08-17 17:21:31'),(70,19,11,'En attente de paiement par l\'utilisateur.',NULL,'2024-08-17 17:21:31','2024-08-17 17:21:31'),(71,20,1,'En attente de vérification.',NULL,'2024-09-05 15:22:59','2024-09-05 15:22:59'),(72,20,11,'En attente de paiement par l\'utilisateur.',NULL,'2024-09-05 15:22:59','2024-09-05 15:22:59'),(73,21,1,'En attente de vérification.',NULL,'2024-09-05 15:27:40','2024-09-05 15:27:40'),(74,21,11,'En attente de paiement par l\'utilisateur.',NULL,'2024-09-05 15:27:40','2024-09-05 15:27:40'),(75,22,1,'En attente de vérification.',NULL,'2024-09-10 14:48:16','2024-09-10 14:48:16'),(76,22,11,'En attente de paiement par l\'utilisateur.',NULL,'2024-09-10 14:48:16','2024-09-10 14:48:16'),(77,23,1,'En attente de vérification.',NULL,'2024-09-10 14:55:32','2024-09-10 14:55:32'),(78,23,11,'En attente de paiement par l\'utilisateur.',NULL,'2024-09-10 14:55:32','2024-09-10 14:55:32'),(79,24,1,'En attente de vérification.',NULL,'2025-05-19 13:19:23','2025-05-19 13:19:23'),(80,24,2,'En vérification par l\'utilisateur.',NULL,'2025-05-19 13:19:23','2025-05-19 13:19:23'),(81,24,3,'Redirigé vers la banque.',NULL,'2025-05-19 13:19:26','2025-05-19 13:19:26'),(82,24,10,'Revenu de la banque avec un OK.',NULL,'2025-05-19 13:21:31','2025-05-19 13:21:31'),(83,25,1,'En attente de vérification.',NULL,'2025-05-19 13:23:31','2025-05-19 13:23:31'),(84,25,11,'En attente de paiement par l\'utilisateur.',NULL,'2025-05-19 13:23:31','2025-05-19 13:23:31'),(85,25,100,'Paiement capture par le serveur Paypal.',NULL,'2025-05-19 13:46:20','2025-05-19 13:46:20'),(86,26,1,'En attente de vérification.',NULL,'2025-05-20 16:10:08','2025-05-20 16:10:08'),(87,26,11,'En attente de paiement par l\'utilisateur.',NULL,'2025-05-20 16:10:08','2025-05-20 16:10:08'),(88,26,100,'Paiement capture par le serveur Paypal.',NULL,'2025-05-20 16:11:49','2025-05-20 16:11:49');

--
-- Table structure for table `event`
--

CREATE TABLE `event` (
  `id` int(11) NOT NULL AUTO_INCREMENT,
  `author_id` int(11) DEFAULT NULL,
  `last_author_id` int(11) DEFAULT NULL,
  `title` varchar(255) NOT NULL,
  `content` longtext NOT NULL,
  `cover` varchar(255) DEFAULT NULL,
  `place` longtext DEFAULT NULL,
  `link` varchar(255) DEFAULT NULL,
  `start` datetime NOT NULL,
  `end` datetime DEFAULT NULL,
  `created_at` datetime NOT NULL,
  `updated_at` datetime NOT NULL,
  `active` tinyint(1) NOT NULL,
  `slug` varchar(255) NOT NULL,
  `event_category_id` int(11) DEFAULT NULL,
  `readmore_title1` varchar(255) DEFAULT NULL,
  `readmore_image1` varchar(255) DEFAULT NULL,
  `readmore_link1` varchar(255) DEFAULT NULL,
  `readmore_title2` varchar(255) DEFAULT NULL,
  `readmore_image2` varchar(255) DEFAULT NULL,
  `readmore_link2` varchar(255) DEFAULT NULL,
  `menu_link_id` int(11) DEFAULT NULL,
  `is_featured` tinyint(1) DEFAULT NULL,
  `quote_category_id` int(11) DEFAULT NULL,
  `readmore_title3` varchar(255) DEFAULT NULL,
  `readmore_image3` varchar(255) DEFAULT NULL,
  `readmore_link3` varchar(255) DEFAULT NULL,
  `readmore_title4` varchar(255) DEFAULT NULL,
  `readmore_image4` varchar(255) DEFAULT NULL,
  `readmore_link4` varchar(255) DEFAULT NULL,
  PRIMARY KEY (`id`),
  KEY `IDX_3BAE0AA7F675F31B` (`author_id`),
  KEY `IDX_3BAE0AA7E1BA2C1D` (`last_author_id`),
  KEY `IDX_3BAE0AA7B9CF4E62` (`event_category_id`),
  KEY `IDX_3BAE0AA7257F1FCF` (`menu_link_id`),
  KEY `IDX_3BAE0AA74E45A09C` (`quote_category_id`),
  CONSTRAINT `FK_3BAE0AA7257F1FCF` FOREIGN KEY (`menu_link_id`) REFERENCES `menu_link` (`id`),
  CONSTRAINT `FK_3BAE0AA74E45A09C` FOREIGN KEY (`quote_category_id`) REFERENCES `quote_category` (`id`),
  CONSTRAINT `FK_3BAE0AA7B9CF4E62` FOREIGN KEY (`event_category_id`) REFERENCES `event_category` (`id`),
  CONSTRAINT `event_ibfk_1` FOREIGN KEY (`last_author_id`) REFERENCES `user` (`id`) ON DELETE SET NULL,
  CONSTRAINT `event_ibfk_2` FOREIGN KEY (`author_id`) REFERENCES `user` (`id`) ON DELETE SET NULL
) ENGINE=InnoDB AUTO_INCREMENT=18 DEFAULT CHARSET=utf8mb4 COLLATE=utf8mb4_unicode_ci;

--
-- Dumping data for table `event`
--

INSERT INTO `event` VALUES (17,11,11,'Salon des seniors','<p>A vos agendas&nbsp;! 📅<br />\r\n<br />\r\nVenez retrouver les &eacute;quipes de Delta 7 au <a data-test-app-aware-link=\"\" href=\"https://www.linkedin.com/company/salon-des-seniors/\" tabindex=\"0\" target=\"_self\">Salon des Seniors</a> du&nbsp;12 au 15 mars&nbsp;prochain, de 10h &agrave; 18h, &agrave;&nbsp;Paris expo Porte de Versailles.<br />\r\n<br />\r\nVisiteurs, partenaires, rendez-vous sur le&nbsp;stand&nbsp;A18 - Zone Ma vie active (village des associations)&nbsp;pour d&eacute;couvrir&nbsp;nos actions de&nbsp;pr&eacute;vention pour le bien-vieillir, nos actions en faveur des aidants, des seniors fragiles ou encore en perte d&#39;autonomie. Nos &eacute;quipes seront l&agrave; pour r&eacute;pondre &agrave; vos questions et &eacute;changer avec vous. 👩 👨&zwj;🦳<br />\r\n<br />\r\n🧠 Assistez &eacute;galement le&nbsp;vendredi 14 mars &agrave; 15h&nbsp;&agrave; la&nbsp;conf&eacute;rence &laquo;&nbsp;Boostez votre m&eacute;moire&nbsp;&raquo;&nbsp;anim&eacute;e par une de nos neuropsychologues qui vous donnera un avant-go&ucirc;t du parcours de pr&eacute;vention m&eacute;moire du <a data-test-app-aware-link=\"\" href=\"https://www.linkedin.com/company/prif-pr%C3%A9vention-retraite-ile-de-france/\" tabindex=\"0\" target=\"_self\">Prif - Pr&eacute;vention Retraite Ile-de-France</a><br />\r\n<br />\r\nPour obtenir une invitation, il vous suffit de remplir vos informations directement sur le site du salon des seniors : <a data-test-app-aware-link=\"\" href=\"https://lnkd.in/d8mw48UR\" tabindex=\"0\" target=\"_self\">https://lnkd.in/d8mw48UR</a><br />\r\n<br />\r\n<br />\r\n🗓️ 12 au 15 mars 2025 de 10h &agrave; 18h<br />\r\n&nbsp;</p>','/uploads/images/salon%20senior.jpg','<p>Porte de Versailles Business Centre : Hall 2.2 - Stand A18</p>',NULL,'2025-03-12 10:00:00','2025-03-15 18:00:00','2025-05-15 11:33:41','2025-05-22 21:57:47',1,'salon-des-seniors',5,NULL,NULL,NULL,NULL,NULL,NULL,NULL,0,NULL,NULL,NULL,NULL,NULL,NULL,NULL);

--
-- Table structure for table `event_category`
--

CREATE TABLE `event_category` (
  `id` int(11) NOT NULL AUTO_INCREMENT,
  `title` varchar(255) NOT NULL,
  `slug` varchar(255) NOT NULL,
  `contact_email_prefix` varchar(255) DEFAULT NULL,
  `newsletter_list_id` int(11) DEFAULT NULL,
  PRIMARY KEY (`id`),
  KEY `IDX_40A0F0113214B5E4` (`newsletter_list_id`),
  CONSTRAINT `FK_40A0F0113214B5E4` FOREIGN KEY (`newsletter_list_id`) REFERENCES `newsletter_list` (`id`)
) ENGINE=InnoDB AUTO_INCREMENT=13 DEFAULT CHARSET=utf8mb4 COLLATE=utf8mb4_unicode_ci;

--
-- Dumping data for table `event_category`
--

INSERT INTO `event_category` VALUES (1,'Casa Paris 17ème','casa-paris-17eme',NULL,NULL),(2,'Culture et divertissement','culture-et-divertissement',NULL,NULL),(3,'Technologie et innovation','technologie-et-innovation',NULL,NULL),(4,'Plateforme pour les aidants','plateforme-pour-les-aidants',NULL,NULL),(5,'Association Delta 7','association-delta-7',NULL,NULL),(6,'Plateforme de répit pour les aidants du 75','plateforme-de-repit-pour-les-aidants-du-75',NULL,NULL),(7,'Plateforme de répit pour les aidants du 94','plateforme-de-repit-pour-les-aidants-du-94',NULL,NULL),(8,'Plateforme de répit pour les aidants du 92','plateforme-de-repit-pour-les-aidants-du-92',NULL,NULL),(9,'Casa Paris 18ème','casa-paris-18eme',NULL,NULL),(10,'Casa Paris 19ème','casa-paris-19eme',NULL,NULL),(11,'Casa Villejuif','casa-villejuif',NULL,NULL),(12,'Pôle Prévention','pole-prevention',NULL,NULL);

--
-- Table structure for table `event_tag`
--

CREATE TABLE `event_tag` (
  `id` int(11) NOT NULL AUTO_INCREMENT,
  `name` varchar(255) NOT NULL,
  `created_at` datetime NOT NULL,
  `updated_at` datetime NOT NULL,
  `slug` varchar(255) NOT NULL,
  PRIMARY KEY (`id`)
) ENGINE=InnoDB AUTO_INCREMENT=2 DEFAULT CHARSET=utf8mb4 COLLATE=utf8mb4_unicode_ci;

--
-- Dumping data for table `event_tag`
--

INSERT INTO `event_tag` VALUES (1,'tag test','2024-05-13 10:58:03','2024-05-13 10:58:03','tag-test');

--
-- Table structure for table `event_tag_event`
--

CREATE TABLE `event_tag_event` (
  `event_tag_id` int(11) NOT NULL,
  `event_id` int(11) NOT NULL,
  PRIMARY KEY (`event_tag_id`,`event_id`),
  KEY `IDX_9FD72D9C884B1443` (`event_tag_id`),
  KEY `IDX_9FD72D9C71F7E88B` (`event_id`),
  CONSTRAINT `FK_9FD72D9C71F7E88B` FOREIGN KEY (`event_id`) REFERENCES `event` (`id`) ON DELETE CASCADE,
  CONSTRAINT `FK_9FD72D9C884B1443` FOREIGN KEY (`event_tag_id`) REFERENCES `event_tag` (`id`) ON DELETE CASCADE
) ENGINE=InnoDB DEFAULT CHARSET=utf8mb4 COLLATE=utf8mb4_unicode_ci;

--
-- Dumping data for table `event_tag_event`
--


--
-- Table structure for table `file`
--

CREATE TABLE `file` (
  `id` int(11) NOT NULL AUTO_INCREMENT,
  `miniature` varchar(255) NOT NULL,
  `file` varchar(255) NOT NULL,
  `author_id` int(11) DEFAULT NULL,
  `last_author_id` int(11) DEFAULT NULL,
  `created_at` datetime NOT NULL,
  `updated_at` datetime NOT NULL,
  `menu_link_id` int(11) DEFAULT NULL,
  PRIMARY KEY (`id`),
  KEY `IDX_8C9F3610F675F31B` (`author_id`),
  KEY `IDX_8C9F3610E1BA2C1D` (`last_author_id`),
  KEY `IDX_8C9F3610257F1FCF` (`menu_link_id`),
  CONSTRAINT `FK_8C9F3610257F1FCF` FOREIGN KEY (`menu_link_id`) REFERENCES `menu_link` (`id`),
  CONSTRAINT `file_ibfk_2` FOREIGN KEY (`last_author_id`) REFERENCES `user` (`id`) ON DELETE SET NULL,
  CONSTRAINT `file_ibfk_3` FOREIGN KEY (`author_id`) REFERENCES `user` (`id`) ON DELETE SET NULL
) ENGINE=InnoDB AUTO_INCREMENT=29 DEFAULT CHARSET=utf8mb4 COLLATE=utf8mb4_unicode_ci;

--
-- Dumping data for table `file`
--

INSERT INTO `file` VALUES (3,'/uploads/miniatures/Rapport2022.png','/uploads/files/DELTA_7-Rapport-activite-2022.pdf',NULL,NULL,'2023-11-06 10:42:23','2023-11-06 10:42:23',NULL),(4,'/uploads/miniatures/SeniorConnecte.png','/uploads/files/Les_Seniors_Connectes-2023.pdf',NULL,NULL,'2023-11-06 10:42:53','2023-11-06 10:42:53',NULL),(5,'/uploads/miniatures/Aidants-hautdeseine.jpg','/uploads/files/LalettreInfoAidants%20-%20Plateforme92-Nov-2023_0.pdf',NULL,NULL,'2023-11-17 16:20:48','2023-11-17 16:20:48',NULL),(6,'/uploads/miniatures/LalettreInfoAidants-Plateforme94-nov2023.jpg','/uploads/files/LalettreInfoAidants-Plateforme94-nov2023.pdf',NULL,NULL,'2023-11-17 16:26:38','2023-11-17 16:26:38',NULL),(7,'/uploads/miniatures/LalettreInfoAidants-Plateforme75-oct2023.jpg','/uploads/files/LalettreInfoAidants-Plateforme75-oct2023.pdf',NULL,NULL,'2023-11-17 16:31:51','2023-11-17 16:31:51',NULL),(8,'/uploads/miniatures/14-Livret_Accueil_CP19_2022.png','/uploads/files/Livret_Accueil_CP19_2022.pdf',NULL,NULL,'2023-11-20 10:55:20','2023-11-20 10:55:20',NULL),(9,'/uploads/miniatures/GazetteCasa19.jpg','/uploads/files/GAZETTE-Juin2023.pdf',NULL,NULL,'2023-11-20 11:01:52','2023-11-20 11:01:52',NULL),(10,'/uploads/miniatures/Miniature%20flyer%20PFR.png','/uploads/files/Flyer-CASA75.pdf',NULL,NULL,'2023-11-20 11:02:16','2025-01-16 11:38:12',NULL),(11,'/uploads/miniatures/casachezsoi.jpg','/uploads/files/CasaDelta7ChezSoi.pdf',NULL,NULL,'2023-11-20 11:35:04','2023-11-20 11:35:04',NULL),(12,'/uploads/miniatures/2023-10-NewsCD7.jpg','/uploads/files/2023-10-NewsCD7.pdf',NULL,NULL,'2023-11-20 11:35:38','2023-11-20 11:35:38',NULL),(13,'/uploads/miniatures/Prevminia.png','/uploads/files/Plaquette%20ateliers%20Delta7-Prif.pdf',NULL,NULL,'2024-01-08 09:36:44','2024-01-08 09:36:44',NULL),(14,'/uploads/miniatures/OlympMinia.png','/uploads/files/Pre%CC%81sentation%20Olympiades%20de%20la%20pre%CC%81vention.pdf',NULL,NULL,'2024-01-08 09:37:00','2024-01-08 09:37:00',NULL),(15,'/uploads/miniatures/RandoMinia.png','/uploads/files/Pre%CC%81sentation%20Randonne%CC%81e%20connecte%CC%81e.pdf',NULL,NULL,'2024-01-08 09:37:20','2024-01-08 09:37:20',NULL),(16,'/uploads/miniatures/Preview50ans.jpg','/uploads/files/Livret%2050%20ans.pdf',NULL,NULL,'2024-02-13 15:39:23','2024-02-13 15:50:58',NULL),(17,'/uploads/miniatures/Flyer92-miniature.png','/uploads/files/Flyer_pfr_92.pdf',NULL,NULL,'2024-03-14 11:21:21','2024-03-14 11:21:21',NULL),(18,'/uploads/miniatures/AideAidant92-Miniature.png','/uploads/files/Aide%20aux%20aidants%2092.pdf',NULL,NULL,'2024-03-14 11:22:06','2024-03-14 11:22:06',NULL),(19,'/uploads/miniatures/PFR75_1024.png','/uploads/files/LalettreInfoAidants%20-%20Plateforme75-Oct-2024.pdf',NULL,NULL,'2024-10-04 16:02:14','2024-10-04 16:02:14',NULL),(20,'/uploads/miniatures/Miniature%20PFR.png','/uploads/files/Actu%20aidants%20-%20Oct_2024%20-%20PFR75.pdf',NULL,NULL,'2024-10-07 16:32:42','2024-10-07 16:39:52',NULL),(21,'/uploads/miniatures/Miniature%20PFR.png','/uploads/files/Actu%20aidants%20-%20Oct_2024%20-%20PFR92.pdf',NULL,NULL,'2024-10-07 16:33:00','2024-10-07 16:38:24',NULL),(22,'/uploads/miniatures/Miniature%20PFR.png','/uploads/files/Actu%20aidants%20-%20Oct_2024%20-%20PFR94.pdf',NULL,NULL,'2024-10-07 16:33:15','2024-10-07 16:38:12',NULL),(23,'/uploads/miniatures/Miniature%20flyer%20PFR.png','/uploads/files/Flyer%20Plateforme_75%20-%20Delta%207.pdf',NULL,NULL,'2024-10-07 17:00:18','2024-10-07 17:00:18',NULL),(24,'/uploads/miniatures/Miniature%20flyer%20PFR.png','/uploads/files/Flyer%20Plateforme_92%20-%20Delta%207.pdf',NULL,NULL,'2024-10-07 17:00:53','2024-10-07 17:00:53',NULL),(25,'/uploads/miniatures/Miniature%20flyer%20PFR.png','/uploads/files/Flyer%20Plateforme_94%20-%20Delta%207.pdf',NULL,NULL,'2024-10-07 17:01:17','2024-10-07 17:01:17',NULL),(26,'/uploads/miniatures/image%20ICOPE.png','/uploads/files/Flyer%20ICOPE.pdf',NULL,NULL,'2025-01-21 12:23:51','2025-01-21 12:23:51',NULL),(27,'/uploads/miniatures/Vignette%20Gazette%20CASA17(1).png','/uploads/files/Gazette%20CASA%20Paris%2017%20N%C2%B01.pdf',NULL,NULL,'2025-02-19 15:57:09','2025-02-19 16:06:35',NULL),(28,'/uploads/miniatures/Vignette%20memo%2B.png','/uploads/files/Pr%C3%A9sentation%20M%C3%A9mo%2B.pdf',NULL,NULL,'2025-03-04 12:48:26','2025-03-04 12:48:26',NULL);

--
-- Table structure for table `job`
--

CREATE TABLE `job` (
  `id` int(11) NOT NULL AUTO_INCREMENT,
  `title` varchar(255) NOT NULL,
  `content` longtext NOT NULL,
  `published_at` datetime NOT NULL,
  `unpublished_at` datetime DEFAULT NULL,
  `type` varchar(255) NOT NULL,
  `place` longtext NOT NULL,
  `starting_date` datetime NOT NULL,
  `author_id` int(11) DEFAULT NULL,
  `last_author_id` int(11) DEFAULT NULL,
  `created_at` datetime NOT NULL,
  `updated_at` datetime NOT NULL,
  `active` tinyint(1) NOT NULL,
  `slug` varchar(255) NOT NULL,
  PRIMARY KEY (`id`),
  KEY `IDX_FBD8E0F8F675F31B` (`author_id`),
  KEY `IDX_FBD8E0F8E1BA2C1D` (`last_author_id`),
  CONSTRAINT `job_ibfk_1` FOREIGN KEY (`author_id`) REFERENCES `user` (`id`) ON DELETE SET NULL,
  CONSTRAINT `job_ibfk_2` FOREIGN KEY (`last_author_id`) REFERENCES `user` (`id`) ON DELETE SET NULL
) ENGINE=InnoDB AUTO_INCREMENT=19 DEFAULT CHARSET=utf8mb4 COLLATE=utf8mb4_unicode_ci;

--
-- Dumping data for table `job`
--

INSERT INTO `job` VALUES (6,'Neuropsychologue H/F','<p style=\"text-align: justify;\"><span class=\"css-sfm6zc e1wnkr790\" role=\"document\"><strong><span style=\"color:#48bdcb;\">L&rsquo;ASSOCIATION DELTA 7</span></strong>&nbsp;<strong>c&#39;est plus de 50 ans d&rsquo;id&eacute;es et d&rsquo;innovations r&eacute;alis&eacute;es au service de l&rsquo;autonomie !</strong> Vous souhaitez exercer un m&eacute;tier qui a du sens pour vous, au sein d&rsquo;une association qui partage des valeurs telles que l&rsquo;ouverture &agrave; soi et aux autres. Au sein de Delta 7, vous retrouverez une structure en plein d&eacute;veloppement, aux valeurs fortes, o&ugrave; se m&eacute;langent avec brio dynamisme, professionnalisme et convivialit&eacute;. Ensemble, avec rigueur et bienveillance, construisons des solutions d&#39;accompagnement uniques !</span></p>\r\n\r\n<p style=\"text-align: justify;\"><span class=\"css-sfm6zc e1wnkr790\" role=\"document\">L&#39;association Delta 7 se compose de :</span></p>\r\n\r\n<ul class=\"triangle\">\r\n	<li style=\"text-align: justify;\"><span class=\"css-sfm6zc e1wnkr790\" role=\"document\">4 accueils de jour (ADJ) &agrave; Paris 17, 18, 19 et Villejuif</span></li>\r\n	<li style=\"text-align: justify;\"><span class=\"css-sfm6zc e1wnkr790\" role=\"document\">4 plateformes de r&eacute;pit (PFR) situ&eacute;s sur les secteurs nord(ouest, nord-est et Val-de-Marne</span></li>\r\n	<li style=\"text-align: justify;\">un p&ocirc;le pr&eacute;vention qui propose des actions de pr&eacute;vention aupr&egrave;s des seniors de 60 ans et plus</li>\r\n</ul>\r\n\r\n<p><span class=\"css-sfm6zc e1wnkr790\" role=\"document\">Pour renforcer nos &eacute;quipes en centre d&rsquo;accueil de jour, nous recrutons un(e) <strong><span style=\"color:#a9045d;\">Neuropsychologue, &agrave; temps plein en Contrat &agrave; Dur&eacute;e Ind&eacute;termin&eacute;e.</span></strong></span></p>\r\n\r\n<h2><strong><span style=\"color:#48bdcb;\"><u><span class=\"css-sfm6zc e1wnkr790\" role=\"document\">Missions</span></u></span></strong></h2>\r\n\r\n<p><span class=\"css-sfm6zc e1wnkr790\" role=\"document\">Au sein d&rsquo;une &eacute;quipe pluridisciplinaire, vos principales missions seront les suivantes :</span></p>\r\n\r\n<ul>\r\n	<li style=\"margin-left: 40px; text-align: justify;\"><span style=\"font-size:16px;\"><span class=\"css-sfm6zc e1wnkr790\" role=\"document\">Participer &agrave; <span style=\"color:#a9045d;\">l&rsquo;&eacute;laboration du projet de soins</span> et &agrave; la prise en charge des r&eacute;sidents</span></span></li>\r\n	<li style=\"margin-left: 40px; text-align: justify;\"><span style=\"font-size:16px;\"><span class=\"css-sfm6zc e1wnkr790\" role=\"document\">R&eacute;aliser les <span style=\"color:#a9045d;\">entretiens de pr&eacute;admission et de bilan d&rsquo;&eacute;tape</span></span></span></li>\r\n	<li style=\"margin-left: 40px; text-align: justify;\"><span style=\"font-size:16px;\"><span class=\"css-sfm6zc e1wnkr790\" role=\"document\"><span style=\"color:#a9045d;\">Animer les r&eacute;unions d&rsquo;&eacute;quipe</span> (pr&eacute;sentation des nouveaux r&eacute;sidents, synth&egrave;se de la prise encharge des r&eacute;sidents, r&eacute;union clinique,&hellip;)</span></span></li>\r\n	<li style=\"margin-left: 40px; text-align: justify;\"><span style=\"font-size:16px;\"><span class=\"css-sfm6zc e1wnkr790\" role=\"document\"><span style=\"color:#a9045d;\">G&eacute;rer les plannings</span> et <span style=\"color:#a9045d;\">constituer les groupes de r&eacute;sidents</span> pour la participation aux ateliers</span></span></li>\r\n	<li style=\"margin-left: 40px; text-align: justify;\"><span style=\"font-size:16px;\"><span class=\"css-sfm6zc e1wnkr790\" role=\"document\">Cr&eacute;er et conduire les <span style=\"color:#a9045d;\">ateliers de stimulation cognitive et de r&eacute;miniscence</span></span></span></li>\r\n	<li style=\"margin-left: 40px; text-align: justify;\"><span style=\"font-size:16px;\"><span class=\"css-sfm6zc e1wnkr790\" role=\"document\"><span style=\"color:#a9045d;\">R&eacute;diger les synth&egrave;ses </span>destin&eacute;es aux familles et/ou partenaires</span></span></li>\r\n	<li style=\"margin-left: 40px; text-align: justify;\"><span style=\"font-size:16px;\"><span class=\"css-sfm6zc e1wnkr790\" role=\"document\"><span style=\"color:#a9045d;\">Orienter les aidants</span> vers les professionnels d&eacute;di&eacute;s (plateforme d&rsquo;accompagnement, &hellip;)</span></span></li>\r\n	<li style=\"margin-left: 40px; text-align: justify;\"><span style=\"font-size:16px;\"><span class=\"css-sfm6zc e1wnkr790\" role=\"document\"><span style=\"color:#a9045d;\">G&eacute;rer les troubles du comportement ou les difficult&eacute;s du r&eacute;sident</span> (entretien avec lesr&eacute;sidents, &eacute;changes avec les aidants, am&eacute;nagement de la prise en charge, orientation vers lem&eacute;decin&hellip;)</span></span></li>\r\n	<li style=\"margin-left: 40px; text-align: justify;\"><span style=\"font-size:16px;\"><span class=\"css-sfm6zc e1wnkr790\" role=\"document\"><span style=\"color:#a9045d;\">&Eacute;changer avec les partenaires</span> concernant les r&eacute;sidents et/ou les aidants (ESA, Plateforme, M2A/DAC&hellip;)</span></span></li>\r\n	<li style=\"margin-left: 40px; text-align: justify;\"><span style=\"font-size:16px;\"><span class=\"css-sfm6zc e1wnkr790\" role=\"document\"><span style=\"color:#a9045d;\">Former et sensibiliser les &eacute;quipes</span>, aux troubles cognitifs ainsi qu&rsquo;aux pathologies rencontr&eacute;es</span></span></li>\r\n	<li style=\"margin-left: 40px; text-align: justify;\"><span style=\"font-size:16px;\"><span class=\"css-sfm6zc e1wnkr790\" role=\"document\"><span style=\"color:#a9045d;\">Accompagner les stagiaires</span> (AMP, AES, AS&hellip;) en collaboration avec leurs tuteurs et encadrer lesstagiaires psychologues</span></span></li>\r\n	<li style=\"margin-left: 40px; text-align: justify;\"><span style=\"font-size:16px;\"><span class=\"css-sfm6zc e1wnkr790\" role=\"document\">Participer &agrave; l&rsquo;&eacute;laboration des rapports d&rsquo;activit&eacute; et des statistiques</span></span></li>\r\n	<li style=\"margin-left: 40px; text-align: justify;\"><span style=\"font-size:16px;\"><span class=\"css-sfm6zc e1wnkr790\" role=\"document\">Participer &agrave; la d&eacute;marche d&rsquo;&eacute;valuation continue de la qualit&eacute;</span></span></li>\r\n	<li style=\"margin-left: 40px; text-align: justify;\"><span style=\"font-size:16px;\"><span class=\"css-sfm6zc e1wnkr790\" role=\"document\">Assurer le remplacement de la responsabl de centre en son absence (gestion des planning des r&eacute;sidents, facturation...)</span></span></li>\r\n	<li style=\"margin-left: 40px; text-align: justify;\"><span style=\"font-size:16px;\"><span class=\"css-sfm6zc e1wnkr790\" role=\"document\">Participer au bon fonctionnement, &agrave; la vie du centre et de l&rsquo;association</span></span></li>\r\n</ul>\r\n\r\n<p><span class=\"css-sfm6zc e1wnkr790\" role=\"document\">Cette liste de mission n&rsquo;est pas limitative et est susceptible d&rsquo;&eacute;volution.</span></p>\r\n\r\n<h2><strong><span style=\"color:#48bdcb;\"><u><span class=\"css-sfm6zc e1wnkr790\" role=\"document\">Le profil</span></u></span></strong></h2>\r\n\r\n<p style=\"text-align: justify;\"><span class=\"css-sfm6zc e1wnkr790\" role=\"document\">Titulaire d&rsquo;un Dipl&ocirc;me de Psychologue, avec une sp&eacute;cialisation en neuropsychologie ou g&eacute;rontologie, et de bonnes connaissances en psychopathologie du vieillissement. Vous &ecirc;tes volontaire, rigoureux(se), organis&eacute;(e), vous avez des bonnes capacit&eacute;s d&rsquo;observation et d&rsquo;analyse et vous aimez le travail en &eacute;quipe. Professionnel, vous disposez d&rsquo;une exp&eacute;rience significative sur un poste similaire que vous saurez valoriser au sein de nos &eacute;quipes.</span></p>\r\n\r\n<h3><strong><span style=\"color:#a9045d;\"><span class=\"css-sfm6zc e1wnkr790\" role=\"document\">Comp&eacute;tences</span></span></strong></h3>\r\n\r\n<ul>\r\n	<li style=\"margin-left: 40px;\"><span style=\"color:#4f1c38;\"><span style=\"font-size:16px;\"><span class=\"css-sfm6zc e1wnkr790\" role=\"document\">R&eacute;aliser des entretiens cliniques individuels</span></span></span></li>\r\n	<li style=\"margin-left: 40px;\"><span style=\"color:#4f1c38;\"><span style=\"font-size:16px;\"><span class=\"css-sfm6zc e1wnkr790\" role=\"document\">Animer des ateliers collectifs de stimulation cognitive</span></span></span></li>\r\n	<li style=\"margin-left: 40px;\"><span style=\"color:#4f1c38;\"><span style=\"font-size:16px;\"><span class=\"css-sfm6zc e1wnkr790\" role=\"document\">Ma&icirc;triser les outils d&#39;&eacute;valuation de la cognition et adapter la prise en charge du r&eacute;sident</span></span></span></li>\r\n	<li style=\"margin-left: 40px;\"><span style=\"color:#4f1c38;\"><span style=\"font-size:16px;\"><span class=\"css-sfm6zc e1wnkr790\" role=\"document\">Conna&icirc;tre les tableaux cliniques des diff&eacute;rentes pathologies neuro&eacute;volutives</span></span></span></li>\r\n	<li style=\"margin-left: 40px;\"><span style=\"color:#4f1c38;\"><span style=\"font-size:16px;\"><span class=\"css-sfm6zc e1wnkr790\" role=\"document\">Savoir accompagner l&rsquo;&eacute;quipe dans la prise en charge des r&eacute;sidents</span></span></span></li>\r\n</ul>\r\n\r\n<h2><strong><span style=\"color:#48bdcb;\"><u><span class=\"css-sfm6zc e1wnkr790\" role=\"document\">D&eacute;tails du poste</span></u></span></strong></h2>\r\n\r\n<p><span class=\"css-sfm6zc e1wnkr790\" role=\"document\">Statut : Cadre</span></p>\r\n\r\n<p><span class=\"css-sfm6zc e1wnkr790\" role=\"document\">Type de contrat : CDI, temps plein</span></p>\r\n\r\n<p><span class=\"css-sfm6zc e1wnkr790\" role=\"document\">Service et horaires : JOUR (id&eacute;alement les lundi, mardi et mercredi), 91 heures mensuel</span></p>\r\n\r\n<p><span class=\"css-sfm6zc e1wnkr790\" role=\"document\">R&eacute;mun&eacute;ration : Selon convention collective FEHAP (CCN51)</span></p>\r\n\r\n<p><span class=\"css-sfm6zc e1wnkr790\" role=\"document\">Date de d&eacute;but du contrat : d&egrave;s que possible</span></p>','2024-11-20 08:00:00','2025-03-31 10:00:00','CDI','<p><span class=\"css-sfm6zc e1wnkr790\" role=\"document\">Lieu de travail : Paris 17e</span></p>','2024-12-01 08:00:00',31,8,'2024-01-16 14:57:50','2024-11-20 10:41:08',1,'neuropsychologue-h-f'),(8,'Formateur,  Animateur Socio-Éducatif ou ASG H/F','<p><span class=\"css-sfm6zc e1wnkr790\" role=\"document\">R&eacute;f. 000014-2024-03</span></p>\r\n\r\n<p><span class=\"css-sfm6zc e1wnkr790\" role=\"document\"><b>L&rsquo;ASSOCIATION DELTA 7, plus de 50 ans d&rsquo;id&eacute;es et d&rsquo;innovations r&eacute;alis&eacute;es au service de l&rsquo;autonomie ! </b>Vous souhaitez exercer un m&eacute;tier qui a du sens pour vous, au sein d&rsquo;une association qui partage des valeurs telles que l&rsquo;ouverture &agrave; soi et aux autres. Au sein de Delta 7, vous retrouverez une structure en plein d&eacute;veloppement, aux valeurs fortes, o&ugrave; se m&eacute;langent avec brio dynamisme, professionnalisme et convivialit&eacute;. Ensemble, avec rigueur et bienveillance, construisons des solutions d&#39;accompagnement uniques !</span></p>\r\n\r\n<p><span style=\"color:#15080f;\"><span class=\"css-sfm6zc e1wnkr790\" role=\"document\"><b>Pour renforcer l&rsquo;&eacute;quipe du p&ocirc;le pr&eacute;vention, nous recrutons un(e) Formateur(trice) Animateur(trice) Socio-&Eacute;ducatif(ve) ou ASG, &agrave; temps plein en Contrat &agrave; Dur&eacute;e D&eacute;termin&eacute;e de longue dur&eacute;e, avec possibilit&eacute; d&rsquo;&eacute;volution en Contrat &agrave; Dur&eacute;e Ind&eacute;termin&eacute;e.</b></span></span></p>\r\n\r\n<p><strong><span class=\"css-sfm6zc e1wnkr790\" role=\"document\">MISSIONS</span></strong></p>\r\n\r\n<p><span style=\"color:#15080f;\"><span class=\"css-sfm6zc e1wnkr790\" role=\"document\">Au sein d&rsquo;une &eacute;quipe jeune vos principales missions seront les suivantes :</span></span></p>\r\n\r\n<p><span style=\"color:#15080f;\"><span class=\"css-sfm6zc e1wnkr790\" role=\"document\">- Animer les formations aupr&egrave;s des senior (num&eacute;rique, atelier m&eacute;moire)</span></span></p>\r\n\r\n<p><span style=\"color:#15080f;\"><span class=\"css-sfm6zc e1wnkr790\" role=\"document\">- Participer &agrave; l&rsquo;am&eacute;lioration de la formation au sein de l&rsquo;association</span></span></p>\r\n\r\n<p><span style=\"color:#15080f;\"><span class=\"css-sfm6zc e1wnkr790\" role=\"document\">- Proposer des &eacute;volutions sur les questionnaires en rapport avec la formation</span></span></p>\r\n\r\n<p><span style=\"color:#15080f;\"><span class=\"css-sfm6zc e1wnkr790\" role=\"document\">- Participer &agrave; l&#39;&eacute;valuation et l&rsquo;am&eacute;lioration des trames p&eacute;dagogiques (conducteur de formation)</span></span></p>\r\n\r\n<p><span style=\"color:#15080f;\"><span class=\"css-sfm6zc e1wnkr790\" role=\"document\">- G&eacute;rer les groupes de formation</span></span></p>\r\n\r\n<p><span style=\"color:#15080f;\"><span class=\"css-sfm6zc e1wnkr790\" role=\"document\">- Pr&eacute;parer les tablettes, contrats de pr&ecirc;ts et mat&eacute;riel (r&eacute;initialiser et nettoyer les tablettes / imprimer les contrats vierges, feuilles d&rsquo;&eacute;margement,&hellip; / r&eacute;cup&eacute;rer le mat&eacute;riel)</span></span></p>\r\n\r\n<p><span style=\"color:#15080f;\"><span class=\"css-sfm6zc e1wnkr790\" role=\"document\">- R&eacute;cup&eacute;rer et transporter les tablettes sur le lieu de formation</span></span></p>\r\n\r\n<p><span style=\"color:#15080f;\"><span class=\"css-sfm6zc e1wnkr790\" role=\"document\">- Pr&eacute;parer la salle de formation (mise en place des tables, installation du mat&eacute;riel tel que vid&eacute;o projecteur, &eacute;cran &hellip;)</span></span></p>\r\n\r\n<p><span style=\"color:#15080f;\"><span class=\"css-sfm6zc e1wnkr790\" role=\"document\">- Accueillir les participants sur le lieu de formation</span></span></p>\r\n\r\n<p><span style=\"color:#15080f;\"><span class=\"css-sfm6zc e1wnkr790\" role=\"document\">- En cas de difficult&eacute; observ&eacute;, organiser un entretien de pr&eacute;vention</span></span></p>\r\n\r\n<p><span style=\"color:#15080f;\"><span class=\"css-sfm6zc e1wnkr790\" role=\"document\">- Informer le responsable et conserver les documents pendant la gestion de dommage et remboursement en cas de probl&egrave;me avec une tablette</span></span></p>\r\n\r\n<p><span style=\"color:#15080f;\"><span class=\"css-sfm6zc e1wnkr790\" role=\"document\">- Remplir les tableaux d&rsquo;information des groupes</span></span></p>\r\n\r\n<p><span style=\"color:#15080f;\"><span class=\"css-sfm6zc e1wnkr790\" role=\"document\">- Faire remplir les feuilles d&#39;&eacute;margement &agrave; chaque s&eacute;ance</span></span></p>\r\n\r\n<p><span style=\"color:#15080f;\"><span class=\"css-sfm6zc e1wnkr790\" role=\"document\">- Participer au bon fonctionnement de l&#39;association</span></span></p>\r\n\r\n<p><span style=\"color:#15080f;\"><span class=\"css-sfm6zc e1wnkr790\" role=\"document\">- &Ecirc;tre le relai entre l&rsquo;association et les structures accueillantes, pr&eacute;parer les tablettes utilis&eacute;es pour les ateliers de d&eacute;marches en ligne et les ateliers th&eacute;matiques</span></span></p>\r\n\r\n<p><span style=\"color:#15080f;\"><span class=\"css-sfm6zc e1wnkr790\" role=\"document\">Cette liste de mission n&rsquo;est pas limitative et est susceptible d&rsquo;&eacute;volution.</span></span></p>\r\n\r\n<p><span style=\"color:#4f1c38;\"><strong><span class=\"css-sfm6zc e1wnkr790\" role=\"document\">LE PROFIL</span></strong></span></p>\r\n\r\n<p><span style=\"color:#15080f;\"><span class=\"css-sfm6zc e1wnkr790\" role=\"document\">Vous avez de bonnes connaissances dans le secteur technique de la formation dispens&eacute;e. Vous &ecirc;tes volontaire, m&eacute;thodique, organis&eacute;(e), vous avez des bonnes capacit&eacute;s p&eacute;dagogiques et vous aimez prendre la parole. Professionnel, vous disposez d&rsquo;une exp&eacute;rience significative sur un poste similaire que vous saurez valoriser au sein de nos &eacute;quipes. Vous disposez obligatoirement du permis de conduire.</span></span></p>\r\n\r\n<p><strong><span class=\"css-sfm6zc e1wnkr790\" role=\"document\">Comp&eacute;tences</span></strong></p>\r\n\r\n<p><span style=\"color:#15080f;\"><span class=\"css-sfm6zc e1wnkr790\" role=\"document\">- Animer et conduire une formation aupr&egrave;s d&rsquo;un groupe de seniors et l&rsquo;&eacute;valuer</span></span></p>\r\n\r\n<p><span style=\"color:#15080f;\"><span class=\"css-sfm6zc e1wnkr790\" role=\"document\">- Ajuster sa pratique professionnelle</span></span></p>\r\n\r\n<p><span style=\"color:#15080f;\"><span class=\"css-sfm6zc e1wnkr790\" role=\"document\">- Adapter sa p&eacute;dagogie en fonction du contexte et des groupes de formation</span></span></p>\r\n\r\n<p><span style=\"color:#15080f;\"><span class=\"css-sfm6zc e1wnkr790\" role=\"document\">- Optimiser et d&eacute;velopper le portefeuille partenaires</span></span></p>\r\n\r\n<p><strong><span class=\"css-sfm6zc e1wnkr790\" role=\"document\">D&Eacute;TAILS DU POSTE</span></strong></p>\r\n\r\n<p><span style=\"color:#15080f;\"><span class=\"css-sfm6zc e1wnkr790\" role=\"document\">Statut : Non Cadre</span></span></p>\r\n\r\n<p><span style=\"color:#15080f;\"><span class=\"css-sfm6zc e1wnkr790\" role=\"document\">Type de contrat : CDD 6 mois, temps plein, &eacute;volutif CDI</span></span></p>\r\n\r\n<p><span style=\"color:#15080f;\"><span class=\"css-sfm6zc e1wnkr790\" role=\"document\">Service et horaires&thinsp;: JOUR, 151,67 heures mensuel, 35 heures par semaine (9 h 00 - 17 h 00)</span></span></p>\r\n\r\n<p><span style=\"color:#15080f;\"><span class=\"css-sfm6zc e1wnkr790\" role=\"document\">du lundi au vendredi</span></span></p>\r\n\r\n<p><span style=\"color:#15080f;\"><span class=\"css-sfm6zc e1wnkr790\" role=\"document\">R&eacute;mun&eacute;ration&thinsp;: Selon convention collective FEHAP (CCN51)</span></span></p>\r\n\r\n<p><span style=\"color:#15080f;\"><span class=\"css-sfm6zc e1wnkr790\" role=\"document\">Date de d&eacute;but du contrat&thinsp;: D&egrave;s que possible</span></span></p>\r\n\r\n<p class=\"jd-header-text\"><span style=\"color:#15080f;\"><span class=\"css-sfm6zc e1wnkr790\" role=\"document\">Avantages&nbsp;: </span></span></p>\r\n\r\n<p class=\"jd-header-text\"><span style=\"color:#15080f;\">- <span class=\"css-sfm6zc e1wnkr790\" role=\"document\">Prise en charge du transport quotidien ou </span><span class=\"css-sfm6zc e1wnkr790\" role=\"document\">v&eacute;hicule de fonction</span></span></p>\r\n\r\n<p class=\"jd-header-text\"><span style=\"color:#15080f;\"><span class=\"css-sfm6zc e1wnkr790\" role=\"document\">- Carte repas </span></span></p>\r\n\r\n<p><span class=\"css-sfm6zc e1wnkr790\" role=\"document\">Si vous aussi, vous vous retrouvez dans cette description et vous pensez qu&rsquo;aimer son travail est la cl&eacute; de la r&eacute;ussite, alors envoyez-nous votre CV &agrave; <b>pr&eacute;vention@delta7.org</b></span></p>','2024-03-14 14:30:00','2024-04-20 17:00:00','CDD','<p><span style=\"color:#15080f;\"><span class=\"css-sfm6zc e1wnkr790\" role=\"document\">Mobilit&eacute; sur le d&eacute;partement du 94</span></span></p>','2024-03-15 09:00:00',31,8,'2024-03-14 14:41:27','2024-10-08 11:48:17',0,'formateur-animateur-socio-educatif-ou-asg-h-f'),(9,'Médecin Coordonnateur H/F','<p><span class=\"css-sfm6zc e1wnkr790\" role=\"document\"><b>L&rsquo;ASSOCIATION</b><b>&thinsp;</b>DELTA 7<b>, plus de 50 ans d&rsquo;id&eacute;es et d&rsquo;innovations r&eacute;alis&eacute;es au service de l&rsquo;autonomie ! </b>Vous souhaitez exercer un m&eacute;tier qui a du sens pour vous, au sein d&rsquo;une association qui partage des valeurs telles que l&rsquo;ouverture &agrave; soi et aux autres. Au sein de Delta 7, vous retrouverez une structure en plein d&eacute;veloppement, aux valeurs fortes, o&ugrave; se m&eacute;langent avec brio dynamisme, professionnalisme et convivialit&eacute;. Ensemble, avec rigueur et bienveillance, construisons des solutions d&#39;accompagnement uniques !</span></p>\r\n\r\n<p><span style=\"color:#15080f;\"><span class=\"css-sfm6zc e1wnkr790\" role=\"document\"><b>Pour renforcer nos &eacute;quipes en centre d&rsquo;accueil de jour, nous recrutons un M&eacute;decin Coordonnateur &agrave; temps partiel 40% en Contrat &agrave; Dur&eacute;e Ind&eacute;termin&eacute;e. </b></span></span></p>\r\n\r\n<p><strong><span class=\"css-sfm6zc e1wnkr790\" role=\"document\">MISSIONS</span></strong></p>\r\n\r\n<p><span style=\"color:#15080f;\"><span class=\"css-sfm6zc e1wnkr790\" role=\"document\"><b>Au sein d&rsquo;une &eacute;quipe pluridisciplinaire vos principales missions seront les suivantes :</b></span></span></p>\r\n\r\n<p><span style=\"color:#15080f;\"><span class=\"css-sfm6zc e1wnkr790\" role=\"document\">- Participer &agrave; la d&eacute;marche d&rsquo;admission et de r&eacute;&eacute;valuation annuelle de nos r&eacute;sidents par la r&eacute;alisation d&rsquo;un bilan g&eacute;riatrique</span></span></p>\r\n\r\n<p><span style=\"color:#15080f;\"><span class=\"css-sfm6zc e1wnkr790\" role=\"document\">- Rencontrer les r&eacute;f&eacute;rents familiaux ou professionnels lors des visites d&rsquo;admission et de r&eacute;&eacute;valuation</span></span></p>\r\n\r\n<p><span style=\"color:#15080f;\"><span class=\"css-sfm6zc e1wnkr790\" role=\"document\">- Participer &agrave; l&rsquo;&eacute;laboration du projet de soins, du projet personnalis&eacute; et &agrave; la prise en charge des r&eacute;sidents</span></span></p>\r\n\r\n<p><span style=\"color:#15080f;\"><span class=\"css-sfm6zc e1wnkr790\" role=\"document\">- Contribuer par son action &agrave; la qualit&eacute; de la prise en charge g&eacute;rontologique : assurer un r&ocirc;le de conseil, d&rsquo;&eacute;ducation et d&rsquo;orientation vers diff&eacute;rents intervenants, aupr&egrave;s des r&eacute;sidents et r&eacute;f&eacute;rents</span></span></p>\r\n\r\n<p><span style=\"color:#15080f;\"><span class=\"css-sfm6zc e1wnkr790\" role=\"document\">- Assister aux r&eacute;unions d&rsquo;&eacute;quipe et assurer des transmissions orales aupr&egrave;s des &eacute;quipes</span></span></p>\r\n\r\n<p><span style=\"color:#15080f;\"><span class=\"css-sfm6zc e1wnkr790\" role=\"document\">- Participer &agrave; la tenue et &agrave; la mise &agrave; jour du dossier m&eacute;dical informatis&eacute; du patient et assurer les transmissions &eacute;crites</span></span></p>\r\n\r\n<p><span style=\"color:#15080f;\"><span class=\"css-sfm6zc e1wnkr790\" role=\"document\">- Rep&eacute;rer et g&eacute;rer les situations d&rsquo;urgence des patients pr&eacute;sents au centre le cas &eacute;ch&eacute;ant, sur demande de l&rsquo;&eacute;quipe</span></span></p>\r\n\r\n<p><span style=\"color:#15080f;\"><span class=\"css-sfm6zc e1wnkr790\" role=\"document\">- &Eacute;changer avec le m&eacute;decin traitant, le m&eacute;decin hospitalier, lorsque la situation le justifie</span></span></p>\r\n\r\n<p><span style=\"color:#15080f;\"><span class=\"css-sfm6zc e1wnkr790\" role=\"document\">- Etre en contact avec les m&eacute;decins de la fili&egrave;re g&eacute;riatrique (&eacute;quipes mobiles g&eacute;riatrique&hellip;)</span></span></p>\r\n\r\n<p><span style=\"color:#15080f;\"><span class=\"css-sfm6zc e1wnkr790\" role=\"document\">- Participer aux projets de recherche d&eacute;velopp&eacute;s au sein des centres d&rsquo;accueil de jour de l&rsquo;association DELTA 7</span></span></p>\r\n\r\n<p><span style=\"color:#15080f;\"><span class=\"css-sfm6zc e1wnkr790\" role=\"document\">- Veiller &agrave; l&rsquo;application des bonnes pratiques g&eacute;riatriques, y compris en cas de risques sanitaires exceptionnels</span></span></p>\r\n\r\n<p><span style=\"color:#15080f;\"><span class=\"css-sfm6zc e1wnkr790\" role=\"document\">- Contribuer &agrave; l&rsquo;&eacute;volution de la qualit&eacute; des soins</span></span></p>\r\n\r\n<p><span style=\"color:#15080f;\"><span class=\"css-sfm6zc e1wnkr790\" role=\"document\">- Participer ponctuellement &agrave; la formation des &eacute;quipes</span></span></p>\r\n\r\n<p><span style=\"color:#15080f;\"><span class=\"css-sfm6zc e1wnkr790\" role=\"document\">- Participer &agrave; la promotion de l&rsquo;association vis-&agrave;-vis de l&rsquo;ext&eacute;rieur<br />\r\nCette liste de mission n&rsquo;est pas limitative et est susceptible d&rsquo;&eacute;volution.</span></span></p>\r\n\r\n<p><span class=\"css-sfm6zc e1wnkr790\" role=\"document\"><b>LE PROFIL </b></span></p>\r\n\r\n<p><span style=\"color:#15080f;\"><span class=\"css-sfm6zc e1wnkr790\" role=\"document\">Inscrit &agrave; l&rsquo;ordre des m&eacute;decins et titulaire du Dipl&ocirc;me d&rsquo;&Eacute;tat de Docteur en M&eacute;decine G&eacute;n&eacute;rale ou DES de G&eacute;riatrie, vous disposez d&rsquo;une premi&egrave;re exp&eacute;rience que vous saurez valoriser au sein de nos &eacute;quipes.</span></span></p>\r\n\r\n<p><span class=\"css-sfm6zc e1wnkr790\" role=\"document\"><b>Comp&eacute;tences</b></span></p>\r\n\r\n<p><span style=\"color:#15080f;\"><span class=\"css-sfm6zc e1wnkr790\" role=\"document\">- &Ecirc;tre capable d&rsquo;&eacute;valuer l&rsquo;&eacute;tat de sant&eacute; et le degr&eacute; d&rsquo;autonomie d&rsquo;une personne</span></span></p>\r\n\r\n<p><span style=\"color:#15080f;\"><span class=\"css-sfm6zc e1wnkr790\" role=\"document\">- Savoir analyser et synth&eacute;tiser les informations concernant la prise en charge de la personne accueillie</span></span></p>\r\n\r\n<p><span style=\"color:#15080f;\"><span class=\"css-sfm6zc e1wnkr790\" role=\"document\">- Savoir communiquer aupr&egrave;s du public accueilli, de leurs proches, et de l&rsquo;&eacute;quipe pluridisciplinaire</span></span></p>\r\n\r\n<p><span style=\"color:#15080f;\"><span class=\"css-sfm6zc e1wnkr790\" role=\"document\">- Savoir s&rsquo;adapter et travailler en &eacute;quipe pluridisciplinaire</span></span></p>\r\n\r\n<p><span style=\"color:#15080f;\"><span class=\"css-sfm6zc e1wnkr790\" role=\"document\">- Faire preuve de bienveillance</span></span></p>\r\n\r\n<p><span class=\"css-sfm6zc e1wnkr790\" role=\"document\"><b>D&Eacute;TAILS DU POSTE</b></span></p>\r\n\r\n<p><span style=\"color:#15080f;\"><span class=\"css-sfm6zc e1wnkr790\" role=\"document\">Statut : Cadre</span></span></p>\r\n\r\n<p><span style=\"color:#15080f;\"><span class=\"css-sfm6zc e1wnkr790\" role=\"document\">Type de contrat : CDI, temps partiel</span></span></p>\r\n\r\n<p><span style=\"color:#15080f;\"><span class=\"css-sfm6zc e1wnkr790\" role=\"document\">Service et horaires&thinsp;: 0.4 ETP</span></span></p>\r\n\r\n<p><span style=\"color:#15080f;\"><span class=\"css-sfm6zc e1wnkr790\" role=\"document\">R&eacute;mun&eacute;ration&thinsp;: Selon convention collective FEHAP (CCN51)</span></span></p>\r\n\r\n<p><br />\r\n<span class=\"css-sfm6zc e1wnkr790\" role=\"document\">Si vous vous retrouvez dans cette description et vous pensez qu&rsquo;aimer son travail est la cl&eacute; de la r&eacute;ussite, alors envoyez-nous votre CV et LM &agrave; rh@delta7.org</span></p>','2024-03-14 09:00:00','2024-04-30 17:00:00','CDI','<p>D&egrave;s que possible</p>','2024-03-14 09:00:00',31,11,'2024-03-14 14:47:08','2024-10-04 17:57:36',0,'medecin-coordonnateur-h-f'),(10,'Enseignant en activité physique adaptée H/F','<p style=\"text-align: justify;\"><strong><span style=\"font-size:12px;\"><span class=\"css-sfm6zc e1wnkr790\" role=\"document\">R&eacute;f. . 000028-2024-04</span></span></strong></p>\r\n\r\n<p style=\"text-align: justify;\"><span style=\"font-size:16px;\"><strong><span style=\"color:#48bdcb;\"><span class=\"css-sfm6zc e1wnkr790\" role=\"document\">L&rsquo; ASSOCIATION DELTA 7, c&rsquo;est plus de 50 ans d&rsquo;id&eacute;es et d&rsquo;innovations r&eacute;alis&eacute;es au service de l&rsquo;autonomie !</span></span></strong></span></p>\r\n\r\n<p style=\"text-align: justify;\"><span style=\"font-size:12px;\"><span style=\"color:#15080f;\"><span class=\"css-sfm6zc e1wnkr790\" role=\"document\">Vous souhaitez exercer un m&eacute;tier qui a du sens pour vous, au sein d&rsquo;une association qui partage des valeurs telles que l&rsquo;ouverture &agrave; soi et aux autres. Au sein de Delta 7, vous retrouverez une structure en plein d&eacute;veloppement, aux valeurs fortes, o&ugrave; se m&eacute;langent avec brio dynamisme, professionnalisme et convivialit&eacute;. Ensemble, avec rigueur et bienveillance, construisons des solutions d&#39;accompagnement uniques !</span></span></span></p>\r\n\r\n<p style=\"text-align: justify;\"><span style=\"font-size:14px;\"><strong><span class=\"css-sfm6zc e1wnkr790\" role=\"document\">L&rsquo;ASSOCIATION DELTA 7 se compose de :</span></strong></span></p>\r\n\r\n<ul>\r\n	<li style=\"text-align: justify;\"><span style=\"font-size:12px;\"><span class=\"css-sfm6zc e1wnkr790\" role=\"document\"><span style=\"color:#15080f;\">4 Accueils De Jour (ADJ) &agrave; Paris 17, 18, 19 et Villejuif.</span></span></span></li>\r\n	<li style=\"text-align: justify;\"><span style=\"color:#15080f;\"><span style=\"font-size:12px;\"><span class=\"css-sfm6zc e1wnkr790\" role=\"document\">4 Plateformes de R&eacute;pit (PFR) situ&eacute;s sur les secteurs nord-ouest, nord-est et Val-de-Marne.</span></span></span></li>\r\n	<li style=\"text-align: justify;\"><span style=\"color:#15080f;\"><span style=\"font-size:12px;\"><span class=\"css-sfm6zc e1wnkr790\" role=\"document\">Un p&ocirc;le pr&eacute;vention qui propose des actions de pr&eacute;vention aupr&egrave;s des seniors de 60 ans et plus.</span></span></span><br />\r\n	&nbsp;</li>\r\n</ul>\r\n\r\n<p style=\"text-align: justify;\"><strong><span style=\"color:#a9045d;\"><span style=\"font-size:12px;\"><span class=\"css-sfm6zc e1wnkr790\" role=\"document\">Pour renforcer l&rsquo;&eacute;quipe du p&ocirc;le pr&eacute;vention, nous recrutons un(e) Enseignant(e) en activit&eacute; physique adapt&eacute;e &agrave; temps partiel en contrat &agrave; dur&eacute;e d&eacute;termin&eacute;e (CDD) de longue dur&eacute;e.</span></span></span></strong></p>\r\n\r\n<p style=\"text-align: justify;\"><span style=\"color:#15080f;\"><span style=\"font-size:12px;\"><span class=\"css-sfm6zc e1wnkr790\" role=\"document\">Vous vous d&eacute;placerez en Ile-de-France pour mener des groupes d&rsquo;activit&eacute; physique&nbsp;</span></span></span><span style=\"color:#15080f;\"><span style=\"font-size:12px;\"><span class=\"css-sfm6zc e1wnkr790\" role=\"document\">adapt&eacute;e aupr&egrave;s de personnes de 60 ans et plus dans une d&eacute;marche de pr&eacute;vention.</span></span></span><br />\r\n<span style=\"color:#15080f;\"><span style=\"font-size:12px;\"><span class=\"css-sfm6zc e1wnkr790\" role=\"document\">Vous interviendrez au sein de l&rsquo;Association pour partager vos comp&eacute;tences.</span></span></span></p>\r\n\r\n<p style=\"text-align: justify;\"><span style=\"color:#a9045d;\"><span style=\"font-size:16px;\"><strong><span class=\"css-sfm6zc e1wnkr790\" role=\"document\">MISSIONS</span></strong></span></span></p>\r\n\r\n<p style=\"text-align: justify;\"><span style=\"color:#15080f;\"><span style=\"font-size:12px;\"><span class=\"css-sfm6zc e1wnkr790\" role=\"document\">Au sein d&rsquo;une &eacute;quipe jeune vos principales missions seront les suivantes :</span></span></span></p>\r\n\r\n<ul>\r\n	<li style=\"text-align: justify;\"><span style=\"color:#15080f;\"><span style=\"font-size:12px;\"><span class=\"css-sfm6zc e1wnkr790\" role=\"document\">Sensibiliser les personnes aux bienfaits de l&rsquo;activit&eacute; physique adapt&eacute;e</span></span></span></li>\r\n	<li style=\"text-align: justify;\"><span style=\"color:#15080f;\"><span style=\"font-size:12px;\"><span class=\"css-sfm6zc e1wnkr790\" role=\"document\">&Ecirc;tre dans une d&eacute;marche de pr&eacute;vention des chutes</span></span></span></li>\r\n	<li style=\"text-align: justify;\"><span style=\"color:#15080f;\"><span style=\"font-size:12px;\"><span class=\"css-sfm6zc e1wnkr790\" role=\"document\">Accompagner les personnes &agrave; une activit&eacute; physique adapt&eacute;e &agrave; leurs besoins</span></span></span></li>\r\n	<li style=\"text-align: justify;\"><span style=\"color:#15080f;\"><span style=\"font-size:12px;\"><span class=\"css-sfm6zc e1wnkr790\" role=\"document\">Accompagner les individus par une intervention groupale soutenant le plaisir de pratiquer une activit&eacute; physique et la participation sociale afin de favoriser l&rsquo;estime de soi.</span></span></span></li>\r\n	<li style=\"text-align: justify;\"><span style=\"color:#15080f;\"><span style=\"font-size:12px;\"><span class=\"css-sfm6zc e1wnkr790\" role=\"document\">&Eacute;valuer les d&eacute;terminants individuels &agrave; la pratique d&rsquo;activit&eacute; physique r&eacute;guli&egrave;re (capacit&eacute;s physiques, motivations, besoins, attentes, ressources&hellip;</span></span></span></li>\r\n	<li style=\"text-align: justify;\"><span style=\"color:#15080f;\"><span style=\"font-size:12px;\"><span class=\"css-sfm6zc e1wnkr790\" role=\"document\">Motiver et rassurer la personne &agrave; initier une d&eacute;marche de changement &agrave; l&rsquo;&eacute;gard du</span></span></span>&nbsp;<span style=\"color:#15080f;\"><span style=\"font-size:12px;\"><span class=\"css-sfm6zc e1wnkr790\" role=\"document\">comportement d&#39;inactivit&eacute; physique et/ou du comportement s&eacute;dentaire et/ou stimuler la&nbsp;</span></span></span><span style=\"color:#15080f;\"><span style=\"font-size:12px;\"><span class=\"css-sfm6zc e1wnkr790\" role=\"document\">motivation autod&eacute;termin&eacute;e de l&rsquo;individu pour l&rsquo;adoption d&rsquo;un mode de vie actif.</span></span></span></li>\r\n	<li style=\"text-align: justify;\"><span style=\"color:#15080f;\"><span style=\"font-size:12px;\"><span class=\"css-sfm6zc e1wnkr790\" role=\"document\">Concevoir et animer des interventions par l&rsquo;activit&eacute; physique adapt&eacute;e dans des perspectives de pr&eacute;vention en sant&eacute;</span></span></span></li>\r\n	<li style=\"text-align: justify;\"><span style=\"color:#15080f;\"><span style=\"font-size:12px;\"><span class=\"css-sfm6zc e1wnkr790\" role=\"document\">Optimiser la mobilit&eacute; et la condition physique d&rsquo;un individu par l&rsquo;activit&eacute; physique adapt&eacute;e afin de lui permettre de r&eacute;tablir, maintenir ou am&eacute;liorer son autonomie et sa qualit&eacute; de vie.</span></span></span></li>\r\n	<li style=\"text-align: justify;\"><span style=\"color:#15080f;\"><span style=\"font-size:12px;\"><span class=\"css-sfm6zc e1wnkr790\" role=\"document\">Pr&eacute;parer la salle : mise en place des tables, installation du mat&eacute;riel (vid&eacute;oprojecteur, &eacute;cran&hellip;)</span></span></span></li>\r\n	<li style=\"text-align: justify;\"><span style=\"color:#15080f;\"><span style=\"font-size:12px;\"><span class=\"css-sfm6zc e1wnkr790\" role=\"document\">Organiser un entretien de pr&eacute;vention en cas de besoin</span></span></span></li>\r\n	<li style=\"text-align: justify;\"><span style=\"color:#15080f;\"><span style=\"font-size:12px;\"><span class=\"css-sfm6zc e1wnkr790\" role=\"document\">Informer les participants des offres &eacute;ventuelles (ateliers compl&eacute;mentaires&hellip;)</span></span></span></li>\r\n	<li style=\"text-align: justify;\"><span style=\"color:#15080f;\"><span style=\"font-size:12px;\"><span class=\"css-sfm6zc e1wnkr790\" role=\"document\">Participer &agrave; l&rsquo;am&eacute;lioration de la formation au sein de l&rsquo;association</span></span></span></li>\r\n	<li style=\"text-align: justify;\"><span style=\"color:#15080f;\"><span style=\"font-size:12px;\"><span class=\"css-sfm6zc e1wnkr790\" role=\"document\">Proposer des &eacute;volutions sur les questionnaires en rapport avec la formation</span></span></span></li>\r\n	<li style=\"text-align: justify;\"><span style=\"color:#15080f;\"><span style=\"font-size:12px;\"><span class=\"css-sfm6zc e1wnkr790\" role=\"document\">Participer &agrave; l&#39;&eacute;valuation et l&rsquo;am&eacute;lioration des trames p&eacute;dagogiques (conducteur de formation)</span></span></span></li>\r\n	<li style=\"text-align: justify;\"><span style=\"color:#15080f;\"><span style=\"font-size:12px;\"><span class=\"css-sfm6zc e1wnkr790\" role=\"document\">Pr&eacute;parer et g&eacute;rer l&rsquo;intervention (pr&eacute;parer et ranger la salle apr&egrave;s l&rsquo;intervention, g&eacute;rer le mat&eacute;riel, s&rsquo;assurer du bon respect des r&egrave;gles sanitaires en vigueur, g&eacute;rer les feuilles d&#39;&eacute;margement et les tableaux d&rsquo;informations&hellip;)</span></span></span></li>\r\n	<li style=\"text-align: justify;\"><span style=\"color:#15080f;\"><span style=\"font-size:12px;\"><span class=\"css-sfm6zc e1wnkr790\" role=\"document\">Participer au bon fonctionnement de l&#39;association</span></span></span></li>\r\n	<li style=\"text-align: justify;\"><span style=\"color:#15080f;\"><span style=\"font-size:12px;\"><span class=\"css-sfm6zc e1wnkr790\" role=\"document\">&Ecirc;tre le relai entre l&rsquo;association et les structures accueillantes, pr&eacute;parer les tablettes utilis&eacute;es pour les ateliers de d&eacute;marches en ligne et les ateliers th&eacute;matiques</span></span></span></li>\r\n</ul>\r\n\r\n<p style=\"text-align: justify;\"><span style=\"font-size:12px;\"><span style=\"color:#15080f;\"><span class=\"css-sfm6zc e1wnkr790\" role=\"document\">Cette liste de mission n&rsquo;est pas limitative et est susceptible d&rsquo;&eacute;volution.</span></span></span></p>\r\n\r\n<p style=\"text-align: justify;\"><span style=\"color:#a9045d;\"><span style=\"font-size:16px;\"><strong><span class=\"css-sfm6zc e1wnkr790\" role=\"document\">LE PROFIL</span></strong></span></span></p>\r\n\r\n<p style=\"text-align: justify;\"><span style=\"color:#15080f;\"><span style=\"font-size:12px;\"><span class=\"css-sfm6zc e1wnkr790\" role=\"document\">Vous avez de bonnes connaissances dans le secteur technique de la formation dispens&eacute;e. Vous &ecirc;tes volontaire, m&eacute;thodique, organis&eacute;(e), vous avez des bonnes capacit&eacute;s p&eacute;dagogiques et vous aimez prendre la parole. Professionnel, vous disposez d&rsquo;une exp&eacute;rience significative sur un poste similaire que vous saurez valoriser au sein de nos &eacute;quipes.</span></span></span></p>\r\n\r\n<p style=\"text-align: justify;\"><span style=\"color:#15080f;\"><span style=\"font-size:12px;\"><span class=\"css-sfm6zc e1wnkr790\" role=\"document\">Vous disposez obligatoirement du permis B. Un v&eacute;hicule de fonction sera fourni.</span></span></span></p>\r\n\r\n<p style=\"text-align: justify;\"><span style=\"font-size:16px;\"><span style=\"color:#48bdcb;\"><strong><span class=\"css-sfm6zc e1wnkr790\" role=\"document\">COMPETENCES</span></strong></span></span></p>\r\n\r\n<ul>\r\n	<li style=\"text-align: justify;\"><span style=\"color:#15080f;\"><span style=\"font-size:12px;\"><span class=\"css-sfm6zc e1wnkr790\" role=\"document\">Animer et conduire une formation aupr&egrave;s d&rsquo;un groupe de seniors et l&rsquo;&eacute;valuer</span></span></span></li>\r\n	<li style=\"text-align: justify;\"><span style=\"color:#15080f;\"><span style=\"font-size:12px;\"><span class=\"css-sfm6zc e1wnkr790\" role=\"document\">Ajuster sa pratique professionnelle</span></span></span></li>\r\n	<li style=\"text-align: justify;\"><span style=\"color:#15080f;\"><span style=\"font-size:12px;\"><span class=\"css-sfm6zc e1wnkr790\" role=\"document\">Adapter sa p&eacute;dagogie en fonction du contexte et des groupes de formation</span></span></span></li>\r\n	<li style=\"text-align: justify;\"><span style=\"color:#15080f;\"><span style=\"font-size:12px;\"><span class=\"css-sfm6zc e1wnkr790\" role=\"document\">Optimiser et d&eacute;velopper le portefeuille partenaires</span></span></span></li>\r\n</ul>\r\n\r\n<p style=\"text-align: justify;\">&nbsp;</p>\r\n\r\n<p style=\"text-align: justify;\"><span style=\"font-size:16px;\"><strong><span class=\"css-sfm6zc e1wnkr790\" role=\"document\">D&Eacute;TAILS DU POSTE</span></strong></span></p>\r\n\r\n<p style=\"text-align: justify;\"><span style=\"color:#15080f;\"><span style=\"font-size:12px;\"><span class=\"css-sfm6zc e1wnkr790\" role=\"document\">Statut : Non Cadre</span></span></span><br />\r\n<span style=\"color:#15080f;\"><span style=\"font-size:12px;\"><span class=\"css-sfm6zc e1wnkr790\" role=\"document\">Type de contrat : CDD 6 mois, temps partiel</span></span></span><br />\r\n<span style=\"color:#15080f;\"><span style=\"font-size:12px;\"><span class=\"css-sfm6zc e1wnkr790\" role=\"document\">Service et horaires : JOUR, 75,84 heures mensuel, 17,50 heures par semaine (9 h 00 - 17 h 00) du lundi au vendredi</span></span></span><br />\r\n<span style=\"color:#15080f;\"><span style=\"font-size:12px;\"><span class=\"css-sfm6zc e1wnkr790\" role=\"document\">R&eacute;mun&eacute;ration : Selon convention collective FEHAP (CCN51)</span></span></span><br />\r\n<span style=\"color:#15080f;\"><span style=\"font-size:12px;\"><span class=\"css-sfm6zc e1wnkr790\" role=\"document\">Date de d&eacute;but du contrat : D&egrave;s que possible</span></span></span></p>\r\n\r\n<p style=\"text-align: justify;\"><span style=\"font-size:16px;\"><strong><span class=\"css-sfm6zc e1wnkr790\" role=\"document\">AVANTAGES</span></strong></span></p>\r\n\r\n<p style=\"text-align: justify;\"><span style=\"color:#15080f;\"><span style=\"font-size:12px;\"><span class=\"css-sfm6zc e1wnkr790\" role=\"document\">Prime d&eacute;centralis&eacute;e de 5% du salaire brut annuel</span></span></span><br />\r\n<span style=\"color:#15080f;\"><span style=\"font-size:12px;\"><span class=\"css-sfm6zc e1wnkr790\" role=\"document\">Pass Navigo rembours&eacute; &agrave; 100%</span></span></span><br />\r\n<span style=\"color:#15080f;\"><span style=\"font-size:12px;\"><span class=\"css-sfm6zc e1wnkr790\" role=\"document\">V&eacute;hicule de fonction</span></span></span><br />\r\n<span style=\"color:#15080f;\"><span style=\"font-size:12px;\"><span class=\"css-sfm6zc e1wnkr790\" role=\"document\">Titre restaurant</span></span></span></p>\r\n\r\n<p style=\"text-align: justify;\"><span style=\"color:#48bdcb;\"><strong><span style=\"font-size:12px;\"><span class=\"css-sfm6zc e1wnkr790\" role=\"document\">Si vous aussi, vous vous retrouvez dans cette description et que vous avez envie de rejoindre une &eacute;quipe dynamique, alors envoyez-nous votre CV et LM &agrave; avarasse@delta7.org</span></span></strong></span></p>','2024-04-02 14:00:00','2025-03-13 23:59:00','CDD','<p><span style=\"color:#15080f;\"><span style=\"font-size:12px;\"><span class=\"css-sfm6zc e1wnkr790\" role=\"document\">Lieu de travail : Mobilit&eacute; sur les d&eacute;partements d&rsquo;Ile-de-France</span></span></span></p>','2024-04-03 09:00:00',31,8,'2024-04-02 15:41:28','2024-10-08 11:48:12',0,'enseignant-en-activite-physique-adaptee-h-f'),(11,'Médecin H/F CDI','<div class=\"jd-section-employer\">\r\n<div class=\"jd-description-text\">\r\n<p><span class=\"css-sfm6zc e1wnkr790\" role=\"document\">R&eacute;f. 0000026-2024-004</span></p>\r\n\r\n<p><span class=\"css-sfm6zc e1wnkr790\" role=\"document\">L&rsquo;ASSOCIATION DELTA 7, c&rsquo;est plus de 50 ans d&rsquo;id&eacute;es et</span></p>\r\n\r\n<p><span class=\"css-sfm6zc e1wnkr790\" role=\"document\">d&rsquo;innovations r&eacute;alis&eacute;es au service de l&rsquo;autonomie !</span></p>\r\n\r\n<p><span class=\"css-sfm6zc e1wnkr790\" role=\"document\">Vous souhaitez exercer un m&eacute;tier qui a du sens pour vous, au sein d&rsquo;une association qui partage des valeurs telles que l&rsquo;ouverture &agrave; soi et aux autres. Au sein de Delta 7, vous retrouverez une structure en plein d&eacute;veloppement, aux valeurs fortes, o&ugrave; se m&eacute;langent avec brio dynamisme, professionnalisme et convivialit&eacute;. Ensemble, avec rigueur et bienveillance, construisons des solutions d&#39;accompagnement uniques !</span></p>\r\n\r\n<p><span class=\"css-sfm6zc e1wnkr790\" role=\"document\">L&rsquo;ASSOCIATION DELTA 7 se compose de :</span></p>\r\n\r\n<p><span class=\"css-sfm6zc e1wnkr790\" role=\"document\">- 4 Accueils De Jour (ADJ) &agrave; Paris 17, 18, 19 et Villejuif.</span></p>\r\n\r\n<p><span class=\"css-sfm6zc e1wnkr790\" role=\"document\">- 5 Plateformes de R&eacute;pit (PFR) situ&eacute;s sur les secteurs nord-ouest, nord-est et Val-de-Marne.</span></p>\r\n\r\n<p><span class=\"css-sfm6zc e1wnkr790\" role=\"document\">-Un p&ocirc;le pr&eacute;vention qui propose des actions de pr&eacute;vention aupr&egrave;s des seniors de 60 ans et plus.</span></p>\r\n\r\n<p><span class=\"css-sfm6zc e1wnkr790\" role=\"document\">Pour renforcer nos &eacute;quipes en centre d&rsquo;accueil de jour, nous recrutons un M&eacute;decin Coordonnateur &agrave; temps partiel (40%) en Contrat &agrave; Dur&eacute;e Ind&eacute;termin&eacute;e.</span></p>\r\n\r\n<p><span class=\"css-sfm6zc e1wnkr790\" role=\"document\">MISSIONS</span></p>\r\n\r\n<p><span class=\"css-sfm6zc e1wnkr790\" role=\"document\">Au sein d&rsquo;une &eacute;quipe pluridisciplinaire vos principales missions seront les suivantes :</span></p>\r\n\r\n<p><span class=\"css-sfm6zc e1wnkr790\" role=\"document\">- Participer &agrave; la d&eacute;marche d&rsquo;admission et de r&eacute;&eacute;valuation annuelle de nos r&eacute;sidents par la r&eacute;alisation d&rsquo;un bilan g&eacute;riatrique</span></p>\r\n\r\n<p><span class=\"css-sfm6zc e1wnkr790\" role=\"document\">- Rencontrer les r&eacute;f&eacute;rents familiaux ou professionnels lors des visites d&rsquo;admission et de r&eacute;&eacute;valuation</span></p>\r\n\r\n<p><span class=\"css-sfm6zc e1wnkr790\" role=\"document\">- Participer &agrave; l&rsquo;&eacute;laboration du projet de soins, du projet personnalis&eacute; et &agrave; la prise en charge des r&eacute;sidents</span></p>\r\n\r\n<p><span class=\"css-sfm6zc e1wnkr790\" role=\"document\">- Contribuer par son action &agrave; la qualit&eacute; de la prise en charge g&eacute;rontologique : assurer un r&ocirc;le de conseil, d&rsquo;&eacute;ducation et d&rsquo;orientation vers diff&eacute;rents intervenants, aupr&egrave;s des r&eacute;sidents et r&eacute;f&eacute;rents</span></p>\r\n\r\n<p><span class=\"css-sfm6zc e1wnkr790\" role=\"document\">- Assister aux r&eacute;unions d&rsquo;&eacute;quipe et assurer des transmissions orales aupr&egrave;s des &eacute;quipes</span></p>\r\n\r\n<p><span class=\"css-sfm6zc e1wnkr790\" role=\"document\">- Renseigner les &eacute;l&eacute;ments et le suivi du dossier m&eacute;dical</span></p>\r\n\r\n<p><span class=\"css-sfm6zc e1wnkr790\" role=\"document\">- Participer &agrave; la tenue et &agrave; la mise &agrave; jour du dossier m&eacute;dical informatis&eacute; du patient et assurer les transmissions &eacute;crites</span></p>\r\n\r\n<p><span class=\"css-sfm6zc e1wnkr790\" role=\"document\">- Rep&eacute;rer et g&eacute;rer les situations d&rsquo;urgence des patients pr&eacute;sents au centre le cas &eacute;ch&eacute;ant, sur demande de l&rsquo;&eacute;quipe</span></p>\r\n\r\n<p><span class=\"css-sfm6zc e1wnkr790\" role=\"document\">- &Eacute;changer avec le m&eacute;decin traitant, le m&eacute;decin hospitalier, lorsque la situation le justifie</span></p>\r\n\r\n<p><span class=\"css-sfm6zc e1wnkr790\" role=\"document\">- &Ecirc;tre en contact avec les acteurs (&eacute;quipes mobiles g&eacute;riatrique&hellip;)</span></p>\r\n\r\n<p><span class=\"css-sfm6zc e1wnkr790\" role=\"document\">- Participer aux projets de recherche d&eacute;velopp&eacute;s au sein des centres d&rsquo;accueil de jour de l&rsquo;association DELTA 7</span></p>\r\n\r\n<p><span class=\"css-sfm6zc e1wnkr790\" role=\"document\">- Veiller &agrave; l&rsquo;application des bonnes pratiques g&eacute;riatriques, y compris en cas de risques sanitaires exceptionnels</span></p>\r\n\r\n<p><span class=\"css-sfm6zc e1wnkr790\" role=\"document\">- Contribuer &agrave; l&rsquo;&eacute;volution de la qualit&eacute; des soins</span></p>\r\n\r\n<p><span class=\"css-sfm6zc e1wnkr790\" role=\"document\">- Participer ponctuellement &agrave; la formation des &eacute;quipes</span></p>\r\n\r\n<p><span class=\"css-sfm6zc e1wnkr790\" role=\"document\">Cette liste de mission n&rsquo;est pas limitative et est susceptible d&rsquo;&eacute;volution.</span></p>\r\n\r\n<p><span class=\"css-sfm6zc e1wnkr790\" role=\"document\">LE PROFIL</span></p>\r\n\r\n<p><span class=\"css-sfm6zc e1wnkr790\" role=\"document\">Inscrit &agrave; l&rsquo;ordre des m&eacute;decins et titulaire du Dipl&ocirc;me d&rsquo;&Eacute;tat de Docteur en M&eacute;decine G&eacute;n&eacute;rale ou DES M&eacute;decine G&eacute;n&eacute;rale. Vous &ecirc;tes professionnel et vous saurez valoriser vos comp&eacute;tences au sein de nos &eacute;quipes. Une premi&egrave;re exp&eacute;rience en g&eacute;riatrie serait un plus.</span></p>\r\n\r\n<p><span class=\"css-sfm6zc e1wnkr790\" role=\"document\">Comp&eacute;tences</span></p>\r\n\r\n<p><span class=\"css-sfm6zc e1wnkr790\" role=\"document\">- &Ecirc;tre capable d&rsquo;&eacute;valuer l&rsquo;&eacute;tat de sant&eacute; et le degr&eacute; d&rsquo;autonomie d&rsquo;une personne</span></p>\r\n\r\n<p><span class=\"css-sfm6zc e1wnkr790\" role=\"document\">- Savoir analyser et synth&eacute;tiser des informations permettant la prise en charge de la personne accueillie</span></p>\r\n\r\n<p><span class=\"css-sfm6zc e1wnkr790\" role=\"document\">- Savoir communiquer aupr&egrave;s du public accueilli, de leurs proches, et de l&rsquo;&eacute;quipe pluridisciplinaire</span></p>\r\n\r\n<p><span class=\"css-sfm6zc e1wnkr790\" role=\"document\">- Savoir s&rsquo;adapter et travailler en multidisciplinarit&eacute;</span></p>\r\n\r\n<p><span class=\"css-sfm6zc e1wnkr790\" role=\"document\">- Faire preuve de bienveillance</span></p>\r\n\r\n<p><span class=\"css-sfm6zc e1wnkr790\" role=\"document\">D&Eacute;TAILS DU POSTE</span></p>\r\n\r\n<p><span class=\"css-sfm6zc e1wnkr790\" role=\"document\">Statut : Cadre</span></p>\r\n\r\n<p><span class=\"css-sfm6zc e1wnkr790\" role=\"document\">Type de contrat : CDI, temps partiel</span></p>\r\n\r\n<p><span class=\"css-sfm6zc e1wnkr790\" role=\"document\">Service et horaires : JOUR, 60,66 heures mensuel, du lundi au vendredi</span></p>\r\n\r\n<p><span class=\"css-sfm6zc e1wnkr790\" role=\"document\">R&eacute;mun&eacute;ration : Selon convention collective FEHAP (CCN51)</span></p>\r\n\r\n<p><span class=\"css-sfm6zc e1wnkr790\" role=\"document\">Date de d&eacute;but du contrat : D&egrave;s que possible</span></p>\r\n\r\n<p><span class=\"css-sfm6zc e1wnkr790\" role=\"document\">Si vous aussi, vous vous retrouvez dans cette description et vous pensez qu&rsquo;aimer son travail est la cl&eacute; de la r&eacute;ussite, alors envoyez-nous votre CV.</span></p>\r\n</div>\r\n</div>','2024-05-27 15:00:00','2024-06-30 23:00:00','CDI','<p>Villejuif 94</p>','2024-06-03 09:00:00',31,11,'2024-05-27 14:46:20','2025-05-05 16:24:32',0,'medecin-h-f-cdi'),(12,'Accompagnement des résidents lors des trajets pour le centre d\'accueil de jour ou pour des sorties','<p style=\"margin-bottom:11px\"><strong><span style=\"color:#48bdcb;\"><span style=\"font-size:20px;\"><span style=\"line-height:107%\"><span style=\"font-family:Calibri,sans-serif\">Vous souhaitez apporter votre aide &agrave; une personne en difficult&eacute;. Venez accompagner nos r&eacute;sidents lors de leurs venues au centre&nbsp;! </span></span></span></span></strong></p>\r\n\r\n<p style=\"margin-bottom:11px\"><span style=\"font-size:20px;\"><span style=\"line-height:107%\"><span style=\"font-family:Calibri,sans-serif\">Nous avons besoin de volontaire pour&nbsp;: </span></span></span></p>\r\n\r\n<ul style=\"margin-bottom:11px\">\r\n	<li style=\"margin-left:8px\"><span style=\"font-size:20px;\"><span style=\"line-height:107%\"><span style=\"font-family:Calibri,sans-serif\">Accompagner les r&eacute;sidents au centre </span></span></span></li>\r\n	<li style=\"margin-left:8px\"><span style=\"font-size:20px;\"><span style=\"line-height:107%\"><span style=\"font-family:Calibri,sans-serif\">Raccompagner les r&eacute;sidents &agrave; leur domicile</span></span></span></li>\r\n	<li style=\"margin-bottom:11px; margin-left:8px\"><span style=\"font-size:20px;\"><span style=\"line-height:107%\"><span style=\"font-family:Calibri,sans-serif\">Apporter un soutien &agrave; nos &eacute;quipes lors de sorties en ext&eacute;rieur</span></span></span></li>\r\n</ul>\r\n\r\n<p style=\"margin-bottom:11px\"><span style=\"font-size:20px;\"><span style=\"line-height:107%\"><span style=\"font-family:Calibri,sans-serif\">Si vous voulez participer activement &agrave; la prise en charge de nos r&eacute;sidents, n&rsquo;h&eacute;sitez pas &agrave; vous inscrire&nbsp;!</span></span></span></p>\r\n\r\n<p style=\"margin-bottom:11px\">&nbsp;</p>\r\n\r\n<p style=\"margin-bottom:11px\"><strong><span style=\"color:#a9045d;\"><span style=\"font-size:20px;\"><span style=\"line-height:107%\"><span style=\"font-family:Calibri,sans-serif\">Savoir &ecirc;tre &amp; comp&eacute;tences</span></span></span></span></strong></p>\r\n\r\n<p style=\"margin-bottom:11px\"><span style=\"font-size:20px;\"><span style=\"line-height:107%\"><span style=\"font-family:Calibri,sans-serif\">Nous recherchons des personnes dynamiques, &agrave; l&rsquo;&eacute;coute et ayant le sens de l&rsquo;observation</span></span></span></p>\r\n\r\n<p style=\"margin-bottom:11px\"><strong><span style=\"color:#a9045d;\"><span style=\"font-size:20px;\"><span style=\"line-height:107%\"><span style=\"font-family:Calibri,sans-serif\">Informations compl&eacute;mentaires</span></span></span></span></strong></p>\r\n\r\n<p style=\"margin-bottom:11px\"><span style=\"font-size:20px;\"><span style=\"line-height:107%\"><span style=\"font-family:Calibri,sans-serif\">Des formations sur les maladies neuro&eacute;volutives et leurs prises en charge seront propos&eacute;es &agrave; l&rsquo;ensemble des b&eacute;n&eacute;voles</span></span></span></p>','2024-07-02 10:00:00',NULL,'Benevolat','<p>Paris 17&egrave;me, Paris 18&egrave;me</p>','2024-11-01 10:00:00',8,11,'2024-07-02 12:09:16','2025-05-05 16:45:42',0,'accompagnement-des-residents-lors-des-trajets-pour-le-centre-d-accueil-de-jour-ou-pour-des-sorties'),(13,'Petits travaux de bricolage et maintenance','<p style=\"margin-bottom:11px\"><strong><span style=\"color:#48bdcb;\"><span style=\"font-size:20px;\"><span style=\"line-height:107%\"><span style=\"font-family:Calibri,sans-serif\">Vous avez des comp&eacute;tences en petits travaux de bricolage et de maintenance. Venez pr&ecirc;ter main forte &agrave; notre association !</span></span></span></span></strong></p>\r\n\r\n<p style=\"margin-bottom:11px\">&nbsp;</p>\r\n\r\n<p style=\"margin-bottom:11px\"><span style=\"font-size:20px;\"><span style=\"line-height:107%\"><span style=\"font-family:Calibri,sans-serif\">Nous avons besoin de volontaires pour&nbsp;: </span></span></span></p>\r\n\r\n<ul style=\"margin-bottom:11px\">\r\n	<li style=\"margin-left:8px\"><span style=\"font-size:20px;\"><span style=\"line-height:107%\"><span style=\"font-family:Calibri,sans-serif\">Entretenir nos locaux et nos espaces verts</span></span></span></li>\r\n	<li style=\"margin-left:8px\"><span style=\"font-size:20px;\"><span style=\"line-height:107%\"><span style=\"font-family:Calibri,sans-serif\">Nettoyer du mat&eacute;riel ou des &eacute;quipements </span></span></span></li>\r\n	<li style=\"margin-bottom:11px; margin-left:8px\"><span style=\"font-size:20px;\"><span style=\"line-height:107%\"><span style=\"font-family:Calibri,sans-serif\">R&eacute;aliser des petits travaux de bricolage</span></span></span></li>\r\n</ul>\r\n\r\n<p style=\"margin-bottom:11px\"><span style=\"font-size:20px;\"><span style=\"line-height:107%\"><span style=\"font-family:Calibri,sans-serif\">Si vous &ecirc;tes pr&ecirc;ts &agrave; participer &agrave; cette aventure, inscrivez-vous ici&nbsp;!</span></span></span></p>\r\n\r\n<p style=\"margin-bottom:11px\">&nbsp;</p>\r\n\r\n<p style=\"margin-bottom:11px\"><strong><span style=\"color:#a9045d;\"><span style=\"font-size:20px;\"><span style=\"line-height:107%\"><span style=\"font-family:Calibri,sans-serif\">Savoir &ecirc;tre et comp&eacute;tences</span></span></span></span></strong></p>\r\n\r\n<ul style=\"margin-bottom:11px\">\r\n	<li style=\"margin-left:8px\"><span style=\"font-size:20px;\"><span style=\"line-height:107%\"><span style=\"font-family:Calibri,sans-serif\">Dynamisme </span></span></span></li>\r\n	<li style=\"margin-left:8px\"><span style=\"font-size:20px;\"><span style=\"line-height:107%\"><span style=\"font-family:Calibri,sans-serif\">Avoir un sens du service d&eacute;velopp&eacute; </span></span></span></li>\r\n	<li style=\"margin-left:8px\"><span style=\"font-size:20px;\"><span style=\"line-height:107%\"><span style=\"font-family:Calibri,sans-serif\">Avoir un bon relationnel </span></span></span></li>\r\n	<li style=\"margin-bottom:11px; margin-left:8px\"><span style=\"font-size:20px;\"><span style=\"line-height:107%\"><span style=\"font-family:Calibri,sans-serif\">Aimer le travail d&rsquo;&eacute;quipe</span></span></span></li>\r\n</ul>','2025-05-05 10:00:00',NULL,'Benevolat','<p>Paris 17&egrave;me, Paris 18&egrave;me, Paris 19&egrave;me, Villejuif</p>','2024-11-01 10:00:00',8,11,'2024-07-02 12:09:34','2025-05-05 16:49:15',1,'petits-travaux-de-bricolage-et-maintenance'),(14,'Proposer des activités à nos bénéficiaires','<p style=\"margin-bottom:11px\"><strong><span style=\"color:#48bdcb;\"><span style=\"font-size:20px;\"><span style=\"line-height:107%\"><span style=\"font-family:Calibri,sans-serif\">Vous avez un talent ? Une comp&eacute;tence ? Un savoir-faire ? Vous souhaitez le partager. Venez proposer une activit&eacute; &agrave; nos b&eacute;n&eacute;ficiaires en partenariat avec un membre de nos &eacute;quipes !</span></span></span></span></strong></p>\r\n\r\n<p style=\"margin-bottom:11px\">&nbsp;</p>\r\n\r\n<p style=\"margin-bottom:11px\"><span style=\"font-size:20px;\"><span style=\"line-height:107%\"><span style=\"font-family:Calibri,sans-serif\">Nous avons besoin de volontaires pour&nbsp;: </span></span></span></p>\r\n\r\n<ul style=\"margin-bottom:11px\">\r\n	<li style=\"margin-left:8px\"><span style=\"font-size:20px;\"><span style=\"line-height:107%\"><span style=\"font-family:Calibri,sans-serif\">Animer des ateliers artistiques</span></span></span></li>\r\n	<li style=\"margin-left:8px\"><span style=\"font-size:20px;\"><span style=\"line-height:107%\"><span style=\"font-family:Calibri,sans-serif\">Animer des ateliers de relaxation </span></span></span></li>\r\n	<li style=\"margin-bottom:11px; margin-left:8px\"><span style=\"font-size:20px;\"><span style=\"line-height:107%\"><span style=\"font-family:Calibri,sans-serif\">Animer des ateliers d&rsquo;activit&eacute;s sportives adapt&eacute;es </span></span></span></li>\r\n	<li style=\"margin-bottom:11px; margin-left:8px\"><span style=\"font-size:20px;\"><span style=\"line-height:107%\"><span style=\"font-family:Calibri,sans-serif\"><span style=\"line-height:107%\"><span style=\"font-family:&quot;Calibri&quot;,sans-serif\">Animer des ateliers culinaires ...</span></span></span></span></span></li>\r\n</ul>\r\n\r\n<p style=\"margin-bottom:11px\"><span style=\"font-size:20px;\"><span style=\"line-height:107%\"><span style=\"font-family:Calibri,sans-serif\">Si vous &ecirc;tes pr&ecirc;ts &agrave; participer &agrave; cette aventure, inscrivez-vous ici&nbsp;!</span></span></span></p>\r\n\r\n<p style=\"margin-bottom:11px\">&nbsp;</p>\r\n\r\n<p style=\"margin-bottom:11px\"><strong><span style=\"color:#a9045d;\"><span style=\"font-size:20px;\"><span style=\"line-height:107%\"><span style=\"font-family:Calibri,sans-serif\">Savoir &ecirc;tre et comp&eacute;tences</span></span></span></span></strong></p>\r\n\r\n<ul style=\"margin-bottom:11px\">\r\n	<li style=\"margin-left:8px\"><span style=\"font-size:20px;\"><span style=\"line-height:107%\"><span style=\"font-family:Calibri,sans-serif\">Bienveillance</span></span></span></li>\r\n	<li style=\"margin-left:8px\"><span style=\"font-size:20px;\"><span style=\"line-height:107%\"><span style=\"font-family:Calibri,sans-serif\">Sens de l&#39;observation </span></span></span></li>\r\n	<li style=\"margin-left:8px\"><span style=\"font-size:20px;\"><span style=\"line-height:107%\"><span style=\"font-family:Calibri,sans-serif\">Bonnes capacit&eacute;s d&#39;expression</span></span></span></li>\r\n</ul>','2025-05-05 10:00:00',NULL,'Benevolat','<p>Paris 17&egrave;me, Paris 18&egrave;me, Paris 19&egrave;me</p>\r\n\r\n<p>&nbsp;</p>','2024-09-01 10:00:00',8,11,'2024-07-02 12:12:54','2025-05-05 16:52:26',1,'proposer-des-activites-a-nos-beneficiaires'),(15,'Participer à l\'encadrement d\'une sortie culturelle ou d\'une balade','<p style=\"margin-bottom:11px\"><strong><span style=\"color:#48bdcb;\"><span style=\"font-size:20px;\"><span style=\"line-height:107%\"><span style=\"font-family:Calibri,sans-serif\">Aider l&#39;&eacute;quipe de l&#39;accueil de jour &agrave; encadrer les r&eacute;sidents lors d&#39;une sortie (mus&eacute;e, exposition, balade, etc.).</span></span></span></span></strong></p>\r\n\r\n<p style=\"margin-bottom:11px\">&nbsp;</p>\r\n\r\n<p style=\"margin-bottom:11px\"><strong><span style=\"color:#a9045d;\"><span style=\"font-size:20px;\"><span style=\"line-height:107%\"><span style=\"font-family:Calibri,sans-serif\">Savoir &ecirc;tre et comp&eacute;tences</span></span></span></span></strong></p>\r\n\r\n<ul style=\"margin-bottom:11px\">\r\n	<li style=\"margin-left:8px\"><span style=\"font-size:20px;\"><span style=\"line-height:107%\"><span style=\"font-family:Calibri,sans-serif\">Sens de l&#39;observation</span></span></span></li>\r\n	<li style=\"margin-left:8px\"><span style=\"font-size:20px;\"><span style=\"line-height:107%\"><span style=\"font-family:Calibri,sans-serif\">Sens des responsabilit&eacute;s</span></span></span></li>\r\n	<li style=\"margin-bottom:11px; margin-left:8px\"><span style=\"font-size:20px;\"><span style=\"line-height:107%\"><span style=\"font-family:Calibri,sans-serif\">Sociabilit&eacute;</span></span></span></li>\r\n	<li style=\"margin-bottom:11px; margin-left:8px\"><span style=\"font-size:20px;\"><span style=\"line-height:107%\"><span style=\"font-family:Calibri,sans-serif\">Dynamisme</span></span></span></li>\r\n	<li style=\"margin-bottom:11px; margin-left:8px\"><font face=\"Calibri, sans-serif\"><span style=\"font-size: 20px;\">Ecoute</span></font></li>\r\n</ul>\r\n\r\n<p style=\"margin-bottom:11px\"><strong><span style=\"color:#a9045d;\">Informations compl&eacute;mentaires</span></strong></p>\r\n\r\n<p style=\"text-align:justify; margin-bottom:11px\"><span style=\"color:#280e1c;\"><span style=\"font-size:20px;\"><span style=\"line-height:107%\"><span style=\"font-family:Calibri,sans-serif\"><span style=\"line-height:107%\">Les dates de sorties seront pr&eacute;vues en avance. Cela peut &ecirc;tre du lundi au vendredi.</span></span></span></span></span></p>','2025-05-05 10:00:00',NULL,'Benevolat','<p><a data-url=\"/maps/place//data=!4m2!3m1!1s0x47e673e01e529bdf:0x2d5e92fb2a868917?sa=X&amp;ved=2ahUKEwj-p4HOkIiHAxViUqQEHR1PCm8Q4kB6BAgHEAA\" href=\"https://www.google.com/maps/place//data=!4m2!3m1!1s0x47e673e01e529bdf:0x2d5e92fb2a868917?sa=X&amp;ved=1t:8290&amp;ictx=111\" ping=\"/url?sa=t&amp;source=web&amp;rct=j&amp;opi=89978449&amp;url=/maps/place//data%3D!4m2!3m1!1s0x47e673e01e529bdf:0x2d5e92fb2a868917%3Fsa%3DX%26ved%3D1t:8290%26ictx%3D111&amp;ved=2ahUKEwj-p4HOkIiHAxViUqQEHR1PCm8Q4kB6BAgpEAM\" tabindex=\"0\">Villejuif</a>, Paris 17&egrave;me, Paris 18&egrave;me, Paris 19&egrave;me</p>','2025-05-05 10:00:00',8,11,'2024-07-02 12:15:50','2025-05-05 16:45:04',1,'participer-a-l-encadrement-d-une-sortie-culturelle-ou-d-une-balade'),(16,'Proposer des ateliers thématiques à nos bénéficiaires','<p style=\"text-align:justify; margin-bottom:11px\"><strong><span style=\"color:#48bdcb;\"><span style=\"font-size:20px;\"><span style=\"line-height:107%\"><span style=\"font-family:Calibri,sans-serif\"><span style=\"line-height:107%\">L&rsquo;id&eacute;e &eacute;tant de pouvoir proposer une activit&eacute; &agrave; nos r&eacute;sidents sur une th&eacute;matique pr&eacute;cise comme par exemple autour de l&rsquo;art (peinture, cin&eacute;ma&hellip;), autour de la p&acirc;tisserie... Nous sommes ouverts &agrave; toute proposition dans des domaines vari&eacute;s.</span></span></span></span></span></strong></p>\r\n\r\n<p style=\"text-align:justify; margin-bottom:11px\">&nbsp;</p>\r\n\r\n<h3 style=\"margin-bottom:11px; text-align:justify\"><strong><span style=\"color:#a9045d;\"><span style=\"font-size:20px;\"><span style=\"line-height:107%\"><span style=\"font-family:Calibri,sans-serif\"><span style=\"line-height:107%\">Savoir &ecirc;tre &amp; comp&eacute;tences</span></span></span></span></span></strong></h3>\r\n\r\n<p style=\"text-align:justify; margin-bottom:11px\"><span style=\"color:#280e1c;\"><span style=\"font-size:20px;\"><span style=\"line-height:107%\"><span style=\"font-family:Calibri,sans-serif\"><span style=\"line-height:107%\">Nous recherchons des personnes dynamiques, motiv&eacute;es ayant envie de partager leur passion.&nbsp;</span></span></span></span></span></p>\r\n\r\n<p style=\"text-align:justify; margin-bottom:11px\">&nbsp;</p>\r\n\r\n<p style=\"text-align:justify; margin-bottom:11px\"><strong><span style=\"color:#a9045d;\"><span style=\"font-size:20px;\"><span style=\"line-height:107%\"><span style=\"font-family:Calibri,sans-serif\"><span style=\"line-height:107%\">Informations compl&eacute;mentaires</span></span></span></span></span></strong></p>\r\n\r\n<p style=\"text-align:justify; margin-bottom:11px\"><span style=\"color:#280e1c;\"><span style=\"font-size:20px;\"><span style=\"line-height:107%\"><span style=\"font-family:Calibri,sans-serif\"><span style=\"line-height:107%\">De pr&eacute;f&eacute;rence le lundi et/ou le mercredi, soit le matin entre 10h30 et 12h30 soit l&#39;apr&egrave;s-midi entre 14h et 15h45.</span></span></span></span></span></p>','2025-05-05 10:00:00',NULL,'Benevolat','<p><a data-url=\"/maps/place//data=!4m2!3m1!1s0x47e673e01e529bdf:0x2d5e92fb2a868917?sa=X&amp;ved=2ahUKEwj-p4HOkIiHAxViUqQEHR1PCm8Q4kB6BAgHEAA\" href=\"https://www.google.com/maps/place//data=!4m2!3m1!1s0x47e673e01e529bdf:0x2d5e92fb2a868917?sa=X&amp;ved=1t:8290&amp;ictx=111\" ping=\"/url?sa=t&amp;source=web&amp;rct=j&amp;opi=89978449&amp;url=/maps/place//data%3D!4m2!3m1!1s0x47e673e01e529bdf:0x2d5e92fb2a868917%3Fsa%3DX%26ved%3D1t:8290%26ictx%3D111&amp;ved=2ahUKEwj-p4HOkIiHAxViUqQEHR1PCm8Q4kB6BAgpEAM\" tabindex=\"0\">Villejuif</a></p>','2024-09-01 10:00:00',8,11,'2024-07-02 12:18:55','2025-05-05 16:58:14',1,'proposer-des-ateliers-thematiques-a-nos-beneficiaires'),(17,'Proposer des ateliers coiffure, bien-être à nos bénéficiaires','<p style=\"margin-bottom:11px\"><strong><span style=\"color:#48bdcb;\"><span style=\"font-size:11pt\"><span style=\"line-height:107%\"><span style=\"font-family:Calibri,sans-serif\"><span style=\"font-size:12.0pt\"><span style=\"line-height:107%\"><span style=\"font-size:20px;\">Pouvoir proposer des moments de d&eacute;tente et de bien-&ecirc;tre aux r&eacute;sidents en leur proposant des rendez-vous au sein de notre centre. Permettre &agrave; ceux qui le souhaitent de profiter d&rsquo;un moment esth&eacute;tique et de bien-&ecirc;tre valorisant l&rsquo;image de soi.</span> </span></span></span></span></span></span></strong></p>\r\n\r\n<p style=\"margin-bottom:11px\">&nbsp;</p>\r\n\r\n<p style=\"margin-bottom:11px\"><strong><span style=\"color:#a9045d;\"><span style=\"font-size:20px;\"><span style=\"line-height:107%\"><span style=\"font-family:Calibri,sans-serif\">Savoir &ecirc;tre et comp&eacute;tences</span></span></span></span></strong></p>\r\n\r\n<p>Nous recherchons des personnes dynamiques, motiv&eacute;es, ayant de l&#39;exp&eacute;rience dans le domaine de la coiffure ou du bien-&ecirc;tre.</p>\r\n\r\n<p style=\"margin-bottom:11px; margin-left:8px\">&nbsp;</p>\r\n\r\n<p style=\"margin-bottom:11px\"><strong><span style=\"color:#a9045d;\">Informations compl&eacute;mentaires</span></strong></p>\r\n\r\n<p style=\"text-align:justify; margin-bottom:11px\"><span style=\"color:#280e1c;\"><span style=\"font-size:20px;\"><span style=\"line-height:107%\"><span style=\"font-family:Calibri,sans-serif\"><span style=\"line-height:107%\">Du lundi au vendredi. Nous pourrions nous adap</span></span></span></span></span><span style=\"color:#4f1c38;\"><span style=\"font-size:20px;\"><span style=\"line-height:107%\"><span style=\"font-family:Calibri,sans-serif\"><span style=\"line-height:107%\">ter en fonction des disponibilit&eacute;s du b&eacute;n&eacute;vole.</span></span></span></span></span></p>','2025-05-05 10:00:00','2025-07-02 10:00:00','Benevolat','<p><a data-url=\"/maps/place//data=!4m2!3m1!1s0x47e673e01e529bdf:0x2d5e92fb2a868917?sa=X&amp;ved=2ahUKEwj-p4HOkIiHAxViUqQEHR1PCm8Q4kB6BAgHEAA\" href=\"https://www.google.com/maps/place//data=!4m2!3m1!1s0x47e673e01e529bdf:0x2d5e92fb2a868917?sa=X&amp;ved=1t:8290&amp;ictx=111\" ping=\"/url?sa=t&amp;source=web&amp;rct=j&amp;opi=89978449&amp;url=/maps/place//data%3D!4m2!3m1!1s0x47e673e01e529bdf:0x2d5e92fb2a868917%3Fsa%3DX%26ved%3D1t:8290%26ictx%3D111&amp;ved=2ahUKEwj-p4HOkIiHAxViUqQEHR1PCm8Q4kB6BAgpEAM\" tabindex=\"0\">Villejuif</a></p>','2024-11-04 10:00:00',8,11,'2024-07-02 12:22:13','2025-05-05 17:01:24',1,'proposer-des-ateliers-coiffure-bien-etre-a-nos-beneficiaires'),(18,'Aide-soignant(e), AES, AMP H/F','<p style=\"text-align: justify;\"><span class=\"css-sfm6zc e1wnkr790\" role=\"document\"><strong><span style=\"color:#48bdcb;\">L&rsquo;ASSOCIATION DELTA 7</span></strong>&nbsp;<strong>c&#39;est plus de 50 ans d&rsquo;id&eacute;es et d&rsquo;innovations r&eacute;alis&eacute;es au service de l&rsquo;autonomie !</strong> Vous souhaitez exercer un m&eacute;tier qui a du sens pour vous, au sein d&rsquo;une association qui partage des valeurs telles que l&rsquo;ouverture &agrave; soi et aux autres. Au sein de Delta 7, vous retrouverez une structure en plein d&eacute;veloppement, aux valeurs fortes, o&ugrave; se m&eacute;langent avec brio dynamisme, professionnalisme et convivialit&eacute;. Ensemble, avec rigueur et bienveillance, construisons des solutions d&#39;accompagnement uniques !</span></p>\r\n\r\n<p><span class=\"css-sfm6zc e1wnkr790\" role=\"document\">Pour renforcer nos &eacute;quipes en centre d&rsquo;accueil de jour, nous recrutons un(e) <strong><span style=\"color:#a9045d;\">Aide-soignant(e) ou un(e) AES, AMP &agrave; temps plein en Contrat &agrave; Dur&eacute;e D&eacute;termin&eacute;e.</span></strong></span></p>\r\n\r\n<h2><strong><span style=\"color:#48bdcb;\"><u><span class=\"css-sfm6zc e1wnkr790\" role=\"document\">Missions</span></u></span></strong></h2>\r\n\r\n<p><span class=\"css-sfm6zc e1wnkr790\" role=\"document\">Au sein d&rsquo;une &eacute;quipe pluridisciplinaire, vos principales missions seront les suivantes :</span></p>\r\n\r\n<ul>\r\n	<li style=\"margin-left: 40px; text-align: justify;\"><span style=\"font-size:16px;\">Assurer avec l&rsquo;&eacute;quipe pluridisciplinaire l&rsquo;accueil, l&rsquo;<span style=\"color:#a9045d;\">accompagnement et le bien-&ecirc;tre des r&eacute;sidents</span></span></li>\r\n	<li style=\"margin-left: 40px; text-align: justify;\"><span style=\"font-size:16px;\"><span style=\"color:#a9045d;\">Favoriser le maintien de l&rsquo;autonomie</span> des r&eacute;sidents</span></li>\r\n	<li style=\"margin-left: 40px; text-align: justify;\"><span style=\"font-size:16px;\">Proposer, cr&eacute;er et mettre en place des<span style=\"color:#a9045d;\"> ateliers th&eacute;rapeutiques</span> (de stimulation cognitive/motrice, des sorties, &hellip;)</span></li>\r\n	<li style=\"margin-left: 40px; text-align: justify;\"><span style=\"font-size:16px;\"><span style=\"color:#a9045d;\">&Eacute;valuer et r&eacute;ajuster les ateliers </span>et &eacute;changer avec le neuropsychologue</span></li>\r\n	<li style=\"margin-left: 40px; text-align: justify;\"><span style=\"font-size:16px;\"><span style=\"color:#a9045d;\">R&eacute;aliser les soins d&rsquo;hygi&egrave;ne et de confort, les soins de pr&eacute;vention et relationnels</span> pour pr&eacute;server ou restaurer le bien-&ecirc;tre</span></li>\r\n	<li style=\"margin-left: 40px; text-align: justify;\"><span style=\"font-size:16px;\"><span style=\"color:#a9045d;\">Distribuer les collations et les repas</span></span></li>\r\n	<li style=\"margin-left: 40px; text-align: justify;\"><span style=\"font-size:16px;\"><span style=\"color:#a9045d;\">&Ecirc;tre attentif &agrave; l&rsquo;alimentation et aux apports hydriques </span>des r&eacute;sidents afin de mettre en place des fiches de surveillance le cas &eacute;ch&eacute;ant</span></li>\r\n	<li style=\"margin-left: 40px; text-align: justify;\"><span style=\"font-size:16px;\"><span style=\"color:#a9045d;\">Distribuer les traitements </span>en fonction de la proc&eacute;dure de l&rsquo;association</span></li>\r\n	<li style=\"margin-left: 40px; text-align: justify;\"><span style=\"font-size:16px;\">Faire l<span style=\"color:#a9045d;\">&rsquo;ouverture et/ou la fermeture du centre</span></span></li>\r\n	<li style=\"margin-left: 40px; text-align: justify;\"><span style=\"font-size:16px;\">Participer &agrave; l&rsquo;<span style=\"color:#a9045d;\">&eacute;laboration, au suivi et &agrave; l&rsquo;&eacute;valuation du projet personnalis&eacute;</span> des r&eacute;sidents</span></li>\r\n	<li style=\"margin-left: 40px; text-align: justify;\"><span style=\"font-size:16px;\"><span style=\"color:#a9045d;\">Assurer les transmissions</span> aupr&egrave;s de l&rsquo;&eacute;quipe, orales et &eacute;crites via le logiciel Arcadis</span></li>\r\n	<li style=\"margin-left: 40px; text-align: justify;\"><span style=\"font-size:16px;\">Participer &agrave; la <span style=\"color:#a9045d;\">d&eacute;marche d&rsquo;am&eacute;lioration continue de la qualit&eacute;</span> dans l&rsquo;&eacute;tablissement</span></li>\r\n	<li style=\"margin-left: 40px; text-align: justify;\"><span style=\"font-size:16px;\">Mettre en &oelig;uvre le <span style=\"color:#a9045d;\">projet d&rsquo;&eacute;tablissement</span></span></li>\r\n	<li style=\"margin-left: 40px; text-align: justify;\"><span style=\"font-size:16px;\">Participer &agrave; la <span style=\"color:#a9045d;\">transmission du savoir-faire</span> professionnel aux stagiaires</span></li>\r\n	<li style=\"margin-left: 40px; text-align: justify;\"><span style=\"font-size:16px;\">Participer au bon fonctionnement, &agrave; la vie du centre et de l&rsquo;association</span></li>\r\n</ul>\r\n\r\n<p><span class=\"css-sfm6zc e1wnkr790\" role=\"document\">Cette liste de mission n&rsquo;est pas limitative et est susceptible d&rsquo;&eacute;volution.</span></p>\r\n\r\n<h2><strong><span style=\"color:#48bdcb;\"><u><span class=\"css-sfm6zc e1wnkr790\" role=\"document\">Le profil</span></u></span></strong></h2>\r\n\r\n<p style=\"text-align: justify;\">Titulaire d&rsquo;un Dipl&ocirc;me d&rsquo;Aide-soignant(e) ou AES/AMP vous &ecirc;tes volontaire, sensible au bien-&ecirc;tre des r&eacute;sidents, rigoureux(se) et vous aimez le contact humain. Vous &ecirc;tes dot&eacute;(e) de r&eacute;elles qualit&eacute;s humaines dont l&rsquo;empathie, la patience, l&rsquo;&eacute;coute, l&rsquo;esprit d&rsquo;&eacute;quipe. Professionnel, vous dispos&eacute;(e) d&rsquo;une exp&eacute;rience significative en g&eacute;riatrie que vous saurez valoriser au sein de nos &eacute;quipes.</p>\r\n\r\n<h3><strong><span style=\"color:#a9045d;\"><span class=\"css-sfm6zc e1wnkr790\" role=\"document\">Comp&eacute;tences</span></span></strong></h3>\r\n\r\n<ul>\r\n	<li style=\"margin-left: 40px;\"><span style=\"font-size:16px;\">Savoir animer des ateliers &agrave; destination de personnes atteintes de maladies neuro&eacute;volutives</span></li>\r\n	<li style=\"margin-left: 40px;\"><span style=\"font-size:16px;\">Savoir communiquer aupr&egrave;s du public accueilli</span></li>\r\n	<li style=\"margin-left: 40px;\"><span style=\"font-size:16px;\">Savoir appr&eacute;cier l&rsquo;&eacute;tat de sant&eacute; d&rsquo;une personne et adapter la r&eacute;ponse en fonction des besoins</span></li>\r\n	<li style=\"margin-left: 40px;\"><span style=\"font-size:16px;\">&Ecirc;tre capable de discerner le caract&egrave;re urgent d&rsquo;une situation et d&rsquo;agir en fonction de ses possibilit&eacute;s</span></li>\r\n	<li style=\"margin-left: 40px;\"><span style=\"font-size:16px;\">Transmettre son savoir professionnel aux stagiaires et aux nouveaux salari&eacute;s</span></li>\r\n	<li style=\"margin-left: 40px;\"><span style=\"font-size:16px;\">Transmettre les informations permettant la continuit&eacute; des soins</span></li>\r\n</ul>\r\n\r\n<h2><strong><span style=\"color:#48bdcb;\"><u><span class=\"css-sfm6zc e1wnkr790\" role=\"document\">D&eacute;tails du poste</span></u></span></strong></h2>\r\n\r\n<p><span class=\"css-sfm6zc e1wnkr790\" role=\"document\">Statut : Non cadre</span></p>\r\n\r\n<p><span class=\"css-sfm6zc e1wnkr790\" role=\"document\">Type de contrat : CDD, temps partiel, 0,8 ETP</span></p>\r\n\r\n<p><span class=\"css-sfm6zc e1wnkr790\" role=\"document\">Service et horaires : JOUR, 121,33 heures mensuel, du lundi au vendredi</span></p>\r\n\r\n<p><span class=\"css-sfm6zc e1wnkr790\" role=\"document\">R&eacute;mun&eacute;ration : Selon convention collective FEHAP (CCN51)</span></p>\r\n\r\n<p><span class=\"css-sfm6zc e1wnkr790\" role=\"document\">Date de d&eacute;but du contrat : d&egrave;s que possible</span></p>','2024-10-07 08:00:00','2025-03-31 10:00:00','CDD','<p><span class=\"css-sfm6zc e1wnkr790\" role=\"document\">Lieu de travail : Multisite Paris</span></p>','2024-10-31 08:00:00',31,8,'2024-10-08 11:59:50','2024-10-08 12:09:48',1,'aide-soignant-e-aes-amp-h-f');

--
